{"id":110,"date":"2018-02-18T12:52:27","date_gmt":"2018-02-18T10:52:27","guid":{"rendered":"http:\/\/aianduskool.ee\/kurgisobrad\/?page_id=110"},"modified":"2018-05-02T20:52:19","modified_gmt":"2018-05-02T17:52:19","slug":"osalejate-projektipaevikud","status":"publish","type":"page","link":"https:\/\/aianduskool.ee\/kurgisobrad\/konkursid\/osalejate-projektipaevikud\/","title":{"rendered":"Osalejate projektip\u00e4evikud"},"content":{"rendered":"<p>A. Haava nim Pala Kooli Lasteaed, <a href=\"https:\/\/palalasteaiakurgisobrad.blogspot.com.ee\" target=\"_blank\" rel=\"noopener\">\u201cKurgis\u00f5brad\u201d (vanem r\u00fchm)<\/a><br \/>\nAlasniidu Lasteaed, <a href=\"https:\/\/paasusilmaprojektid.blogspot.com.ee\" target=\"_blank\" rel=\"noopener\">P\u00e4\u00e4susilma r\u00fchm<\/a><br \/>\nAmbla Lasteaed-P\u00f5hikool, <a href=\"http:\/\/amblakurgis6brad.blogspot.com.ee\/\" target=\"_blank\" rel=\"noopener\">kurgis\u00f5brad (1. ja 5. klass)<\/a><br \/>\nAntsla G\u00fcmnaasium, <a href=\"https:\/\/aghernes.blogspot.com.ee\" target=\"_blank\" rel=\"noopener\">9.b klass<\/a><br \/>\nAruheina Lasteaed,\u00a0<a href=\"http:\/\/tegusadkurgisobrad.blogspot.com.ee\/\" target=\"_blank\" rel=\"noopener\">Tegusad Mesilinnud<\/a><br \/>\nAudru Kool, <a href=\"http:\/\/audrukurgisobrad.blogspot.com.ee\" target=\"_blank\" rel=\"noopener\">2.b klass<\/a><br \/>\nC. R. Jakobsoni nim. Torma P\u00f5hikooli Linnutaja hoone, <a href=\"https:\/\/midripere.blogspot.com.ee\" target=\"_blank\" rel=\"noopener\">Midripere r\u00fchm<\/a><br \/>\nElva Lasteaed Murumuna, <a href=\"https:\/\/www.facebook.com\/Kurgis\u00f5brad-Karukesed-192011704887468\/\" target=\"_blank\" rel=\"noopener\">Karukeste r\u00fchm<\/a><br \/>\nElva Lasteaed Murumuna, <a href=\"https:\/\/www.facebook.com\/groups\/1551403584973704\/about\/\" target=\"_blank\" rel=\"noopener\">Liblikate r\u00fchm<\/a><br \/>\nEralasteaed Naba, <a href=\"https:\/\/kuldsedraakonikuningriik.blogspot.com.ee\/\" target=\"_blank\" rel=\"noopener\">Kuldse Draakoni Kuningriigi r\u00fchm<\/a><br \/>\nHaapsalu Linna Algkool, <a href=\"https:\/\/hla2aklass.weebly.com\/\" target=\"_blank\" rel=\"noopener\">2. a klass<\/a><br \/>\nIlluka Kool, <a href=\"https:\/\/illukakurgisobrad.blogspot.com.ee\" target=\"_blank\" rel=\"noopener\">7. klass<\/a><br \/>\nJ\u00e4rva-Jaani G\u00fcmnaasium, <a href=\"https:\/\/jjgkurgid.blogspot.com.ee\/\" target=\"_blank\" rel=\"noopener\">3. klass<\/a><br \/>\nKabala Lasteaed-P\u00f5hikool, <a href=\"http:\/\/anusiniroht.blogspot.com.ee\/\" target=\"_blank\" rel=\"noopener\">5. ja 6. klass<\/a><br \/>\nKammeri kool, <a href=\"http:\/\/kammeriherneterad.blogspot.com.ee\" target=\"_blank\" rel=\"noopener\">Kurgelmurgel<\/a><br \/>\nKeeni kool, <a href=\"https:\/\/keenikurgissobrad.blogspot.com.ee\/\" target=\"_blank\" rel=\"noopener\">3. &#8211; 4. klass<\/a><br \/>\nKehtna Lasteaed Siller, <a href=\"https:\/\/karikakrakurgisobrad.blogspot.com.ee\" target=\"_blank\" rel=\"noopener\">Karikakra r\u00fchm<\/a><br \/>\nKehtna Lasteaed Siller, <a href=\"https:\/\/voilillekurgisobrad.blogspot.com.ee\" target=\"_blank\" rel=\"noopener\">V\u00f5ilille r\u00fchm<\/a><br \/>\nKeila Kool, <a href=\"http:\/\/linoit.com\/users\/opetajaEvelin\/canvases\/Kurgis\u00f5brad%202018\" target=\"_blank\" rel=\"noopener\">1. e klass<\/a><br \/>\nKernu P\u00f5hikooli lasteaed Riisikas, <a href=\"http:\/\/manniriisikas.blogspot.com.ee\" target=\"_blank\" rel=\"noopener\">M\u00e4nniriisika r\u00fchm<\/a><br \/>\nKirsiaia Lasteaed, <a href=\"http:\/\/kirsikesteprojektid.blogspot.com.ee\/p\/kurgisobrad-2018.html\" target=\"_blank\" rel=\"noopener\">Kirsikesed<\/a><br \/>\nKivi\u00f5li 1. Keskkool, <a href=\"https:\/\/opetajajaanikaklass.blogspot.com.ee\" target=\"_blank\" rel=\"noopener\">1.a klass<\/a><br \/>\nKohila G\u00fcmnaasium, <a href=\"https:\/\/hageri1.blogspot.com.ee\" target=\"_blank\" rel=\"noopener\">Hageri klasside 1.h klass<\/a><br \/>\n<a href=\"http:\/\/emaze.me\/kurgisobradkoogelmoogel#KODU\" target=\"_blank\" rel=\"noopener\">Koogel ja Moogel Lastehoid<\/a><br \/>\nKoonga Lasteaed, <a href=\"https:\/\/kairibk.wordpress.com\/\" target=\"_blank\" rel=\"noopener\">Rohen\u00e4pud<\/a><br \/>\nKuldre Lasteaed Sipsik, <a href=\"https:\/\/tahesipsikud.blogspot.com.ee\" target=\"_blank\" rel=\"noopener\">r\u00fchm \u201cT\u00e4hesipiskud\u201d<\/a><br \/>\nK\u00f5msi Lasteaed-Algkool, <a href=\"http:\/\/komsikurgisobrad.blogspot.com.ee\/\" target=\"_blank\" rel=\"noopener\">1.-6. klass<\/a><br \/>\nLasnam\u00e4e P\u00f5hikool, <a href=\"https:\/\/lpkkurgisobrad.blogspot.com.ee\" target=\"_blank\" rel=\"noopener\">Kurgis\u00f5brad<\/a>\u00a0(4. klass)<br \/>\nLaulasmaa Kool Lehola koolimaja, <a href=\"https:\/\/leholakoolikurgisobrad.blogspot.com.ee\" target=\"_blank\" rel=\"noopener\">3.klass<\/a><br \/>\nLaulasmaa Kool, <a href=\"https:\/\/pisikesedpollumehed.blogspot.com.ee\" target=\"_blank\" rel=\"noopener\">Terake (5-6 r\u00fchm)<\/a><br \/>\nLusti Lasteaed, <a href=\"http:\/\/kurgid.blogspot.com.ee\" target=\"_blank\" rel=\"noopener\">Hea Alguse r\u00fchm<\/a><br \/>\nMelliste Algkool-Lasteaed, <a href=\"https:\/\/annika827.wixsite.com\/kurgisobrad\" target=\"_blank\" rel=\"noopener\">2. klass<\/a><br \/>\nMelliste Algkool-Lasteaed, <a href=\"http:\/\/mellistekurgisobrad6.blogspot.com\" target=\"_blank\" rel=\"noopener\">6. klass<\/a><br \/>\nMetsk\u00fcla Algkool, <a href=\"https:\/\/meiekurgid.blogspot.com.ee\" target=\"_blank\" rel=\"noopener\">2. ja 3. klass<\/a><br \/>\nMLA Viimsi lasteaedade Randvere maja, <a href=\"https:\/\/merekarbidkurgiblogi.blogspot.com.ee\/\" target=\"_blank\" rel=\"noopener\">Merekarpide r\u00fchm<\/a><br \/>\nM\u00e4rjamaa Lasteaed Pillerpall, <a href=\"http:\/\/pillerpall.blogspot.com.ee\/p\/ulaste-kurgiblogi-2018.html\" target=\"_blank\" rel=\"noopener\">\u00dclase r\u00fchm<\/a><br \/>\nM\u00e4etaguse P\u00f5hikool, <a href=\"https:\/\/mpk2018.blogspot.com.ee\" target=\"_blank\" rel=\"noopener\">2.a, 2.b, 3. ja 6. klass<\/a><br \/>\nMuraste Kool, <a href=\"https:\/\/murastekurgiblogi.blogspot.com.ee\" target=\"_blank\" rel=\"noopener\">4.a klass<\/a><br \/>\nN\u00f5va Kool, <a href=\"http:\/\/novakoolikurgid.blogspot.com.ee\" target=\"_blank\" rel=\"noopener\">1.-8. klass<\/a><br \/>\nOskar Lutsu Palamuse G\u00fcmnaasium, <a href=\"http:\/\/harilikkurk.blogspot.com.ee\" target=\"_blank\" rel=\"noopener\">kuuendikud<\/a><br \/>\nParksepa Keskkool, 8. klass<br \/>\nPuhja Kool, <a href=\"https:\/\/padlet.com\/triinuvakmann\/PK2kurgid\" target=\"_blank\" rel=\"noopener\">2.klass<\/a><br \/>\nPuhja Kool, <a href=\"https:\/\/padlet.com\/triinuvakmann\/PK8kurgid\" target=\"_blank\" rel=\"noopener\">8.klass<\/a><br \/>\nPuiga P\u00f5hikool, <a href=\"https:\/\/sites.google.com\/puigapk.com\/kurgisbradpuigapk2-klass\/home\" target=\"_blank\" rel=\"noopener\">2.klass<\/a><br \/>\nP\u00f5lgaste lasteaed, <a href=\"https:\/\/sinilillel.blogspot.com.ee\" target=\"_blank\" rel=\"noopener\">aiar\u00fchm<\/a><br \/>\nP\u00f5ltsamaa \u00dchisg\u00fcmnaasium, <a href=\"http:\/\/3ckurgid.blogspot.com.ee\" target=\"_blank\" rel=\"noopener\">3.c klass<\/a><br \/>\nP\u00f5ltsamaa \u00dchisg\u00fcmnaasium, <a href=\"http:\/\/kurgisobrad6a.blogspot.com.ee\" target=\"_blank\" rel=\"noopener\">6. a klass<\/a><br \/>\nP\u00f5ltsamaa \u00dchisg\u00fcmnaasium, <a href=\"http:\/\/kurgisobrad8a.blogspot.com\" target=\"_blank\" rel=\"noopener\">8. a klass<\/a><br \/>\nP\u00f5ltsamaa \u00dchisg\u00fcmnaasium, <a href=\"http:\/\/kurgisobrad8b.blogspot.com\" target=\"_blank\" rel=\"noopener\">8. b klass<\/a><br \/>\nP\u00f5lula Kool, <a href=\"https:\/\/www.storyjumper.com\/book\/index\/50822326\/Kurgis\u00f5brad-2018#\" target=\"_blank\" rel=\"noopener\">1. ja 2.klass<\/a><br \/>\nP\u00f5lva Kool, <a href=\"https:\/\/polvakool3g.wordpress.com\/\" target=\"_blank\" rel=\"noopener\">3.g klass<\/a><br \/>\nP\u00f5lva Kool, <a href=\"https:\/\/5bklassikurgisobrad.blogspot.com.ee\" target=\"_blank\" rel=\"noopener\">5.b klass<\/a><br \/>\nP\u00e4rnu Lasteaed Mai, <a href=\"https:\/\/maikurgisobrad.blogspot.com.ee\" target=\"_blank\" rel=\"noopener\">2. r\u00fchm<\/a><br \/>\nP\u00e4rnu Pernova Hariduskeskus, <a href=\"http:\/\/pernova-kurgisobrad.blogspot.com.ee\/\" target=\"_blank\" rel=\"noopener\">huviring Loovalt taimedega<\/a><br \/>\nRakvere G\u00fcmnaasium, <a href=\"https:\/\/padlet.com\/marekutt\/2akurgis6brad\" target=\"_blank\" rel=\"noopener\">2.a klass<\/a><br \/>\nRakvere G\u00fcmnaasium, <a href=\"https:\/\/padlet.com\/kristiina8847\/o6p6c65vym0e\" target=\"_blank\" rel=\"noopener\">2.c klass<\/a><br \/>\nRakvere Kungla Lasteaed, <a href=\"https:\/\/kunglakurgid.blogspot.com.ee\" target=\"_blank\" rel=\"noopener\">Kurgis\u00f5brad (r\u00fchmad: Kr\u00f5llid, \u00d6\u00f6kullid ja Pipid)<\/a><br \/>\nRapla Vesiroosi G\u00fcmnaasium, <a href=\"https:\/\/sites.google.com\/rvg.edu.ee\/2018-kurgisobrad-vesiroosist-4\/home\" target=\"_blank\" rel=\"noopener\">4.klass<\/a><br \/>\nRidala P\u00f5hikool, <a href=\"http:\/\/ridalakurkarid.blogspot.com.ee\" target=\"_blank\" rel=\"noopener\">1. klass<\/a><br \/>\nSaku Lasteaed P\u00e4ikesekild, <a href=\"http:\/\/karukellakeste.blogspot.co.uk\/\" target=\"_blank\" rel=\"noopener\">Karukella r\u00fchm<\/a><br \/>\nSaku Lasteaed P\u00e4ikesekild, <a href=\"https:\/\/nurmenukukurgisobrad.blogspot.com.ee\" target=\"_blank\" rel=\"noopener\">Nurmenuku r\u00fchm<\/a><br \/>\nSaku Lasteaed P\u00e4ikesekild, <a href=\"https:\/\/paasusilmakurgisobrad.blogspot.com.ee\" target=\"_blank\" rel=\"noopener\">P\u00e4\u00e4susilma r\u00fchm<\/a><br \/>\nSaku Lasteaed P\u00e4ikesekild,<a href=\"http:\/\/kurgisobradsinilillest.blogspot.com.ee\" target=\"_blank\" rel=\"noopener\"> Sinilille r\u00fchm<\/a><br \/>\nSaue Lasteaed Midrimaa, <a href=\"https:\/\/oravakekasvatabkurki.wordpress.com\" target=\"_blank\" rel=\"noopener\">Oravakeste r\u00fchm<\/a><br \/>\nSillam\u00e4e Eesti P\u00f5hikool, <a href=\"http:\/\/sillamaekurgid.blogspot.com.ee\" target=\"_blank\" rel=\"noopener\">6. klass<\/a><br \/>\nSindi G\u00fcmnaasium, <a href=\"https:\/\/sgkurgisobrad.blogspot.com.ee\" target=\"_blank\" rel=\"noopener\">3.b klass<\/a><br \/>\nSindi Lasteaed, <a href=\"http:\/\/kr6lliryhm.blogspot.com.ee\/\" target=\"_blank\" rel=\"noopener\">Kr\u00f5lli r\u00fchm<\/a><br \/>\nSindi Lasteaed, <a href=\"http:\/\/mesimummid-kurgid.blogspot.co.uk\/\" target=\"_blank\" rel=\"noopener\">Mesimummide r\u00fchm<\/a><br \/>\nSindi Lasteaed, <a href=\"http:\/\/pesamunaderyhm.blogspot.co.uk\/\" target=\"_blank\" rel=\"noopener\">Pesamunade r\u00fchm<\/a><br \/>\nSindi Lasteaed, <a href=\"http:\/\/tibuderuhmkurgisobrad.blogspot.com.ee\" target=\"_blank\" rel=\"noopener\">Tibude r\u00fchm<\/a><br \/>\nSuurem\u00f5isa Lasteaed-P\u00f5hikool, <a href=\"http:\/\/suuremoisakurgisobrad.simplesite.com\" target=\"_blank\" rel=\"noopener\">1.-6.klass<\/a><br \/>\nTaebla Lasteaed, <a href=\"https:\/\/t6rukesed.blogspot.com.ee\" target=\"_blank\" rel=\"noopener\">T\u00f5rukeste r\u00fchm<\/a><br \/>\nTallinna Kullerkupu Lastead, <a href=\"https:\/\/kurgisobradpokud.blogspot.com.ee\" target=\"_blank\" rel=\"noopener\">Pokud<\/a><br \/>\nTallinna Lasteaed Maasikas, <a href=\"http:\/\/linoit.com\/users\/maasikas123\/canvases\/Someday\" target=\"_blank\" rel=\"noopener\">Lepatriinud<\/a><br \/>\nTallinna Lasteaed S\u00fcdameke, <a href=\"https:\/\/paasusabad2.blogspot.com.ee\" target=\"_blank\" rel=\"noopener\">P\u00e4\u00e4susabad<\/a><br \/>\nTallinna Lasteaiast Vikerkaar, <a href=\"https:\/\/mesisumm.blogspot.com.ee\" target=\"_blank\" rel=\"noopener\">Mesimummid<\/a><br \/>\nTallinna Lauliku Lasteaed, <a href=\"https:\/\/laulikukurgisobrad.blogspot.com.ee\" target=\"_blank\" rel=\"noopener\">Siisikeste r\u00fchm<\/a><br \/>\nTallinna Lepatriinu Lasteaed,\u00a0<a href=\"https:\/\/trikitriinud2015.wixsite.com\/mysite\/home\/\" target=\"_blank\" rel=\"noopener\">Trikitriinude r\u00fchm<\/a><br \/>\nTallinna Nurmenuku Lasteaed, <a href=\"https:\/\/nurmenukumeelespea.blogspot.com.ee\" target=\"_blank\" rel=\"noopener\">Meelespea r\u00fchm<\/a><br \/>\nTallinna Rahum\u00e4e P\u00f5hikool, <a href=\"https:\/\/rahumae2b.blogspot.com.ee\" target=\"_blank\" rel=\"noopener\">2.B klass<\/a><br \/>\nTallinna S\u00fcdalinna Kool, <a href=\"https:\/\/sydalinna-taimeprojekt.weebly.com\" target=\"_blank\" rel=\"noopener\">2.c klass<\/a><br \/>\nTallinna Vesiroosi Lasteaed, <a href=\"https:\/\/rohelinevesiroos.blogspot.com.ee\/search\/label\/Kurgis\u00f5brad\" target=\"_blank\" rel=\"noopener\">Naksitrallide r\u00fchm<\/a><br \/>\nTartu Hiie Kool, <a href=\"https:\/\/3bkurkhiie.blogspot.com.ee\" target=\"_blank\" rel=\"noopener\">3.b klass<\/a><br \/>\nTartu Lasteaed Klaabu, <a href=\"https:\/\/katsetajadliblikad.blogspot.com.ee\" target=\"_blank\" rel=\"noopener\">Liblikate r\u00fchm<\/a><br \/>\nTartu Lasteaed Lotte, <a href=\"https:\/\/tragidekassidekurgikasvandus.blogspot.com.ee\" target=\"_blank\" rel=\"noopener\">Tragid Kassid<\/a><br \/>\nTartu Lasteaed Piilupesa, <a href=\"https:\/\/lottepiilupesa.blogspot.com.ee\" target=\"_blank\" rel=\"noopener\">Lotte r\u00fchm<\/a><br \/>\nTartu Lasteaed Ristikhein, <a href=\"http:\/\/ristikheinanublud.simplesite.com\" target=\"_blank\" rel=\"noopener\">Nublude r\u00fchm<\/a><br \/>\nTartu Lasteaed Rukkilill, <a href=\"https:\/\/rukkililleliblikad.blogspot.com.ee\" target=\"_blank\" rel=\"noopener\">Liblikate r\u00fchm<\/a><br \/>\nTartu Lasteaed Sass, <a href=\"https:\/\/dinotudeng.blogspot.com.ee\" target=\"_blank\" rel=\"noopener\">Tiigrikutsud<\/a><br \/>\nTartu Loodusmaja, <a href=\"http:\/\/tartuloodusmajakurgis6brad.blogspot.com.ee\" target=\"_blank\" rel=\"noopener\">Looduses\u00f5brad<\/a><br \/>\nTorma P\u00f5hikooli Linnutaja Lasteaed, <a href=\"https:\/\/kurgisobradnipitirid.blogspot.com.ee\" target=\"_blank\" rel=\"noopener\">Nipitirid<\/a><br \/>\nValga Jaanikese Kool, <a href=\"https:\/\/jaanikesekurgisobrad.blogspot.com.ee\/\" target=\"_blank\" rel=\"noopener\">Jaanikese toimetulekuklass<\/a><br \/>\nValga Lasteaed Kaseke, <a href=\"https:\/\/kullerkupukesed.blogspot.com.ee\" target=\"_blank\" rel=\"noopener\">Kullerkupu r\u00fchm<\/a><br \/>\nValga Lasteaed Kaseke, <a href=\"http:\/\/rukkililled.simplesite.com\/438917795\" target=\"_blank\" rel=\"noopener\">Rukkilille r\u00fchm<\/a><br \/>\nValga Priimetsa Kool, <a href=\"http:\/\/priimetsakurgisobrad.simplesite.com\" target=\"_blank\" rel=\"noopener\">1.B klass<\/a><br \/>\nValga P\u00f5hikool, <a href=\"http:\/\/kurgisobrad.simplesite.com\" target=\"_blank\" rel=\"noopener\">4. d klass<\/a><br \/>\nViljandi Lasteaed Midrimaa, <a href=\"http:\/\/p22sukesed.blogspot.com.ee\" target=\"_blank\" rel=\"noopener\">P\u00e4\u00e4sukese r\u00fchm<\/a><br \/>\nViljandi lasteaed Midrimaa, <a href=\"http:\/\/rukkililledekurgid.blogspot.com.ee\" target=\"_blank\" rel=\"noopener\">Rukkilillede r\u00fchm<\/a><br \/>\nViljandi Lasteaed Midrimaa, <a href=\"http:\/\/tihasedjakurgid.blogspot.com.ee\" target=\"_blank\" rel=\"noopener\">Tihaste r\u00fchm<\/a><br \/>\nV\u00e4ike-Maarja G\u00fcmnaasium, <a href=\"https:\/\/vmg4bkurgisobrad.blogspot.com.ee\" target=\"_blank\" rel=\"noopener\">4.b klass<\/a><\/p>\n","protected":false},"excerpt":{"rendered":"<p>A. Haava nim Pala Kooli Lasteaed, \u201cKurgis\u00f5brad\u201d (vanem r\u00fchm) Alasniidu Lasteaed, P\u00e4\u00e4susilma r\u00fchm Ambla Lasteaed-P\u00f5hikool, kurgis\u00f5brad (1. ja 5. klass) Antsla G\u00fcmnaasium, 9.b klass Aruheina Lasteaed,\u00a0Tegusad Mesilinnud Audru Kool, 2.b klass C. R. Jakobsoni nim. Torma P\u00f5hikooli Linnutaja hoone, Midripere r\u00fchm Elva Lasteaed Murumuna, Karukeste r\u00fchm Elva Lasteaed Murumuna, Liblikate r\u00fchm Eralasteaed Naba, Kuldse Draakoni Kuningriigi r\u00fchm Haapsalu Linna Algkool, 2. a klass Illuka Kool, 7. klass J\u00e4rva-Jaani G\u00fcmnaasium, 3. klass Kabala Lasteaed-P\u00f5hikool, 5. ja 6. klass Kammeri kool, Kurgelmurgel Keeni kool, 3. &#8211; 4. klass Kehtna Lasteaed Siller, Karikakra r\u00fchm Kehtna Lasteaed Siller, V\u00f5ilille r\u00fchm Keila Kool, 1. e..<\/p>\n","protected":false},"author":2,"featured_media":0,"parent":19,"menu_order":0,"comment_status":"closed","ping_status":"closed","template":"","meta":{"footnotes":""},"class_list":["post-110","page","type-page","status-publish","hentry"],"_links":{"self":[{"href":"https:\/\/aianduskool.ee\/kurgisobrad\/wp-json\/wp\/v2\/pages\/110","targetHints":{"allow":["GET"]}}],"collection":[{"href":"https:\/\/aianduskool.ee\/kurgisobrad\/wp-json\/wp\/v2\/pages"}],"about":[{"href":"https:\/\/aianduskool.ee\/kurgisobrad\/wp-json\/wp\/v2\/types\/page"}],"author":[{"embeddable":true,"href":"https:\/\/aianduskool.ee\/kurgisobrad\/wp-json\/wp\/v2\/users\/2"}],"replies":[{"embeddable":true,"href":"https:\/\/aianduskool.ee\/kurgisobrad\/wp-json\/wp\/v2\/comments?post=110"}],"version-history":[{"count":5,"href":"https:\/\/aianduskool.ee\/kurgisobrad\/wp-json\/wp\/v2\/pages\/110\/revisions"}],"predecessor-version":[{"id":134,"href":"https:\/\/aianduskool.ee\/kurgisobrad\/wp-json\/wp\/v2\/pages\/110\/revisions\/134"}],"up":[{"embeddable":true,"href":"https:\/\/aianduskool.ee\/kurgisobrad\/wp-json\/wp\/v2\/pages\/19"}],"wp:attachment":[{"href":"https:\/\/aianduskool.ee\/kurgisobrad\/wp-json\/wp\/v2\/media?parent=110"}],"curies":[{"name":"wp","href":"https:\/\/api.w.org\/{rel}","templated":true}]}}