{"id":172,"date":"2018-03-05T11:41:40","date_gmt":"2018-03-05T09:41:40","guid":{"rendered":"http:\/\/aianduskool.ee\/kurgisobrad\/?page_id=172"},"modified":"2018-03-05T11:47:01","modified_gmt":"2018-03-05T09:47:01","slug":"2-nadala-kokkuvote","status":"publish","type":"page","link":"https:\/\/aianduskool.ee\/kurgisobrad\/blogid\/2-nadala-kokkuvote\/","title":{"rendered":"2. n\u00e4dala kokkuv\u00f5te"},"content":{"rendered":"<p>Head s\u00f5brad!<\/p>\n<p>M\u00e4rts on alanud ning aeg on kokku v\u00f5tta projekti teine n\u00e4dal.<\/p>\n<p>Kuna koolides oli vaheaeg, siis\u00a0teine projektin\u00e4dal m\u00f6\u00f6dus rahulikult, kuid taimede t\u00e4rkamise ootuses. Paljud r\u00fchmad, kes j\u00f5udsid seemned projekti esimesel n\u00e4dalal \u00e4ra k\u00fclvata, andsid teada, et hariliku kurgi &#8216;Dolomit&#8217;F1 taimed t\u00e4rkavad j\u00f5udsalt. N\u00e4dala teises pooles tulid ka esimesed teated mehhiko pisikurgi esimeste taimede t\u00e4rkamisest.<\/p>\n<p>Teise n\u00e4dala nipp oli: &#8220;T\u00e4hista v\u00f5ite! \u00c4ra unusta end kiita, kui midagi korda l\u00e4heb&#8221;. Esimeste taimede t\u00e4rkamine ongi suur v\u00f5it. Iga t\u00e4rganud taim on meile esimene kordaminek. Edasi saavad ainult j\u00e4rgmised v\u00f5idud tulla. \ud83d\ude42<\/p>\n<p>Viktoriinis me vaheaja t\u00f5ttu uut k\u00fcsimust ei esitanud. K\u00f5igil, kellel j\u00e4i mingil p\u00f5hjusel esimesel n\u00e4dalal k\u00fcsimusele vastamata, said seda teha ka eelmisel n\u00e4dalal.<\/p>\n<p>Vahepeal ilmus ka mitu artiklit Kurgis\u00f5prade projekti kohta:<br \/>\nL\u00f5unaLeht\u00a0\u201c<a href=\"http:\/\/www.lounaleht.ee\/index.php?page=1&amp;id=23473&amp;type=2\">Pool tuhat kurgis\u00f5pra saavad n\u00e4pud mullaseks!<\/a>\u201c, Sten Sang<br \/>\nEUROPEA koduleht\u00a0\u201c<a href=\"http:\/\/europea.org\/horticulture-rules\/\" target=\"_blank\" rel=\"noopener\">Horticulture Rules!<\/a>\u201c, Katrin Uurman<\/p>\n<p><strong>Mis juhtub projekti kolmandal n\u00e4dalal? <\/strong><\/p>\n<p>Prjekti kodulehele ilmus uus n\u00e4dala nipp ja ka uus viktoriini k\u00fcsimus. Kes veel ei ole j\u00f5udnud seemneid k\u00fclvata, siis sel n\u00e4dalal on viimane aeg k\u00fclvamisega tegeleda. Projekti l\u00f5puks tahaks ju endakasvatatud kurki maitsta! K\u00f5ik, kellel on taimed t\u00e4rganud, kaitske taimi ereda p\u00e4ikese eest. Samuti j\u00e4lgige, et taimedel vee puudust ei tekiks. Kurk tahab kasvamiseks palju vett. Kui seemned said k\u00fclvatud v\u00e4ikesesse anumasse, siis tasuks ette v\u00f5tta esimene taimede \u00fcmberistutamine. Selleks vaadake ka aianduskooli \u00f5pilaste kolmandat videot.<\/p>\n<p>Kindlasti t\u00e4itke katse tabelit, arvutage mitu p\u00e4eva kulus seemnete k\u00fclvamisest taimede t\u00e4rkamiseni. Vaadake, kuidas l\u00e4heb kaaslastel teistest koolidest-lasteaedadest. Meile on saadetud terve hulk projektip\u00e4evikute ja blogide linke, mis oleme kokku kogunud men\u00fc\u00fc\u00a0<a href=\"http:\/\/aianduskool.ee\/kurgisobrad\/konkursid\/osalejate-projektipaevikud\/\" target=\"_blank\" rel=\"noopener\">Blogid<\/a> alla.<\/p>\n<p>M\u00e4rts on emakeelekuu ja peagi algab esimene loomekonkurss, kuhu saab esitada jutte ja luuletusi s\u00f5prusest, s\u00f5bradest, kurkidest. N\u00f5uded konkursile avalikustame k\u00e4esoleva n\u00e4dala jooksul.<\/p>\n<p>Seniks aga vastake teisele viktoriini k\u00fcsimusele; valmistuge tsirgup\u00e4eva t\u00e4histamiseks, mis on 9. m\u00e4rtsil, j\u00e4lgige taimi ja vajadusel kastke, kaitske p\u00e4ikese eest v\u00f5i istutage \u00fcmber; uurige kurgis\u00f5prade projektip\u00e4evikuid ja k\u00fclastage meie Facebooki gruppi.<\/p>\n<p>&nbsp;<\/p>\n<p>Kurgis\u00f5bra projekti meeskond soovib p\u00e4ikeselist kevadeootust!<\/p>\n","protected":false},"excerpt":{"rendered":"<p>Head s\u00f5brad! M\u00e4rts on alanud ning aeg on kokku v\u00f5tta projekti teine n\u00e4dal. Kuna koolides oli vaheaeg, siis\u00a0teine projektin\u00e4dal m\u00f6\u00f6dus rahulikult, kuid taimede t\u00e4rkamise ootuses. Paljud r\u00fchmad, kes j\u00f5udsid seemned projekti esimesel n\u00e4dalal \u00e4ra k\u00fclvata, andsid teada, et hariliku kurgi &#8216;Dolomit&#8217;F1 taimed t\u00e4rkavad j\u00f5udsalt. N\u00e4dala teises pooles tulid ka esimesed teated mehhiko pisikurgi esimeste taimede t\u00e4rkamisest. Teise n\u00e4dala nipp oli: &#8220;T\u00e4hista v\u00f5ite! \u00c4ra unusta end kiita, kui midagi korda l\u00e4heb&#8221;. Esimeste taimede t\u00e4rkamine ongi suur v\u00f5it. Iga t\u00e4rganud taim on meile esimene kordaminek. Edasi saavad ainult j\u00e4rgmised v\u00f5idud tulla. \ud83d\ude42 Viktoriinis me vaheaja t\u00f5ttu uut k\u00fcsimust ei esitanud. K\u00f5igil, kellel..<\/p>\n","protected":false},"author":2,"featured_media":0,"parent":23,"menu_order":0,"comment_status":"closed","ping_status":"closed","template":"","meta":{"footnotes":""},"class_list":["post-172","page","type-page","status-publish","hentry"],"_links":{"self":[{"href":"https:\/\/aianduskool.ee\/kurgisobrad\/wp-json\/wp\/v2\/pages\/172","targetHints":{"allow":["GET"]}}],"collection":[{"href":"https:\/\/aianduskool.ee\/kurgisobrad\/wp-json\/wp\/v2\/pages"}],"about":[{"href":"https:\/\/aianduskool.ee\/kurgisobrad\/wp-json\/wp\/v2\/types\/page"}],"author":[{"embeddable":true,"href":"https:\/\/aianduskool.ee\/kurgisobrad\/wp-json\/wp\/v2\/users\/2"}],"replies":[{"embeddable":true,"href":"https:\/\/aianduskool.ee\/kurgisobrad\/wp-json\/wp\/v2\/comments?post=172"}],"version-history":[{"count":5,"href":"https:\/\/aianduskool.ee\/kurgisobrad\/wp-json\/wp\/v2\/pages\/172\/revisions"}],"predecessor-version":[{"id":179,"href":"https:\/\/aianduskool.ee\/kurgisobrad\/wp-json\/wp\/v2\/pages\/172\/revisions\/179"}],"up":[{"embeddable":true,"href":"https:\/\/aianduskool.ee\/kurgisobrad\/wp-json\/wp\/v2\/pages\/23"}],"wp:attachment":[{"href":"https:\/\/aianduskool.ee\/kurgisobrad\/wp-json\/wp\/v2\/media?parent=172"}],"curies":[{"name":"wp","href":"https:\/\/api.w.org\/{rel}","templated":true}]}}