{"id":318,"date":"2018-04-16T19:24:59","date_gmt":"2018-04-16T16:24:59","guid":{"rendered":"http:\/\/aianduskool.ee\/kurgisobrad\/?page_id=318"},"modified":"2018-04-16T19:24:59","modified_gmt":"2018-04-16T16:24:59","slug":"8-nadala-kokkuvote","status":"publish","type":"page","link":"https:\/\/aianduskool.ee\/kurgisobrad\/blogid\/8-nadala-kokkuvote\/","title":{"rendered":"8. n\u00e4dala kokkuv\u00f5te"},"content":{"rendered":"<p>Hea kurgis\u00f5ber!<\/p>\n<p>Kevad on kaasa toonud\u00a0soojad ja p\u00e4ikeselised ilmad ning pikemad p\u00e4evad. \u00dcha sagedamini kuuleme \u00f5ues linnulaulu ja m\u00e4rkame kevadlilli. Veel on j\u00e4\u00e4nud natuke aega ja kasepuudele tekivadki hiirek\u00f5rvad&#8230;<\/p>\n<p>Aga meil on k\u00f5ikide nende toredate kevadm\u00e4rkide k\u00f5rval aeg kaheksas n\u00e4dal kokku v\u00f5tta.<\/p>\n<p>Kaheksas n\u00e4dal oli v\u00e4ga tore n\u00e4dal, sest esimesed kurgis\u00f5brad said juba omakasvatatud kurki maitsta! Paljud peavad veel m\u00f5ne p\u00e4eva ootama, et maitse suhu saada, kuid need p\u00e4evad m\u00f6\u00f6duvad kiiresti. K\u00f5ige toredam on ju see, et me ise panime seemned mulda, ootasime taimede t\u00e4rkamist ja kui nad t\u00e4rkasid olime r\u00f5\u00f5msad. Kui m\u00f5ned seemned ei idanenud ja taimed ei t\u00e4rganud, olime kurvad. Mehhiko pisikurgi taimed panid meid pikalt ootama. Neil oli ikka pikk talveuni. N\u00fc\u00fcd aga, kui p\u00e4ike k\u00e4ib k\u00f5rgemalt ja soojendab \u00fcha enam, on hakanud ka taimed kasvama. Praegu r\u00f5\u00f5mustame kollaste kurgi\u00f5ite \u00fcle ja ootame kannatamatult, millal kurki maitsta saab.<\/p>\n<p>Arvesta, et mida suuremaks kasvavad taimed, seda enam vajavad nad vett ja toitaineid. Seega, ei tohi kastmist unarusse j\u00e4tta. Kui kastmine ununeb, siis muutuvad kurgi viljad m\u00f5ruks ja m\u00f5rudaid kurke ei soovi ju keegi s\u00fc\u00fca.<\/p>\n<p>Eelmine n\u00e4dal oli viimane, mil sai saata 1. loomekonkursile jutte ja luuletusi. T\u00f6id on laekunud v\u00e4ga palju. See on nii tore, et meie s\u00f5brad on loovad ja aktiivsed tegutsejad.<\/p>\n<p>Kaheksas n\u00e4dala nipp p\u00e4rines Eesti rahvakalendrist ja \u00fctles, et\u00a0<em>14. aprill on k\u00fcnnip\u00e4ev! Sellest p\u00e4evast algasid p\u00f5llut\u00f6\u00f6d, k\u00fcnti esimene vagu. Igatahes tuleb tingimata toast v\u00e4lja minna ja midagi v\u00e4ga olulist teha.\u00a0<\/em>Mida t\u00e4htsat ja olulist Sina \u00f5ues tegid? Kuidas Sina k\u00fcnnip\u00e4eva t\u00e4histasid? Meie aianduskoolis l\u00f5kame viljapuid, riisume murult puulehti ja teeme muid vajalikke t\u00f6id kooliaias.<\/p>\n<p><strong>Mida toob projekti eelviimane n\u00e4dal?\u00a0<\/strong><\/p>\n<p>* <strong>Katse<\/strong>. J\u00e4lgi taimi ja hoolda. T\u00e4ida katse tabelit ja oota enda kasvatatud kurgi maitsmist.<br \/>\n* <strong>N\u00e4dala nipp<\/strong>. Uuri, mida see \u00fctleb. M\u00f5tiskle ja tegutse!<br \/>\n* <strong>Viktoriin<\/strong>. Vasta uuele k\u00fcsimusele.<br \/>\n* <strong>Konkursid<\/strong>. K\u00e4imas on 2. loomekonkurss. Saada meile oma \u00e4gedaid joonistusi v\u00f5i koomikseid. Samuti on k\u00e4imas projektip\u00e4eviku konkurss ja fotokonkurss. K\u00f5ik k\u00e4imasolevad konkursid kestavad veel kaks n\u00e4dalat. Sama kaua kestab ka meie projekt.<\/p>\n<p>&nbsp;<\/p>\n<p>Projekti meeskond soovib Sulle, hea s\u00f5ber m\u00f5nusat ja tegusat 9. projektin\u00e4dalat!<\/p>\n","protected":false},"excerpt":{"rendered":"<p>Hea kurgis\u00f5ber! Kevad on kaasa toonud\u00a0soojad ja p\u00e4ikeselised ilmad ning pikemad p\u00e4evad. \u00dcha sagedamini kuuleme \u00f5ues linnulaulu ja m\u00e4rkame kevadlilli. Veel on j\u00e4\u00e4nud natuke aega ja kasepuudele tekivadki hiirek\u00f5rvad&#8230; Aga meil on k\u00f5ikide nende toredate kevadm\u00e4rkide k\u00f5rval aeg kaheksas n\u00e4dal kokku v\u00f5tta. Kaheksas n\u00e4dal oli v\u00e4ga tore n\u00e4dal, sest esimesed kurgis\u00f5brad said juba omakasvatatud kurki maitsta! Paljud peavad veel m\u00f5ne p\u00e4eva ootama, et maitse suhu saada, kuid need p\u00e4evad m\u00f6\u00f6duvad kiiresti. K\u00f5ige toredam on ju see, et me ise panime seemned mulda, ootasime taimede t\u00e4rkamist ja kui nad t\u00e4rkasid olime r\u00f5\u00f5msad. Kui m\u00f5ned seemned ei idanenud ja taimed ei t\u00e4rganud,..<\/p>\n","protected":false},"author":2,"featured_media":0,"parent":23,"menu_order":0,"comment_status":"closed","ping_status":"closed","template":"","meta":{"footnotes":""},"class_list":["post-318","page","type-page","status-publish","hentry"],"_links":{"self":[{"href":"https:\/\/aianduskool.ee\/kurgisobrad\/wp-json\/wp\/v2\/pages\/318","targetHints":{"allow":["GET"]}}],"collection":[{"href":"https:\/\/aianduskool.ee\/kurgisobrad\/wp-json\/wp\/v2\/pages"}],"about":[{"href":"https:\/\/aianduskool.ee\/kurgisobrad\/wp-json\/wp\/v2\/types\/page"}],"author":[{"embeddable":true,"href":"https:\/\/aianduskool.ee\/kurgisobrad\/wp-json\/wp\/v2\/users\/2"}],"replies":[{"embeddable":true,"href":"https:\/\/aianduskool.ee\/kurgisobrad\/wp-json\/wp\/v2\/comments?post=318"}],"version-history":[{"count":2,"href":"https:\/\/aianduskool.ee\/kurgisobrad\/wp-json\/wp\/v2\/pages\/318\/revisions"}],"predecessor-version":[{"id":320,"href":"https:\/\/aianduskool.ee\/kurgisobrad\/wp-json\/wp\/v2\/pages\/318\/revisions\/320"}],"up":[{"embeddable":true,"href":"https:\/\/aianduskool.ee\/kurgisobrad\/wp-json\/wp\/v2\/pages\/23"}],"wp:attachment":[{"href":"https:\/\/aianduskool.ee\/kurgisobrad\/wp-json\/wp\/v2\/media?parent=318"}],"curies":[{"name":"wp","href":"https:\/\/api.w.org\/{rel}","templated":true}]}}