{"id":371,"date":"2018-05-10T17:09:41","date_gmt":"2018-05-10T14:09:41","guid":{"rendered":"http:\/\/aianduskool.ee\/kurgisobrad\/?page_id=371"},"modified":"2018-05-10T20:03:43","modified_gmt":"2018-05-10T17:03:43","slug":"tulemused-ii","status":"publish","type":"page","link":"https:\/\/aianduskool.ee\/kurgisobrad\/konkursid\/tulemused-ii\/","title":{"rendered":"Tulemused II"},"content":{"rendered":"<p>Teise loomingukonkursi t\u00f6\u00f6deks ootasime joonistusi ja koomikseid kurgist ja pisikurgist ning nende s\u00f5pradest. Konkursile esitati 210 t\u00f6\u00f6d, mis k\u00f5ik olid suurep\u00e4rased, oman\u00e4olised, suure vaeva ja armastusega tehtud. \u017d\u00fcriil oli taaskord v\u00e4ga raske parimaid t\u00f6id v\u00e4lja selgitada. \u017d\u00fcrii otsusega m\u00e4\u00e4rati auhinnalised kohad j\u00e4rgmiselt:<\/p>\n<p><strong>Kategooria kool<\/strong><br \/>\n<strong>Joonistus<\/strong><\/p>\n<p><strong>1. koht<\/strong> &#8211;\u00a0&#8220;Kurkide linn&#8221;, Andreas Kozlov, Tallinna S\u00fcdalinna Kool, 2. klass, juhendaja \u00f5p. Kati Rand<\/p>\n<p><img loading=\"lazy\" decoding=\"async\" class=\"alignnone wp-image-372 size-large\" src=\"http:\/\/aianduskool.ee\/kurgisobrad\/wp-content\/uploads\/2018\/05\/IMG_20180417_165014-1024x715.jpg\" alt=\"\" width=\"1024\" height=\"715\" srcset=\"https:\/\/aianduskool.ee\/kurgisobrad\/wp-content\/uploads\/2018\/05\/IMG_20180417_165014-1024x715.jpg 1024w, https:\/\/aianduskool.ee\/kurgisobrad\/wp-content\/uploads\/2018\/05\/IMG_20180417_165014-300x209.jpg 300w, https:\/\/aianduskool.ee\/kurgisobrad\/wp-content\/uploads\/2018\/05\/IMG_20180417_165014-768x536.jpg 768w\" sizes=\"auto, (max-width: 1024px) 100vw, 1024px\" \/><\/p>\n<p><strong>2. koht<\/strong> &#8211; &#8220;Kurgid p\u00e4\u00e4stavad maailma&#8221;, Marta Gorn\u0161tein, Sillam\u00e4e Eesti P\u00f5hikool, 6. klass, juhendaja \u00f5p. Meeli Rjabova<\/p>\n<p><img loading=\"lazy\" decoding=\"async\" class=\"alignnone wp-image-373 \" src=\"http:\/\/aianduskool.ee\/kurgisobrad\/wp-content\/uploads\/2018\/05\/P4229161-768x1024.jpg\" alt=\"\" width=\"451\" height=\"602\" srcset=\"https:\/\/aianduskool.ee\/kurgisobrad\/wp-content\/uploads\/2018\/05\/P4229161-768x1024.jpg 768w, https:\/\/aianduskool.ee\/kurgisobrad\/wp-content\/uploads\/2018\/05\/P4229161-225x300.jpg 225w, https:\/\/aianduskool.ee\/kurgisobrad\/wp-content\/uploads\/2018\/05\/P4229161.jpg 1709w\" sizes=\"auto, (max-width: 451px) 100vw, 451px\" \/><\/p>\n<p><strong>3. koht<\/strong> &#8211;\u00a0&#8220;Konn m\u00fc\u00fcb kurke&#8221;, Merit N\u00f5mmiste, Simuna Kool, 2. klass, juhendaja \u00f5p. Liivika Harjo<\/p>\n<p><img loading=\"lazy\" decoding=\"async\" class=\"alignnone wp-image-380 size-large\" src=\"http:\/\/aianduskool.ee\/kurgisobrad\/wp-content\/uploads\/2018\/05\/konn_myyb-1024x725.png\" alt=\"\" width=\"1024\" height=\"725\" srcset=\"https:\/\/aianduskool.ee\/kurgisobrad\/wp-content\/uploads\/2018\/05\/konn_myyb-1024x725.png 1024w, https:\/\/aianduskool.ee\/kurgisobrad\/wp-content\/uploads\/2018\/05\/konn_myyb-300x212.png 300w, https:\/\/aianduskool.ee\/kurgisobrad\/wp-content\/uploads\/2018\/05\/konn_myyb-768x544.png 768w, https:\/\/aianduskool.ee\/kurgisobrad\/wp-content\/uploads\/2018\/05\/konn_myyb.png 1168w\" sizes=\"auto, (max-width: 1024px) 100vw, 1024px\" \/><\/p>\n<p><strong>3. koht<\/strong> &#8211;<strong>\u00a0<\/strong>&#8220;Kurgi \u00f5is&#8221;, Katrin Laurimaa, Kabala Lasteaed-P\u00f5hikool, 6. klass, juhendaja \u00f5p. Anu Siniroht.<\/p>\n<p><img loading=\"lazy\" decoding=\"async\" class=\"alignnone wp-image-378 size-large\" src=\"http:\/\/aianduskool.ee\/kurgisobrad\/wp-content\/uploads\/2018\/05\/IMG_20180413_145129-1024x768.jpg\" alt=\"\" width=\"1024\" height=\"768\" srcset=\"https:\/\/aianduskool.ee\/kurgisobrad\/wp-content\/uploads\/2018\/05\/IMG_20180413_145129-1024x768.jpg 1024w, https:\/\/aianduskool.ee\/kurgisobrad\/wp-content\/uploads\/2018\/05\/IMG_20180413_145129-300x225.jpg 300w, https:\/\/aianduskool.ee\/kurgisobrad\/wp-content\/uploads\/2018\/05\/IMG_20180413_145129-768x576.jpg 768w\" sizes=\"auto, (max-width: 1024px) 100vw, 1024px\" \/><\/p>\n<p><strong>eripreemia<\/strong> &#8211; &#8220;Harilik kurk meie aknalaual&#8221;, 4.d klassi t\u00f6\u00f6de komplekt, Valga P\u00f5hikool, juhendja \u00f5p. Kairi Voode<br \/>\n<strong>eripreemia<\/strong> &#8211; &#8220;Minu leib&#8221;, Greete-Elena Priisalu, Tallinna S\u00fcdalinna Kool, 2.c klass, juhendaja \u00f5p. Kati Rand<\/p>\n<p>&nbsp;<\/p>\n<p><strong>Koomiks<\/strong><\/p>\n<p><strong>1. koht<\/strong> &#8211;\u00a0&#8220;Haige kurk&#8221;, Jade Leanne V\u00e4ljaots, V\u00f5hma Kool, 5. klass, juhendaja \u00f5p. Pilvi Ait<\/p>\n<p><img loading=\"lazy\" decoding=\"async\" class=\"alignnone wp-image-383 size-large\" src=\"http:\/\/aianduskool.ee\/kurgisobrad\/wp-content\/uploads\/2018\/05\/Jade_Leann_Valjaots-1024x410.jpg\" alt=\"\" width=\"1024\" height=\"410\" srcset=\"https:\/\/aianduskool.ee\/kurgisobrad\/wp-content\/uploads\/2018\/05\/Jade_Leann_Valjaots-1024x410.jpg 1024w, https:\/\/aianduskool.ee\/kurgisobrad\/wp-content\/uploads\/2018\/05\/Jade_Leann_Valjaots-300x120.jpg 300w, https:\/\/aianduskool.ee\/kurgisobrad\/wp-content\/uploads\/2018\/05\/Jade_Leann_Valjaots-768x307.jpg 768w\" sizes=\"auto, (max-width: 1024px) 100vw, 1024px\" \/><\/p>\n<p><strong>2. koht<\/strong> &#8211; &#8220;S\u00f5brad v\u00f5i vaenalsed&#8221;, Joosep Viiksaar, Simuna Kool, 2. klass, juhendaja \u00f5p. Liivika Harjo<\/p>\n<p><img loading=\"lazy\" decoding=\"async\" class=\"alignnone wp-image-384 size-large\" src=\"http:\/\/aianduskool.ee\/kurgisobrad\/wp-content\/uploads\/2018\/05\/Sobrad_vaenlased_Joosep-Viiksaar_Simuna-Kool_2-klass-1024x726.jpg\" alt=\"\" width=\"1024\" height=\"726\" srcset=\"https:\/\/aianduskool.ee\/kurgisobrad\/wp-content\/uploads\/2018\/05\/Sobrad_vaenlased_Joosep-Viiksaar_Simuna-Kool_2-klass-1024x726.jpg 1024w, https:\/\/aianduskool.ee\/kurgisobrad\/wp-content\/uploads\/2018\/05\/Sobrad_vaenlased_Joosep-Viiksaar_Simuna-Kool_2-klass-300x213.jpg 300w, https:\/\/aianduskool.ee\/kurgisobrad\/wp-content\/uploads\/2018\/05\/Sobrad_vaenlased_Joosep-Viiksaar_Simuna-Kool_2-klass-768x544.jpg 768w, https:\/\/aianduskool.ee\/kurgisobrad\/wp-content\/uploads\/2018\/05\/Sobrad_vaenlased_Joosep-Viiksaar_Simuna-Kool_2-klass.jpg 1666w\" sizes=\"auto, (max-width: 1024px) 100vw, 1024px\" \/><\/p>\n<p><strong>3. koht<\/strong> &#8211; &#8220;Kurk ja pisimelon&#8221;, Merilin P\u00e4rn, Simuna Kool, 2. klass, juhendaka \u00f5p. Liivika Harjo<\/p>\n<p><img loading=\"lazy\" decoding=\"async\" class=\"alignnone wp-image-387 \" src=\"http:\/\/aianduskool.ee\/kurgisobrad\/wp-content\/uploads\/2018\/05\/Kurk-ja-pisimelon_Merili-Parn_Simuna-Kool_2-klass-725x1024.jpg\" alt=\"\" width=\"521\" height=\"736\" srcset=\"https:\/\/aianduskool.ee\/kurgisobrad\/wp-content\/uploads\/2018\/05\/Kurk-ja-pisimelon_Merili-Parn_Simuna-Kool_2-klass-725x1024.jpg 725w, https:\/\/aianduskool.ee\/kurgisobrad\/wp-content\/uploads\/2018\/05\/Kurk-ja-pisimelon_Merili-Parn_Simuna-Kool_2-klass-212x300.jpg 212w, https:\/\/aianduskool.ee\/kurgisobrad\/wp-content\/uploads\/2018\/05\/Kurk-ja-pisimelon_Merili-Parn_Simuna-Kool_2-klass-768x1085.jpg 768w, https:\/\/aianduskool.ee\/kurgisobrad\/wp-content\/uploads\/2018\/05\/Kurk-ja-pisimelon_Merili-Parn_Simuna-Kool_2-klass.jpg 827w\" sizes=\"auto, (max-width: 521px) 100vw, 521px\" \/><\/p>\n<p><strong>eripreemia<\/strong> &#8211; &#8220;S\u00f5ber kurk&#8221;, Ella-Nora Buschmann, Rapla Vesiroosi G\u00fcmnaasium, 2.a klass, juhendaja \u00f5p. Triin K\u00f5iv<br \/>\n<strong>eripreemia<\/strong> &#8211; &#8220;Kurk&#8221;, Madis Plaks, V\u00f5hma Kool, 5. klass, juhendaja \u00f5p. Pilvi Ait<br \/>\n<strong>eripreemia<\/strong> &#8211; &#8220;Sugulasel k\u00fclas&#8221;, Jakob Hiiemets, Suurem\u00f5isa Lasteaed-P\u00f5hikool, 5. klass, juhendaja \u00f5p. Jaana Omann<\/p>\n<p>&nbsp;<\/p>\n<p><strong>Kategooria lasteaed<\/strong><br \/>\n<strong>Joonistus<\/strong><\/p>\n<p><strong>1. koht<\/strong> &#8211; &#8220;Kurkide spordip\u00e4ev&#8221;, 4.-7. a laste \u00fchist\u00f6\u00f6, Kehtna Lasteaed Siller, V\u00f5ilille r\u00fchm, juhendaja \u00f5p. Imbi Saare<\/p>\n<p><img loading=\"lazy\" decoding=\"async\" class=\"alignnone wp-image-388 size-large\" src=\"http:\/\/aianduskool.ee\/kurgisobrad\/wp-content\/uploads\/2018\/05\/lasteaed-Siller-1024x723.jpg\" alt=\"\" width=\"1024\" height=\"723\" srcset=\"https:\/\/aianduskool.ee\/kurgisobrad\/wp-content\/uploads\/2018\/05\/lasteaed-Siller-1024x723.jpg 1024w, https:\/\/aianduskool.ee\/kurgisobrad\/wp-content\/uploads\/2018\/05\/lasteaed-Siller-300x212.jpg 300w, https:\/\/aianduskool.ee\/kurgisobrad\/wp-content\/uploads\/2018\/05\/lasteaed-Siller-768x543.jpg 768w, https:\/\/aianduskool.ee\/kurgisobrad\/wp-content\/uploads\/2018\/05\/lasteaed-Siller.jpg 1754w\" sizes=\"auto, (max-width: 1024px) 100vw, 1024px\" \/><\/p>\n<p><strong>2. koht<\/strong> &#8211; &#8220;Kurgid&#8221; Oravakeste r\u00fchma \u00fchist\u00f6\u00f6, Saue Lasteaed Midrimaa, juhendajad \u00f5p. Kristi Poolakese ja Kati Haarakalju<\/p>\n<p><img loading=\"lazy\" decoding=\"async\" class=\"alignnone wp-image-389 size-large\" src=\"http:\/\/aianduskool.ee\/kurgisobrad\/wp-content\/uploads\/2018\/05\/KURGIPILT1-1024x576.jpg\" alt=\"\" width=\"1024\" height=\"576\" srcset=\"https:\/\/aianduskool.ee\/kurgisobrad\/wp-content\/uploads\/2018\/05\/KURGIPILT1-1024x576.jpg 1024w, https:\/\/aianduskool.ee\/kurgisobrad\/wp-content\/uploads\/2018\/05\/KURGIPILT1-300x169.jpg 300w, https:\/\/aianduskool.ee\/kurgisobrad\/wp-content\/uploads\/2018\/05\/KURGIPILT1-768x432.jpg 768w, https:\/\/aianduskool.ee\/kurgisobrad\/wp-content\/uploads\/2018\/05\/KURGIPILT1.jpg 1195w\" sizes=\"auto, (max-width: 1024px) 100vw, 1024px\" \/><\/p>\n<p><strong>3. koht<\/strong> &#8211; &#8220;Ema ja lapsed s\u00f6\u00f6vad kurki&#8221;, Marianna Hallik, Alasniidu Lasteaed, P\u00e4\u00e4susilma r\u00fchm, juhendaja \u00f5p. Taimi Lillmann<\/p>\n<p><img loading=\"lazy\" decoding=\"async\" class=\"alignnone wp-image-390 size-full\" src=\"http:\/\/aianduskool.ee\/kurgisobrad\/wp-content\/uploads\/2018\/05\/SAM_0237.jpg\" alt=\"\" width=\"640\" height=\"427\" srcset=\"https:\/\/aianduskool.ee\/kurgisobrad\/wp-content\/uploads\/2018\/05\/SAM_0237.jpg 640w, https:\/\/aianduskool.ee\/kurgisobrad\/wp-content\/uploads\/2018\/05\/SAM_0237-300x200.jpg 300w\" sizes=\"auto, (max-width: 640px) 100vw, 640px\" \/><\/p>\n<p><strong>eripreemia<\/strong> &#8211; Nipitiride t\u00f6\u00f6de komplekt, Linnutaja Lasteaed, Nipitirid r\u00fchm, juhendaja \u00f5p. Katrin Raidma<br \/>\n<strong>eripreemia<\/strong> &#8211;\u00a0t\u00f6\u00f6de komplekt, Maia Jatskus ja Anna-Ingram Aas, P\u00e4rnu Mai Lasteaed, juhendaja \u00f5p. Maiu P\u00f5ldoja<\/p>\n<p><strong>Esilet\u00f5stmist leidsid veel j\u00e4rgmised joonistused:<\/strong><br \/>\n&#8220;Hapukurk&#8221;, Albert Ako Kokk, MLA Viimsi Lasteaiad, Pargi maja, Saialille r\u00fchm, juhendaja \u00f5p. Maarja Utno<br \/>\n&#8220;Rippuv kurk&#8221;, Margaret Loodus, Alasniidu Lasteaed, P\u00e4\u00e4susilma r\u00fchm, juhendaja \u00f5p. Taimi Lillmann<br \/>\n&#8220;S\u00f5prus&#8221;, Ronja Vesik, Tallinna Nurmenuku Lasteaed, Meelespea r\u00fchm, juhendaja \u00f5p. Karin Luik<br \/>\n&#8220;\u00dchest seemnest saab palju uusi kurgiseemneid&#8221;, Romet Vellerau, Tartu Lasteaed Triinu ja Taavi, Muumide r\u00fchm, juhendaja \u00f5p. Eili Rea<\/p>\n<p>K\u00f5ikide \u00e4ramainitud konkursit\u00f6\u00f6dega saab tutvude <a href=\"https:\/\/aianduskool-my.sharepoint.com\/:f:\/g\/personal\/katrin_uurman_aianduskool_ee\/EtZzOLm_IfpFiOsZGv48MNwBK9GtoHMsXpEKEnMsTKkB0Q?e=keoydU\" target=\"_blank\" rel=\"noopener\">SELLE lingi alt<\/a>.<\/p>\n<p>&nbsp;<\/p>\n<p>Kiitus ja pikk pai k\u00f5igile oseljatele ning palju \u00f5nne v\u00f5itjatele! \ud83d\ude42<\/p>\n","protected":false},"excerpt":{"rendered":"<p>Teise loomingukonkursi t\u00f6\u00f6deks ootasime joonistusi ja koomikseid kurgist ja pisikurgist ning nende s\u00f5pradest. Konkursile esitati 210 t\u00f6\u00f6d, mis k\u00f5ik olid suurep\u00e4rased, oman\u00e4olised, suure vaeva ja armastusega tehtud. \u017d\u00fcriil oli taaskord v\u00e4ga raske parimaid t\u00f6id v\u00e4lja selgitada. \u017d\u00fcrii otsusega m\u00e4\u00e4rati auhinnalised kohad j\u00e4rgmiselt: Kategooria kool Joonistus 1. koht &#8211;\u00a0&#8220;Kurkide linn&#8221;, Andreas Kozlov, Tallinna S\u00fcdalinna Kool, 2. klass, juhendaja \u00f5p. Kati Rand 2. koht &#8211; &#8220;Kurgid p\u00e4\u00e4stavad maailma&#8221;, Marta Gorn\u0161tein, Sillam\u00e4e Eesti P\u00f5hikool, 6. klass, juhendaja \u00f5p. Meeli Rjabova 3. koht &#8211;\u00a0&#8220;Konn m\u00fc\u00fcb kurke&#8221;, Merit N\u00f5mmiste, Simuna Kool, 2. klass, juhendaja \u00f5p. Liivika Harjo 3. koht &#8211;\u00a0&#8220;Kurgi \u00f5is&#8221;, Katrin Laurimaa, Kabala Lasteaed-P\u00f5hikool,..<\/p>\n","protected":false},"author":2,"featured_media":0,"parent":19,"menu_order":0,"comment_status":"closed","ping_status":"closed","template":"","meta":{"footnotes":""},"class_list":["post-371","page","type-page","status-publish","hentry"],"_links":{"self":[{"href":"https:\/\/aianduskool.ee\/kurgisobrad\/wp-json\/wp\/v2\/pages\/371","targetHints":{"allow":["GET"]}}],"collection":[{"href":"https:\/\/aianduskool.ee\/kurgisobrad\/wp-json\/wp\/v2\/pages"}],"about":[{"href":"https:\/\/aianduskool.ee\/kurgisobrad\/wp-json\/wp\/v2\/types\/page"}],"author":[{"embeddable":true,"href":"https:\/\/aianduskool.ee\/kurgisobrad\/wp-json\/wp\/v2\/users\/2"}],"replies":[{"embeddable":true,"href":"https:\/\/aianduskool.ee\/kurgisobrad\/wp-json\/wp\/v2\/comments?post=371"}],"version-history":[{"count":5,"href":"https:\/\/aianduskool.ee\/kurgisobrad\/wp-json\/wp\/v2\/pages\/371\/revisions"}],"predecessor-version":[{"id":401,"href":"https:\/\/aianduskool.ee\/kurgisobrad\/wp-json\/wp\/v2\/pages\/371\/revisions\/401"}],"up":[{"embeddable":true,"href":"https:\/\/aianduskool.ee\/kurgisobrad\/wp-json\/wp\/v2\/pages\/19"}],"wp:attachment":[{"href":"https:\/\/aianduskool.ee\/kurgisobrad\/wp-json\/wp\/v2\/media?parent=371"}],"curies":[{"name":"wp","href":"https:\/\/api.w.org\/{rel}","templated":true}]}}