{"id":411,"date":"2018-05-22T10:51:22","date_gmt":"2018-05-22T07:51:22","guid":{"rendered":"http:\/\/aianduskool.ee\/kurgisobrad\/?page_id=411"},"modified":"2018-05-22T10:51:22","modified_gmt":"2018-05-22T07:51:22","slug":"tulemused-projektipaevik","status":"publish","type":"page","link":"https:\/\/aianduskool.ee\/kurgisobrad\/konkursid\/tulemused-projektipaevik\/","title":{"rendered":"Tulemused &#8220;Projektip\u00e4evik&#8221;"},"content":{"rendered":"<p>Projektip\u00e4eviku pidamise\u00a0konkurss\u00a0algas projekti esimesel p\u00e4eval ja kestis projekti l\u00f5puni.<\/p>\n<p>Meile esitati kokku\u00a0t\u00e4pselt 100 projektip\u00e4evikut. K\u00f5ik projektip\u00e4evikud olid toredad, mist\u00f5ttu parimate v\u00e4ljaselgitamine oli \u017e\u00fcriile vaevaline ning n\u00f5udis arvatust rohkem aega. Hindamisel tehti suisa kaks vooru ning l\u00f5plikud valikud tehti ikkagi kahes katekoorias &#8211; kool ja lasteaed.<\/p>\n<p>Tulemused on j\u00e4rgmised:<\/p>\n<h3><strong>Kategooria kool<\/strong><\/h3>\n<p><strong>1. koht<\/strong><br \/>\n<a href=\"http:\/\/kurgisobrad.simplesite.com\" target=\"_blank\" rel=\"noopener\">Valga P\u00f5hikool, 4.d klass<\/a><\/p>\n<p><strong>2. koht<\/strong><br \/>\n<a href=\"https:\/\/meiekurgid.blogspot.com.ee\" target=\"_blank\" rel=\"noopener\">Metsk\u00fcla Algkool, 2-3 klass<\/a><\/p>\n<p><strong>3. koht<\/strong><br \/>\n<a href=\"https:\/\/lpkkurgisobrad.blogspot.com.ee\" target=\"_blank\" rel=\"noopener\">Lasnam\u00e4e P\u00f5hikool, 4. klass<\/a><\/p>\n<p><strong>Eripreemia<\/strong><br \/>\n<a href=\"https:\/\/rahumae2b.blogspot.com.ee\" target=\"_blank\" rel=\"noopener\">Tallinna Rahum\u00e4e P\u00f5hikool, 2.b klass<\/a><br \/>\n<a href=\"https:\/\/sydalinna-taimeprojekt.weebly.com\" target=\"_blank\" rel=\"noopener\">Tallinna S\u00fcdalinna Kool, 2.c klass<\/a><\/p>\n<h3><strong>Kategooria lasteaed<\/strong><\/h3>\n<p><strong>1. koht<\/strong><br \/>\n<a href=\"http:\/\/emaze.me\/kurgisobradkoogelmoogel#KODU\" target=\"_blank\" rel=\"noopener\">Koogel Moogel Lastehoid, Kanake Koogel ja Tibuke Moogel<\/a><\/p>\n<p><strong>2. koht<\/strong><br \/>\n<a href=\"http:\/\/karukellakeste.blogspot.com.ee\" target=\"_blank\" rel=\"noopener\">Saku Lasteaed P\u00e4ikesekild, Karukella r\u00fchm<\/a><\/p>\n<p><strong>3. koht<\/strong><br \/>\n<a href=\"https:\/\/paasusabad2.blogspot.com.ee\" target=\"_blank\" rel=\"noopener\">Tallinna Lasteaed S\u00fcdameke, P\u00e4\u00e4susabade r\u00fchm<\/a><br \/>\n<a href=\"https:\/\/lottepiilupesa.blogspot.com.ee\" target=\"_blank\" rel=\"noopener\">Tartu Lasteaed Piilupeas, Lotte r\u00fchm<\/a><br \/>\n<a href=\"http:\/\/tihasedjakurgid.blogspot.com.ee\" target=\"_blank\" rel=\"noopener\">Viljandi Lasteaed Midrimaa, Tihaste r\u00fchm<\/a><\/p>\n<p><strong>Eripreemia<\/strong><\/p>\n<p><a href=\"https:\/\/www.facebook.com\/Kurgis\u00f5brad-Karukesed-192011704887468\/\" target=\"_blank\" rel=\"noopener\">Elva Lasteaed Murumuna, Karukeste r\u00fchm<\/a><br \/>\n<a href=\"https:\/\/karikakrakurgisobrad.blogspot.com.ee\" target=\"_blank\" rel=\"noopener\">Kehtna Lasteaed Siller, Karikakra r\u00fchm<\/a><br \/>\n<a href=\"https:\/\/voilillekurgisobrad.blogspot.com.ee\" target=\"_blank\" rel=\"noopener\">Kehtna Lasteaed Siller, V\u00f5ilille r\u00fchm<\/a><\/p>\n<p>&nbsp;<\/p>\n<p>Projekti meeskond t\u00e4nab k\u00f5iki konkursil osalejaid. Projektip\u00e4evikud olid v\u00e4ga huvitavad, materjalirohked, mitmekesised, innovaatilised ja t\u00e4is teie m\u00f5tteid, ideid ning emotsioone.<br \/>\nSuur \u00e4it\u00e4h! \ud83d\ude42<\/p>\n","protected":false},"excerpt":{"rendered":"<p>Projektip\u00e4eviku pidamise\u00a0konkurss\u00a0algas projekti esimesel p\u00e4eval ja kestis projekti l\u00f5puni. Meile esitati kokku\u00a0t\u00e4pselt 100 projektip\u00e4evikut. K\u00f5ik projektip\u00e4evikud olid toredad, mist\u00f5ttu parimate v\u00e4ljaselgitamine oli \u017e\u00fcriile vaevaline ning n\u00f5udis arvatust rohkem aega. Hindamisel tehti suisa kaks vooru ning l\u00f5plikud valikud tehti ikkagi kahes katekoorias &#8211; kool ja lasteaed. Tulemused on j\u00e4rgmised: Kategooria kool 1. koht Valga P\u00f5hikool, 4.d klass 2. koht Metsk\u00fcla Algkool, 2-3 klass 3. koht Lasnam\u00e4e P\u00f5hikool, 4. klass Eripreemia Tallinna Rahum\u00e4e P\u00f5hikool, 2.b klass Tallinna S\u00fcdalinna Kool, 2.c klass Kategooria lasteaed 1. koht Koogel Moogel Lastehoid, Kanake Koogel ja Tibuke Moogel 2. koht Saku Lasteaed P\u00e4ikesekild, Karukella r\u00fchm 3. koht..<\/p>\n","protected":false},"author":2,"featured_media":0,"parent":19,"menu_order":0,"comment_status":"closed","ping_status":"closed","template":"","meta":{"footnotes":""},"class_list":["post-411","page","type-page","status-publish","hentry"],"_links":{"self":[{"href":"https:\/\/aianduskool.ee\/kurgisobrad\/wp-json\/wp\/v2\/pages\/411","targetHints":{"allow":["GET"]}}],"collection":[{"href":"https:\/\/aianduskool.ee\/kurgisobrad\/wp-json\/wp\/v2\/pages"}],"about":[{"href":"https:\/\/aianduskool.ee\/kurgisobrad\/wp-json\/wp\/v2\/types\/page"}],"author":[{"embeddable":true,"href":"https:\/\/aianduskool.ee\/kurgisobrad\/wp-json\/wp\/v2\/users\/2"}],"replies":[{"embeddable":true,"href":"https:\/\/aianduskool.ee\/kurgisobrad\/wp-json\/wp\/v2\/comments?post=411"}],"version-history":[{"count":3,"href":"https:\/\/aianduskool.ee\/kurgisobrad\/wp-json\/wp\/v2\/pages\/411\/revisions"}],"predecessor-version":[{"id":414,"href":"https:\/\/aianduskool.ee\/kurgisobrad\/wp-json\/wp\/v2\/pages\/411\/revisions\/414"}],"up":[{"embeddable":true,"href":"https:\/\/aianduskool.ee\/kurgisobrad\/wp-json\/wp\/v2\/pages\/19"}],"wp:attachment":[{"href":"https:\/\/aianduskool.ee\/kurgisobrad\/wp-json\/wp\/v2\/media?parent=411"}],"curies":[{"name":"wp","href":"https:\/\/api.w.org\/{rel}","templated":true}]}}