{"id":604,"date":"2021-04-05T11:15:19","date_gmt":"2021-04-05T08:15:19","guid":{"rendered":"https:\/\/aianduskool.ee\/kurgisobrad2021\/?page_id=604"},"modified":"2021-04-05T11:31:19","modified_gmt":"2021-04-05T08:31:19","slug":"7-nadala-kokkuvote","status":"publish","type":"page","link":"https:\/\/aianduskool.ee\/kurgisobrad2021\/blogid\/7-nadala-kokkuvote\/","title":{"rendered":"7.n\u00e4dala kokkuv\u00f5te"},"content":{"rendered":"<p>Hea s\u00f5ber!<\/p>\n<p>K\u00e4es on esmasp\u00e4ev ning aeg on taas eelmine n\u00e4dal kokku v\u00f5tta.<br \/>\n7. n\u00e4dalal tegelesime tavap\u00e4raste tegevustega \u2013 hooldati (kasteti, v\u00e4etati) ja uuriti taimi. Saabusid ka esimesed teated, et m\u00f5ned kurgitaimed on \u00f5itsema hakanud.<br \/>\nNalja sai ka, sest eelmise n\u00e4dala neljap\u00e4ev oli 1. aprill, mis on naljap\u00e4ev. Ait\u00e4h toredate naljade eest, mis meie Facebook`i lehele postitasite!<br \/>\nKuna aprill on naljakuu, siis ka j\u00e4rgnevatel n\u00e4dalatel v\u00f5ib naljajutte r\u00e4\u00e4kida. Hea tuju turgutab immuunsuss\u00fcsteemi \ud83d\ude42<br \/>\nAlgas loomekonkurss, mis kestab 18.aprillini. Konkursit\u00f6\u00f6 tingimusi vaata <a href=\"https:\/\/aianduskool.ee\/kurgisobrad2021\/konkursid\/\">siit.<\/a><\/p>\n<p><strong>Mis juhtub projekti kaheksandal n\u00e4dalal?\u00a0<\/strong><\/p>\n<p>Kaheksandal n\u00e4dalal j\u00e4tkame kurgitaimede kasvatamise ja j\u00e4lgimisega.<br \/>\nJ\u00e4tkuvad projektip\u00e4eviku ja loomekonkurss.<br \/>\nKindlasti uuri, mida \u00fctleb n\u00e4dala nipp ning vasta uuele viktoriinik\u00fcsimusele, t\u00e4ida projektip\u00e4evikut!<\/p>\n<p>&nbsp;<\/p>\n<p><strong>Taimeprojekti \u201cKurgis\u00f5brad\u201d meeskond soovib Sulle p\u00e4ikeselist ja p\u00f5nevat n\u00e4dalat!\u00a0<\/strong><\/p>\n","protected":false},"excerpt":{"rendered":"<p>Hea s\u00f5ber! K\u00e4es on esmasp\u00e4ev ning aeg on taas eelmine n\u00e4dal kokku v\u00f5tta. 7. n\u00e4dalal tegelesime tavap\u00e4raste tegevustega \u2013 hooldati (kasteti, v\u00e4etati) ja uuriti taimi. Saabusid ka esimesed teated, et m\u00f5ned kurgitaimed on \u00f5itsema hakanud. Nalja sai ka, sest eelmise n\u00e4dala neljap\u00e4ev oli 1. aprill, mis on naljap\u00e4ev. Ait\u00e4h toredate naljade eest, mis meie Facebook`i lehele postitasite! Kuna aprill on naljakuu, siis ka j\u00e4rgnevatel n\u00e4dalatel v\u00f5ib naljajutte r\u00e4\u00e4kida. Hea tuju turgutab immuunsuss\u00fcsteemi \ud83d\ude42 Algas loomekonkurss, mis kestab 18.aprillini. Konkursit\u00f6\u00f6 tingimusi vaata siit. Mis juhtub projekti kaheksandal n\u00e4dalal?\u00a0 Kaheksandal n\u00e4dalal j\u00e4tkame kurgitaimede kasvatamise ja j\u00e4lgimisega. J\u00e4tkuvad projektip\u00e4eviku ja loomekonkurss. Kindlasti uuri,..<\/p>\n","protected":false},"author":3,"featured_media":0,"parent":23,"menu_order":0,"comment_status":"closed","ping_status":"closed","template":"","meta":{"footnotes":""},"class_list":["post-604","page","type-page","status-publish","hentry"],"_links":{"self":[{"href":"https:\/\/aianduskool.ee\/kurgisobrad2021\/wp-json\/wp\/v2\/pages\/604","targetHints":{"allow":["GET"]}}],"collection":[{"href":"https:\/\/aianduskool.ee\/kurgisobrad2021\/wp-json\/wp\/v2\/pages"}],"about":[{"href":"https:\/\/aianduskool.ee\/kurgisobrad2021\/wp-json\/wp\/v2\/types\/page"}],"author":[{"embeddable":true,"href":"https:\/\/aianduskool.ee\/kurgisobrad2021\/wp-json\/wp\/v2\/users\/3"}],"replies":[{"embeddable":true,"href":"https:\/\/aianduskool.ee\/kurgisobrad2021\/wp-json\/wp\/v2\/comments?post=604"}],"version-history":[{"count":3,"href":"https:\/\/aianduskool.ee\/kurgisobrad2021\/wp-json\/wp\/v2\/pages\/604\/revisions"}],"predecessor-version":[{"id":607,"href":"https:\/\/aianduskool.ee\/kurgisobrad2021\/wp-json\/wp\/v2\/pages\/604\/revisions\/607"}],"up":[{"embeddable":true,"href":"https:\/\/aianduskool.ee\/kurgisobrad2021\/wp-json\/wp\/v2\/pages\/23"}],"wp:attachment":[{"href":"https:\/\/aianduskool.ee\/kurgisobrad2021\/wp-json\/wp\/v2\/media?parent=604"}],"curies":[{"name":"wp","href":"https:\/\/api.w.org\/{rel}","templated":true}]}}