{"id":674,"date":"2021-05-26T11:15:57","date_gmt":"2021-05-26T08:15:57","guid":{"rendered":"https:\/\/aianduskool.ee\/kurgisobrad2021\/?page_id=674"},"modified":"2021-05-27T12:17:50","modified_gmt":"2021-05-27T09:17:50","slug":"projekti-kokkuvote","status":"publish","type":"page","link":"https:\/\/aianduskool.ee\/kurgisobrad2021\/blogid\/projekti-kokkuvote\/","title":{"rendered":"Projekti kokkuv\u00f5te"},"content":{"rendered":"<p style=\"text-align: center;\">Selle-aastane taimeprojekt \u201eKurgis\u00f5brad\u201c on ametlikult l\u00f5ppenud. Projekt kestis kokku 13 n\u00e4dalat.<\/p>\n<p style=\"text-align: center;\">Selle aja jooksul saime tunda nii r\u00f5\u00f5mu kui muresid. Suur r\u00f5\u00f5m oli taimede t\u00e4rkamisest, viljade moodustamisest, esimesest kurgisaagist.. Muret p\u00f5hjustasid kurkide vigastamine \u00fcmberistutamisel (mille tagaj\u00e4rjel kurgitaim h\u00e4vines), kahjurid, p\u00e4ikesep\u00f5letused, viljade mittemoodustumine.<\/p>\n<p style=\"text-align: center;\">Projekti raames toimus ka kaks v\u00f5istlust. Projekti loomekonkursile ja projektip\u00e4eviku konkursile laekus palju oman\u00e4olisi ja imeilusaid t\u00f6id. Valikut teha oli v\u00e4ga v\u00e4ga keeruline!<\/p>\n<p style=\"text-align: center;\"><strong>Ait\u00e4h teile kaasa l\u00f6\u00f6mast!<\/strong><\/p>\n<p style=\"text-align: center;\"><strong>Suur kummardus ka neile r\u00fchmadele, kes t\u00e4itsid usinalt katseandmete tabelit ja selle meile edastasid!<\/strong><\/p>\n<p style=\"text-align: center;\">Meile laekunud katseandmete tabelitest v\u00f5is teha j\u00e4relduse, et suurem osa projektis osalenud r\u00fchmasid said oma <strong>kurgiseemned k\u00fclvatud<\/strong> 15.veebruaril- meie projekti ametlikul algusp\u00e4eval.<strong> Taimede t\u00e4rkamine<\/strong> v\u00f5ttis aega keskmiselt 5 p\u00e4eva. Oli ka kiireid t\u00e4rkajaid (2-3 p\u00e4eva) ning ka pisut hilisemaid (7 p\u00e4eva). \u00dcksikud kurgitaimed otsustasid kasvama hakata lausa 13 p\u00e4eva p\u00e4rast seemne k\u00fclvamist. T\u00e4rkamise aeg olenes palju seemne k\u00fclvamise s\u00fcgavusest (st. kui s\u00fcgavale potti kurgiseeme k\u00fclvati) ja ruumi temperatuurist ning substraadi niiskusest.<\/p>\n<p style=\"text-align: center;\"><strong>Esimene p\u00e4risleht<\/strong> tekkis enamasti veebruarikuu l\u00f5puks. Keskmiselt v\u00f5ttis see aega 13 p\u00e4eva. Muidugi oli ka siin eriti kiireid (esimene p\u00e4risleht tekkis juba 8 p\u00e4evaga) ja \u00fcsna aeglaseid\u00a0 kurgitaimi (esimene p\u00e4risleht moodustus alles 21. p\u00e4evaga). Eks iga kurgitaim ootas oma \u00f5iget aega, et esimene p\u00e4risleht moodustada \u2013 tasa s\u00f5uad, kaugele j\u00f5uad \ud83d\ude42<\/p>\n<p style=\"text-align: center;\"><strong>Esimese k\u00fclgv\u00f5rse<\/strong> tekkimine v\u00f5ttis keskmiselt aega 39 p\u00e4eva. K\u00f5ige kauem v\u00f5ttis k\u00fclgv\u00f5rse tekkimine aega 82 p\u00e4eva, k\u00f5ige kiirem kurgitaim sai sellega hakkama 20 p\u00e4evaga.<\/p>\n<p style=\"text-align: center;\"><strong>Esimesed \u00f5ied<\/strong> ilmusid keskmiselt 45 p\u00e4eva p\u00e4rast kurgiseemnete k\u00fclvamisest. Siingi oli \u00fcllatajaid. Eriti usin kurgitaim sai oma esimese \u00f5ie moodustada juba 30 p\u00e4eva p\u00e4rast kurgiseemne k\u00fclvamist ja veidi m\u00f5tlikumal kurgil kulus selleks 66 p\u00e4eva. <strong>\u00d5is avanes<\/strong> enamasti 3-4 p\u00e4evaga.<\/p>\n<p style=\"text-align: center;\"><strong>Viljade<\/strong> moodustumist hakati m\u00e4rkama keskmiselt 56 p\u00e4eva p\u00e4rast kurgiseemnete k\u00fclvamist. Juhtus ka seda, et vilju ei tekkinudki. Meie ja ka Horticom\u00b4i jaoks oli see suur \u00fcllatus!<\/p>\n<p style=\"text-align: center;\"><strong>Esimene vili valmis<\/strong> keskmiselt 73 p\u00e4eva p\u00e4rast k\u00fclvi. Ehk siis\u00a0 keskmiselt 28 p\u00e4eva p\u00e4rast \u00f5ie tekkimist ja 17 p\u00e4eva p\u00e4rast vilja moodustumist. <strong>Valminud vilju<\/strong> \u00fchel kurgitaimel projekti l\u00f5puks oli keskmiselt 5. Oli ka suuri \u00fcllatajaid- kurgitaim, kellel oli ette n\u00e4idata juba 12 valminud vilja. M\u00f5nel kurgil vilju ei moodustunudki- tekkisid ainult isas\u00f5ied. Meie jaoks oli see suur \u00fcllatus. Miks see nii oli, ei oskagi t\u00e4pselt \u00f6elda, kuid arvame, et probleem v\u00f5ib olla seemnes, mis ei kasvatanud sordiehtsat taime. Seemnetega taimede kasvatamisel v\u00f5ib seda tegelikult ikka ette tulla. Seemnetega paljundamisel ei saa kunagi 100% sordiehtsaid taimi. Vahepeal esineb imepisike t\u00f5en\u00e4osus, et m\u00f5ni taim ei oma sordi tunnuseid. Seemnetele nn. &#8220;peale vaadates&#8221; ei ole seda v\u00f5imalik m\u00e4\u00e4rata. Selgus saabub ikka alles taime kasvatamise k\u00e4igus. V\u00f5tsime \u00fchendust ka Horticom\u00b4iga, kes meid seemnetega varustas, ja ka nemad olid sellest kuuldes \u00fcllatunud. Varem sellist asja ei ole juhtunud. <strong>Projekti perioodil valmis 377 kurki \ud83d\ude42<\/strong> . Kurkide arv on saadud nende katseandmete p\u00f5hjal, mis meile laekusid.<\/p>\n<p style=\"text-align: center;\">Keskmiselt kasvatasid kurgitaimed 213 cm pikkuse varre. Pikema varrega kurgitaim oli 416 cm ja k\u00f5ige l\u00fchema varrega 15 cm pikkune. Kurgitaime varre pikkust m\u00f5jutab kindlasti\u00a0seemnete k\u00fclvamise aeg, kasvukoha tingimused, projekti perioodi jooksul toimunud taimede \u00fcmberistutamiste arv ning v\u00e4etise kasutamine kasvu ajal.<\/p>\n<p style=\"text-align: center;\">Meie katse k\u00e4igus tuli pooltelt kurgitaimedel k\u00fclgv\u00f5rsed eemaldada ja j\u00e4lgida, kas seesugune tegevus m\u00f5jutab kurgi kasvu ja saagikust.<\/p>\n<p style=\"text-align: center;\">Laekunud katseandmete p\u00f5hjal saame v\u00e4ita, et <strong>k\u00fclgv\u00f5rsete eemaldamine kurgitaime kasvu ja saagikust suurel m\u00e4\u00e4ral ei m\u00f5juta<\/strong>. Oli r\u00fchmi\/gruppe, kus k\u00fclgv\u00f5rsete eemaldamine taimelt t\u00f5i kaasa tema pikema kasvu projekti l\u00f5puks, aga v\u00f5is m\u00e4rgata ka seda, et hoolimata k\u00fclgv\u00f5rsete \u201ekadumisest\u201c olid taimed projekti l\u00f5puks enam-v\u00e4hem \u00fchepikkuste vartega. Sama t\u00e4helepanek kehtib ka kurgitaimede saagikuse kohta.<\/p>\n<p style=\"text-align: center;\">Projekt l\u00f5ppes 16.mail 2021, kuid paljud grupid otsustasid kurgitaimede kasvatamist j\u00e4tkata, sest taimed olid veel t\u00e4ies eluj\u00f5us ja plaanisid projektis osalejaid saagiga veelgi r\u00f5\u00f5mustada.<\/p>\n<p style=\"text-align: center;\"><strong>Ait\u00e4h teile veelkord, toredat suvepuhkust ja uute kohtumiseni!<\/strong><\/p>\n","protected":false},"excerpt":{"rendered":"<p>Selle-aastane taimeprojekt \u201eKurgis\u00f5brad\u201c on ametlikult l\u00f5ppenud. Projekt kestis kokku 13 n\u00e4dalat. Selle aja jooksul saime tunda nii r\u00f5\u00f5mu kui muresid. Suur r\u00f5\u00f5m oli taimede t\u00e4rkamisest, viljade moodustamisest, esimesest kurgisaagist.. Muret p\u00f5hjustasid kurkide vigastamine \u00fcmberistutamisel (mille tagaj\u00e4rjel kurgitaim h\u00e4vines), kahjurid, p\u00e4ikesep\u00f5letused, viljade mittemoodustumine. Projekti raames toimus ka kaks v\u00f5istlust. Projekti loomekonkursile ja projektip\u00e4eviku konkursile laekus palju oman\u00e4olisi ja imeilusaid t\u00f6id. Valikut teha oli v\u00e4ga v\u00e4ga keeruline! Ait\u00e4h teile kaasa l\u00f6\u00f6mast! Suur kummardus ka neile r\u00fchmadele, kes t\u00e4itsid usinalt katseandmete tabelit ja selle meile edastasid! Meile laekunud katseandmete tabelitest v\u00f5is teha j\u00e4relduse, et suurem osa projektis osalenud r\u00fchmasid said oma kurgiseemned k\u00fclvatud..<\/p>\n","protected":false},"author":3,"featured_media":0,"parent":23,"menu_order":0,"comment_status":"closed","ping_status":"closed","template":"","meta":{"footnotes":""},"class_list":["post-674","page","type-page","status-publish","hentry"],"_links":{"self":[{"href":"https:\/\/aianduskool.ee\/kurgisobrad2021\/wp-json\/wp\/v2\/pages\/674","targetHints":{"allow":["GET"]}}],"collection":[{"href":"https:\/\/aianduskool.ee\/kurgisobrad2021\/wp-json\/wp\/v2\/pages"}],"about":[{"href":"https:\/\/aianduskool.ee\/kurgisobrad2021\/wp-json\/wp\/v2\/types\/page"}],"author":[{"embeddable":true,"href":"https:\/\/aianduskool.ee\/kurgisobrad2021\/wp-json\/wp\/v2\/users\/3"}],"replies":[{"embeddable":true,"href":"https:\/\/aianduskool.ee\/kurgisobrad2021\/wp-json\/wp\/v2\/comments?post=674"}],"version-history":[{"count":5,"href":"https:\/\/aianduskool.ee\/kurgisobrad2021\/wp-json\/wp\/v2\/pages\/674\/revisions"}],"predecessor-version":[{"id":682,"href":"https:\/\/aianduskool.ee\/kurgisobrad2021\/wp-json\/wp\/v2\/pages\/674\/revisions\/682"}],"up":[{"embeddable":true,"href":"https:\/\/aianduskool.ee\/kurgisobrad2021\/wp-json\/wp\/v2\/pages\/23"}],"wp:attachment":[{"href":"https:\/\/aianduskool.ee\/kurgisobrad2021\/wp-json\/wp\/v2\/media?parent=674"}],"curies":[{"name":"wp","href":"https:\/\/api.w.org\/{rel}","templated":true}]}}