{"id":99,"date":"2015-09-20T12:59:44","date_gmt":"2015-09-20T09:59:44","guid":{"rendered":"http:\/\/aianduskool.ee\/lilled\/?page_id=99"},"modified":"2016-03-30T12:00:07","modified_gmt":"2016-03-30T09:00:07","slug":"peenarde-rajamine","status":"publish","type":"page","link":"https:\/\/aianduskool.ee\/lilled\/peenarde-rajamine\/","title":{"rendered":"Peenarde rajamine"},"content":{"rendered":"<p>Lillepeenra rajamine algab maham\u00e4rkimisega, et peenar valmistataks ette \u00f5igel kohal ja \u00f5ige suurusega. Maham\u00e4rkimise aluseks on plaan. Maham\u00e4rkimisel v\u00f5ib kasutada nt aiavoolikut, grilltikke, aian\u00f6\u00f6ri, liiva v\u00f5i spreiv\u00e4rvi. Sellega m\u00e4rgitakse maha peenra kuju ja suurus.<\/p>\n<h1><span style=\"color: #ff6600;\">Lillepeenra, kasvukoha ettevalmistamine<\/span><\/h1>\n<p>Ettevalmistamine algab \u00fcldjuhul s\u00fcgisel, olemasolevast situsatsioonist tulenevalt ka juba suve teisel poolel.\u00a0J\u00e4ttes ettevalmistust\u00f6\u00f6d kevadeks, v\u00f5ib hilineda taimede istutamine, eriti kui tegemist on pika ja jaheda kevadega. Suve teisel poolel valmistatakse ette peenar ka siis, kui planeeritakse istutada kevadel \u00f5itsevaid sibullilli (nt tulbid, nartsissid, lumikellukesed, krookused, koerahambad jms).<\/p>\n<p><span style=\"color: #ff6600;\"><strong>S\u00fcgis<\/strong><\/span>esed ettevalmistust\u00f6\u00f6d seisnevad\u00a0eelk\u00f5ige umbrohut\u00f5rjes, v\u00e4etiste lisamises, maa l\u00e4bikaevamises ja umbrohujuurte eemaldamises. Umbrohut\u00f5rjeks v\u00f5ib olukorrast l\u00e4htuvalt kasutada mitut erinevat v\u00f5imalust.<\/p>\n<p>Kui peenar rajatakse eelnevalt haritud maale (nt p\u00f5llumaa), tuleb s\u00fcgisel ette v\u00f5tta v\u00e4etiste lisamine, kaevamine ja umbrohujuurte eemaldamine. Kui peenar rajatakse murule ja\/v\u00f5i tugevalt umbrohtunud alale, tuleb enne kaevamist l\u00e4bi viia murukamara eemaldamine ja umbrohut\u00f5rje. Murukamara eemaldamiseks on mitu v\u00f5imalust. Enam leiab kasutust herbitsiidi kasutamine. Keemiliste preparaatide kasutamisel tuleb kindlasti l\u00e4htuda pakendil olevast juhendist ning j\u00e4rgida ohutusn\u00f5udeid. Herbitsiide kasutatakse, kuna see v\u00f5imaldab murutaimedest ja umbrohtudest vabaneda suhteliselt kiiresti (m\u00f5ne n\u00e4dala jooksul).<\/p>\n<p>Koduaedades v\u00f5iks murukamarat siiski eemaldada mehaaniliselt, kas labidaga l\u00f5igates v\u00f5i masinatega harides. Murutaimiku eemaldamisel on soovitatav v\u00f5imalikult v\u00e4he mulda ettevalmistavalt alalt eemaldada. Tegemist on huumus- ja toitaineterikka mullaga. Kui see eemaldatakse, tuleb viljakat mulda asemele\u00a0tuua.<\/p>\n<p>Peenarde ettevalmistamisel kaevatakse maa 20-40 cm s\u00fcgavuselt l\u00e4bi. Kui esineb tugeva ja s\u00fcgavale tungiva juurestikuga umbrohtusid (nt ohakad, v\u00f5ilill, orashein, naat jt), v\u00f5ib olla vajalik s\u00fcgavam kaevamine (arvestada v\u00f5ib kahe labidalehe s\u00fcgavusega). See ongi vajalik umbrohujuurte eemaldamiseks. Suuremate lillepeenarde pinnase ettevalmistamisel kasutatakse freesi. Freesi kasutamisel tuleb arvestada, et see l\u00f5ikab umbrohtude juured v\u00e4iksemateks t\u00fckkideks ning neid on keerulisem mullast eemaldada. Samuti peab freesi kasutamisel olema ettevalmistatv muld kividest vaba, kuna kivid v\u00f5ivad l\u00f5hkuda masinat.<\/p>\n<p>Enne mulla l\u00e4bikaevamist v\u00f5i freesimist lisatakse mulda v\u00e4etised. S\u00fcgisel lisatakse orgaanilisi v\u00e4etisi (nt kompost, k\u00f5dus\u00f5nnik) ja mineraalv\u00e4etistes fosfori- ja kaaliumirikkaid v\u00e4etisi. V\u00e4etiste kasutamine s\u00f5ltub vajadustest &#8211; mulla viljakusest, planeeritavate taimede toitaineten\u00f5udlusest. L\u00e4mmastikurikkaid v\u00e4etisi s\u00fcgisel, peera ettevalmistamisel kindlasti ei kasutata, sest l\u00e4mmastik on mullas halvasti p\u00fcsiv. Pigem tasuks l\u00e4mmastikurikast v\u00e4etist anda kevadel. Samuti kasutatakse s\u00fcgisel mulla happesuse (pH) reguleerimiseks\u00a0lubiv\u00e4etiseid (j\u00e4llegi vastavalt vajadusele). Optimaalne mulla pH p\u00fcsililledele v\u00f5iks olla keskmiselt 5,5-6,5. Mulla l\u00f5imise parandamiseks v\u00f5ib savirikastele muldadele lisada liiva, liivastele muldadele aga savirikast mulda. Mulla omaduste parandamiseks v\u00f5ib mulda segada ka turvast. Turba kasutamisel tuleb arvestada asjaoluga, et naturaalne turvas on happeline ja muudab ka peenra mulla happelisemaks. Kogu mulla ettevalmistamise ajal toimub pidev umbrohujuurte eemaldamine. Mida rohkem umbrohtude juuri eemaldatakse,\u00a0seda v\u00e4hem on hiljem rohimist. P\u00e4rast s\u00fcgisesi rajamist\u00f6id j\u00e4etakse peenar kevadet ootama.<\/p>\n<p><span style=\"color: #ff6600;\"><strong>Kevad<\/strong><\/span>el alustatakse t\u00f6\u00f6dega esimesel v\u00f5imalusel, p\u00e4rast mulla tahenemist. Siis toimub pinnase tasandamine, vajadusel umbrohujuurte eemaldamine. Kui rajamist\u00f6\u00f6dega alustatakse kevadel, tehakse k\u00f5ik t\u00f6\u00f6d just siis. V\u00e4etiste kasutamisel v\u00f5ib kevadel kasutada l\u00e4mmastikurikast kompleksv\u00e4etist. Orgaanilisest v\u00e4etisest v\u00f5ib kevadel kasutada komposti. K\u00f5dus\u00f5nnik j\u00e4\u00e4gu vaid s\u00fcgiseseks kasutamiseks kuna see vajab pikemat aega mullas laagerdumist. Lubiv\u00e4etiste kasutamisel peab arvestama selle m\u00f5juks kuluva ajaga. Lubiv\u00e4etise toimeaeg kestab niiskes mullas 3-4 n\u00e4dalat, st et happeline muld muutub lubiv\u00e4etise kasutamise tagaj\u00e4rjel neutraalsemaks alles p\u00e4rast 3-4 n\u00e4dala m\u00f6\u00f6dumist.<\/p>\n<p>Enne taimede istutamist v\u00f5iks ettevalmistatud, tasandatud mullal lasta vajuda. Selleks kulub 2-4 n\u00e4dalat. Sama ajaga arvestatakse ka siis kui peenra ettevalmistust\u00f6\u00f6d v\u00f5etakse ette suve teisel poolel. Kui taimed istutatakse kohe p\u00e4rast mulla tasandamist, v\u00f5ib peenra pind mulla vajumise t\u00f5ttu muutuda konarlikuks. Lohukesi ja konarusi on hiljem keeruline istutatud taimede vahelt tasandada. Samuti koguneb lohukestesse vihmavesi, tekivad liigniisked kohad.<\/p>\n<p>Enne taimede istutamist m\u00e4rgitakse peenrale taimede istutuskohad. Siin on taaskord aluseks peenra plaan. Istutuskohad m\u00e4rgitakse peenrale kas liiva, grilltikkude vms materjaliga. Taimede istutuskohtadele v\u00f5ib paigutada ka pottidega taimed. Nii on v\u00f5imalik n\u00e4ha konkreetset taimede paigutust ning vajadusel veel enne istutamist vajalikke muudatusi teha.<\/p>\n<h1><span style=\"color: #ff6600;\">Istutamine<\/span><\/h1>\n<p>Lillede istikuid istutatakse \u00fcldjuhul 3-4 n\u00e4dalat p\u00e4rast peenra ettevalmistamist.\u00a0Istutatavad taimed on enamasti potitaimed, millel on h\u00e4sti v\u00e4ljakujunenud juurestik ja taluvad v\u00e4ga h\u00e4sti kasvukohale istutamist. Neid v\u00f5ib istutada kogu vegetatsiooniniperioodi jooksul. Vahekaugused istutamisel j\u00e4etakse l\u00e4htuvalt taime kasvukujust ja -tugevusest:<\/p>\n<ul>\n<li>n\u00f5rga- ja madalakasvulised p\u00fcsikud keskmiselt 15 cm,<\/li>\n<li>keskmisekasvulised 20-25 cm,<\/li>\n<li>suured ja laiuvad taimed, ka kiirekasvulides pinnakattetaimed 30-50 cm.<\/li>\n<\/ul>\n<p>Enne istutamist kontrollitakse, kas mullapall on piisavalt niiske. Kui mullapall on kuiv, kastetakse taimi korralikult. L\u00e4bikuivanud mullapalli korral hoitakse seda vees kuni t\u00e4ieliku m\u00e4rgumiseni. Istutamisel v\u00f5etakse taimed potist v\u00e4lja ja uuritakse juuri. Kui mullapall on tugevalt l\u00e4bi kasvanud ning juured kasvavad poti p\u00f5hjas ringe moodustades, harutatakse juured lahti (juurestik avatakse). Juurepalli v\u00f5ib ka veidi altpoolt lahti murda v\u00f5i l\u00f5igata. Selleks tehakse\u00a0juurepalli k\u00fclgedelt ja p\u00f5hjast aianoaga sissel\u00f5iked. See parandab taime juurdumist. Istutusauk olgu v\u00e4hemalt poole v\u00f5rra mullapallist suurem. Nii mahuvad juured vabalt istutusauku. Liigselt v\u00e4ikese istutusaugu korral ei pruugi juured sellesse \u00e4ra mahtuda v\u00f5i j\u00e4\u00e4da k\u00f5veralt. V\u00e4ikestesse istutusaukudesse ja avamata juurepalliga istutatud taimed ei juurdu kuigi h\u00e4sti, juured j\u00e4\u00e4vad ringlema samasse keskkonda, kus nad olid. Sellised taimed ei talvitu kuigi h\u00e4sti ning v\u00f5ivad kevadeks h\u00e4vida.<\/p>\n<p>Istutamiseks tasuks valida pilvise ilmaga p\u00e4ev v\u00f5i p\u00e4rastl\u00f5una, et v\u00e4ltida taimest liigset vee aurumist.\u00a0Taimed istutatakse samale s\u00fcgavusele, nagu ta enne potis kasvasid. S\u00fcgavamale istutades satub juurekael mulda, mis omakorda v\u00f5ib olla p\u00f5hjuseks haiguste\u00a0tekkimisele. Liigselt k\u00f5rgele istutades j\u00e4\u00e4b osa juurtest mullapinnale v\u00f5i suisa mullast v\u00e4lja. See aga p\u00f5hjustab juurte kuivamist ning taimede h\u00e4vimist.<\/p>\n<p>Istutamise j\u00e4rel kastetakse. Enne istutamist valatakse vett istutusauku juhul kui muld on peenras kuiv. Istutamise ja kastmise j\u00e4rel kobestatakse muld taimede \u00fcmbert. See takistab mullakooriku teket ning v\u00e4hendab vee kadu mullast.<\/p>\n<p>\u00d6\u00f6k\u00fclmade ohu korral kaitstakse taimi kattelooriga. Katteloori paigutamisel suurematele taimedele tuleb j\u00e4lgida, et see poleks lehtedega kontaktis. Sellest kohast v\u00f5ivad taimede lehed k\u00fclmakahjustuse siiski saada. Selle v\u00e4ltimiseks tasuks paigutada taimede \u00fcmber karkass, millele asetatakse\u00a0katteloor.<\/p>\n<p>P\u00fcsilillepeenraid v\u00f5ib p\u00e4rast taimede istutamist katta mult\u0161iga. Mult\u0161imaterjaliks v\u00f5ib kasutada purustatud m\u00e4nnipuukoort, puiduhaket, peenkillustikku, spetsiaalseid kive jms. Mult\u0161ikihi t\u00fcseduseks arvestatakse 5-10 cm. Taime juurekaela \u00fcmbuses j\u00e4etakse muld v\u00e4hemalt 5 cm ulatuses mult\u0161ist vabaks, et juurekaela \u00fcmber ei tekiks liigniiskust, mis omakorda p\u00f5hjustab haiguste tekkimist ja toob kaasa taimede hukkumise.<\/p>\n<p>Esimene v\u00e4etamine toimub 3-4 n\u00e4dalat p\u00e4rast istutamist, siis kui\u00a0taimed on \u00a0juurdunud.<\/p>\n<h1><span style=\"color: #ff6600;\">Eri-istutusv\u00f5tted<\/span><\/h1>\n<p><span style=\"color: #ff6600;\">Aediirised<\/span>\u00a0on \u00fched armastatud p\u00fcsililled, kelle risoom peab istutamisel mullast v\u00e4lja j\u00e4\u00e4ma. Aediirise risoomid vajavad valgust ja soojust. Kattes aediirise risoomid mullaga, v\u00f5ivad need kergesti m\u00e4danikest tabanduda, samuti v\u00e4heneb \u00f5itsemine. Aediirise risoomide istutamiseks tehakse istutusaugu p\u00f5hja kuhulik, millele paigutatakse risoom. Juured paigutatakse sirgelt m\u00f6\u00f6da mullakuhuliku k\u00fclgi alla ja kaetakse mullaga. Aediirise risoomid istutatakse paremate kasvutingumuste saavutamiseks p\u00f5hja-l\u00f5una suunaliselt nii, et risoom on avatud l\u00f5unap\u00e4ikesele. Lehtedest &#8220;lehvik&#8221; j\u00e4\u00e4gu p\u00f5hjasuunda. Aediirise \u00fcmbrust ei mult\u0161ita. Nii nagu risoomid ei talu mullaga katmist, ei talu nad ka mult\u0161iga katmist. Pikemalt aediiriste istutamise kohta saab lugeda\u00a0<a href=\"http:\/\/ak.rapina.ee\/katrinu\/iiris\/aediirise_kasvukoha_ettevalmistamine_ja_istutamine.html\" target=\"_blank\">siit<\/a>.<\/p>\n<p><span style=\"color: #ff6600;\">Sibullilled<\/span>\u00a0on samuti \u00fched armastatud p\u00fcsililled, sest toovad aeda v\u00e4rve juba varakevadel. Sibullillede sibulaid istutatakse kevadel ja s\u00fcgisel. Kevadel istutatakse peamiselt k\u00fclma\u00f5rnu sibullilli (nt gladioolide mugulsibulaid) ja s\u00fcgisel k\u00fclmakindlaid sibullilli (nt tulbi, lumikellukese jt sibulaid). Nartsisside sibulaid istutatakse augusti teises pooles, septembri alguses. Tulpide sibulaid istutatakse hiljem, septembris-oktoobris. Sibullillede sibulad istutatakse kolme sibula l\u00e4bim\u00f5\u00f5du s\u00fcgavusse. Sibulate vahekauguseks j\u00e4etakse, olenevalt taime kasvutugevusest ja kujundusest 5-30 cm. \u00a0Kui s\u00fcgisene sibulate istutamine j\u00e4i hiljaks, v\u00f5ib istutuskohad katta mult\u0161iga v\u00f5i kuuseokstega.<\/p>\n<p><span style=\"color: #ff6600;\">Lisalugemist:\u00a0<\/span><\/p>\n<ul>\n<li><a href=\"http:\/\/ak.rapina.ee\/katrinu\/liilia\/kasvukoha_ettevalmistamine_ja_istutamine.html\" target=\"_blank\">liiliate istutamine<\/a><\/li>\n<li><a href=\"http:\/\/ak.rapina.ee\/katrinu\/nartsiss\/nuded_kasvukohale_istutamine_ja_hooldamine.html\" target=\"_blank\">nartsisside istutamine<\/a><\/li>\n<li><a href=\"http:\/\/ak.rapina.ee\/katrinu\/TULBID\/kasvukoht.html\" target=\"_blank\">tulpide istutamine<\/a><\/li>\n<li><a href=\"http:\/\/ak.rapina.ee\/katrinu\/TULBID\/kasvukoht.html\" target=\"_blank\">gladioolide istutamine<\/a><\/li>\n<li><a href=\"http:\/\/ak.rapina.ee\/katrinu\/pojeng\/kasvukoha_ettevalmistamine_ja_istutamine.html\" target=\"_blank\">pojengide istutamine<\/a><\/li>\n<li><a href=\"http:\/\/ak.rapina.ee\/katrinu\/paevaliilia\/kasvukoha_ettevalmistamine_ja_istutamine.html\" target=\"_blank\">p\u00e4evaliiliate istutamine<\/a><\/li>\n<\/ul>\n","protected":false},"excerpt":{"rendered":"<p>Lillepeenra rajamine algab maham\u00e4rkimisega, et peenar valmistataks ette \u00f5igel kohal ja \u00f5ige suurusega. Maham\u00e4rkimise aluseks on plaan. Maham\u00e4rkimisel v\u00f5ib kasutada nt aiavoolikut, grilltikke, aian\u00f6\u00f6ri, liiva v\u00f5i spreiv\u00e4rvi. Sellega m\u00e4rgitakse maha [&hellip;]<\/p>\n","protected":false},"author":2,"featured_media":0,"parent":0,"menu_order":0,"comment_status":"closed","ping_status":"closed","template":"","meta":{"footnotes":""},"class_list":["post-99","page","type-page","status-publish","hentry"],"_links":{"self":[{"href":"https:\/\/aianduskool.ee\/lilled\/wp-json\/wp\/v2\/pages\/99","targetHints":{"allow":["GET"]}}],"collection":[{"href":"https:\/\/aianduskool.ee\/lilled\/wp-json\/wp\/v2\/pages"}],"about":[{"href":"https:\/\/aianduskool.ee\/lilled\/wp-json\/wp\/v2\/types\/page"}],"author":[{"embeddable":true,"href":"https:\/\/aianduskool.ee\/lilled\/wp-json\/wp\/v2\/users\/2"}],"replies":[{"embeddable":true,"href":"https:\/\/aianduskool.ee\/lilled\/wp-json\/wp\/v2\/comments?post=99"}],"version-history":[{"count":3,"href":"https:\/\/aianduskool.ee\/lilled\/wp-json\/wp\/v2\/pages\/99\/revisions"}],"predecessor-version":[{"id":136,"href":"https:\/\/aianduskool.ee\/lilled\/wp-json\/wp\/v2\/pages\/99\/revisions\/136"}],"wp:attachment":[{"href":"https:\/\/aianduskool.ee\/lilled\/wp-json\/wp\/v2\/media?parent=99"}],"curies":[{"name":"wp","href":"https:\/\/api.w.org\/{rel}","templated":true}]}}