{"id":131,"date":"2016-02-01T15:07:29","date_gmt":"2016-02-01T13:07:29","guid":{"rendered":"http:\/\/aianduskool.ee\/maasikas6brad\/?page_id=131"},"modified":"2016-02-12T13:35:46","modified_gmt":"2016-02-12T11:35:46","slug":"toetajad","status":"publish","type":"page","link":"https:\/\/aianduskool.ee\/maasikas6brad\/projekti-meeskond\/toetajad\/","title":{"rendered":"Toetajad"},"content":{"rendered":"<p>Projekti toetavad aianduskooli head s\u00f5brad ja tublid partnerid<\/p>\n<p>&nbsp;<\/p>\n<p><img loading=\"lazy\" decoding=\"async\" class=\"alignnone wp-image-299 size-full\" src=\"http:\/\/aianduskool.ee\/maasikas6brad\/wp-content\/uploads\/2016\/02\/logo_matogard.png\" alt=\"logo_matogard\" width=\"196\" height=\"118\" \/><\/p>\n<p>&nbsp;<\/p>\n<p><a href=\"http:\/\/www.matogard.ee\" target=\"_blank\">Matogard O\u00dc<\/a> on Eesti kapitalil p\u00f5hinev taime- ja lillemuldasid tootev ettev\u00f5te, mis on \u00a0tegutsenud aastast 1994. Ettev\u00f5te toodab\u00a0 erineva koostise ja happesusega k\u00f5rgekvaliteediga BIO-kompostiga rikastatud mullasegusid.<\/p>\n<p>&nbsp;<\/p>\n<hr \/>\n<p><img loading=\"lazy\" decoding=\"async\" class=\"alignnone size-medium wp-image-387\" src=\"http:\/\/aianduskool.ee\/maasikas6brad\/wp-content\/uploads\/2016\/02\/Eesti_Aiandusliit_logo-300x105.jpg\" alt=\"Eesti_Aiandusliit_logo\" width=\"300\" height=\"105\" srcset=\"https:\/\/aianduskool.ee\/maasikas6brad\/wp-content\/uploads\/2016\/02\/Eesti_Aiandusliit_logo-300x105.jpg 300w, https:\/\/aianduskool.ee\/maasikas6brad\/wp-content\/uploads\/2016\/02\/Eesti_Aiandusliit_logo-768x268.jpg 768w, https:\/\/aianduskool.ee\/maasikas6brad\/wp-content\/uploads\/2016\/02\/Eesti_Aiandusliit_logo-1024x358.jpg 1024w, https:\/\/aianduskool.ee\/maasikas6brad\/wp-content\/uploads\/2016\/02\/Eesti_Aiandusliit_logo-720x251.jpg 720w, https:\/\/aianduskool.ee\/maasikas6brad\/wp-content\/uploads\/2016\/02\/Eesti_Aiandusliit_logo.jpg 1400w\" sizes=\"auto, (max-width: 300px) 100vw, 300px\" \/><\/p>\n<p><a href=\"http:\/\/www.aiandusliit.ee\" target=\"_blank\">MT\u00dc Eesti Aiandusliit<\/a> on asutatud 09.02.1989 ja \u00fchendab aiandusvaldkonna ettev\u00f5tjaid ning haridus- ja teadusasutusi.<br \/>\nAiandusliidu eesm\u00e4rkideks on:<\/p>\n<ul>\n<li>edendada kodumaiste aiandussaaduste tootmist ja turustamist;<\/li>\n<li>osaleda\u00a0 aianduspoliitika v\u00e4ljat\u00f6\u00f6tamisel ja teha ettepanekuid \u00f5igusaktide t\u00e4iustamiseks;<\/li>\n<li>kaitsta oma liikmete huve asjaomastes riigiasutustes;<\/li>\n<li>korraldada koolitusi ja infop\u00e4evi, organiseerida\u00a0 liikmete toodangu tutvustamist messidel ja n\u00e4itustel;<\/li>\n<li>panustada j\u00e4tkusuutliku ja konkurentsiv\u00f5imelise aiandushariduse arengusse;<\/li>\n<li>esindada liikmeid erinevates koost\u00f6\u00f6projektides.<\/li>\n<\/ul>\n<p>Eesti Aiandusliit on Eestis aedniku, maastikuehitaja ja floristi kutsete kutsenadjaks ning korraldab koost\u00f6\u00f6s kutsekoolidega vastavate kutseeksamite l\u00e4biviimist ja hindamist.<\/p>\n<p>&nbsp;<\/p>\n<hr \/>\n<p>Aianduskool t\u00e4nab k\u00f5iki koost\u00f6\u00f6partnereid, kes olid taimede saatmise ja k\u00e4ttesaamise ristumispunktiks.<\/p>\n<ul>\n<li><a href=\"http:\/\/ida-viru.maavalitsus.ee\" target=\"_blank\">Ida-Viru Maavalitsus<\/a><\/li>\n<li><a href=\"https:\/\/jarva.maavalitsus.ee\" target=\"_blank\">J\u00e4rva Maavalitsus<\/a><\/li>\n<li><a href=\"https:\/\/jogeva.maavalitsus.ee\" target=\"_blank\">J\u00f5geva Maavalitsus<\/a><\/li>\n<li><a href=\"https:\/\/laane.maavalitsus.ee\" target=\"_blank\">L\u00e4\u00e4ne Maavalitsus<\/a><\/li>\n<li><a href=\"https:\/\/laane-viru.maavalitsus.ee\" target=\"_blank\">L\u00e4\u00e4ne-Viru Maavalitsus<\/a><\/li>\n<li><a href=\"http:\/\/www.loodusjatehnika.ee\" target=\"_blank\">P\u00e4rnu Pernova Loodusmaja<\/a><\/li>\n<li><a href=\"http:\/\/www.polvayg.edu.ee\" target=\"_blank\">P\u00f5va \u00dchisg\u00fcmnaasium<\/a><\/li>\n<li><a href=\"http:\/\/rapla.maavalitsus.ee\" target=\"_blank\">Rapla Maavalitsus<\/a><\/li>\n<li><a href=\"http:\/\/www.hortes.ee\" target=\"_blank\">Aianduskeskus Hortes<\/a><\/li>\n<li><a href=\"http:\/\/jardin.ee\/poed\/jardini-aianduskeskus\/\" target=\"_blank\">Jardini Aianduskeskus<\/a><\/li>\n<li><a href=\"http:\/\/www.valga.ee\" target=\"_blank\">Valga Linnavalitsus<\/a><\/li>\n<li><a href=\"http:\/\/viljandi.maavalitsus.ee\" target=\"_blank\">Viljandi Maavalitsus<\/a><\/li>\n<li><a href=\"https:\/\/voru.maavalitsus.ee\" target=\"_blank\">V\u00f5ru Maavalitsus<\/a><\/li>\n<\/ul>\n","protected":false},"excerpt":{"rendered":"<p>Projekti toetavad aianduskooli head s\u00f5brad ja tublid partnerid &nbsp; &nbsp; Matogard O\u00dc on Eesti kapitalil p\u00f5hinev taime- ja lillemuldasid tootev ettev\u00f5te, mis on \u00a0tegutsenud aastast 1994. Ettev\u00f5te toodab\u00a0 erineva koostise ja happesusega k\u00f5rgekvaliteediga BIO-kompostiga rikastatud mullasegusid. &nbsp; MT\u00dc Eesti Aiandusliit on asutatud 09.02.1989 ja \u00fchendab aiandusvaldkonna ettev\u00f5tjaid ning haridus- ja teadusasutusi. Aiandusliidu eesm\u00e4rkideks on: edendada kodumaiste aiandussaaduste tootmist ja turustamist; osaleda\u00a0 aianduspoliitika v\u00e4ljat\u00f6\u00f6tamisel ja teha ettepanekuid \u00f5igusaktide t\u00e4iustamiseks; kaitsta oma liikmete huve asjaomastes riigiasutustes; korraldada koolitusi ja infop\u00e4evi, organiseerida\u00a0 liikmete toodangu tutvustamist messidel ja n\u00e4itustel; panustada j\u00e4tkusuutliku ja konkurentsiv\u00f5imelise aiandushariduse arengusse; esindada liikmeid erinevates koost\u00f6\u00f6projektides. Eesti Aiandusliit on Eestis aedniku,..<\/p>\n","protected":false},"author":4,"featured_media":0,"parent":137,"menu_order":0,"comment_status":"closed","ping_status":"closed","template":"","meta":{"footnotes":""},"class_list":["post-131","page","type-page","status-publish","hentry"],"_links":{"self":[{"href":"https:\/\/aianduskool.ee\/maasikas6brad\/wp-json\/wp\/v2\/pages\/131","targetHints":{"allow":["GET"]}}],"collection":[{"href":"https:\/\/aianduskool.ee\/maasikas6brad\/wp-json\/wp\/v2\/pages"}],"about":[{"href":"https:\/\/aianduskool.ee\/maasikas6brad\/wp-json\/wp\/v2\/types\/page"}],"author":[{"embeddable":true,"href":"https:\/\/aianduskool.ee\/maasikas6brad\/wp-json\/wp\/v2\/users\/4"}],"replies":[{"embeddable":true,"href":"https:\/\/aianduskool.ee\/maasikas6brad\/wp-json\/wp\/v2\/comments?post=131"}],"version-history":[{"count":5,"href":"https:\/\/aianduskool.ee\/maasikas6brad\/wp-json\/wp\/v2\/pages\/131\/revisions"}],"predecessor-version":[{"id":390,"href":"https:\/\/aianduskool.ee\/maasikas6brad\/wp-json\/wp\/v2\/pages\/131\/revisions\/390"}],"up":[{"embeddable":true,"href":"https:\/\/aianduskool.ee\/maasikas6brad\/wp-json\/wp\/v2\/pages\/137"}],"wp:attachment":[{"href":"https:\/\/aianduskool.ee\/maasikas6brad\/wp-json\/wp\/v2\/media?parent=131"}],"curies":[{"name":"wp","href":"https:\/\/api.w.org\/{rel}","templated":true}]}}