{"id":228,"date":"2016-02-03T10:30:34","date_gmt":"2016-02-03T08:30:34","guid":{"rendered":"http:\/\/aianduskool.ee\/maasikas6brad\/?page_id=228"},"modified":"2016-02-23T13:25:38","modified_gmt":"2016-02-23T11:25:38","slug":"maasika-ajalugu","status":"publish","type":"page","link":"https:\/\/aianduskool.ee\/maasikas6brad\/artiklid\/maasika-ajalugu\/","title":{"rendered":"Maasika ajalugu"},"content":{"rendered":"<p>Maasika erinevad liigid kuuluvad roos\u00f5ieliste sugukonda ning maasika perekonda. Arheoloogilised leiud t\u00f5estavad, et maasika vilju tarbiti toiduks juba nooremal kiviajal (neoliitikumis) ja rauaajal. Maasikatega maiustati ka antiikajal &#8211;\u00a0 Kreekas ja Roomas. Rooma poeetide \u2013 Vergiliuse, Ovidiuse ja kirjaniku ning loodusteadlase Plinius Vanema poolt kutsuti maasikat tema aromaatsete viljade p\u00e4rast <i>Fragrum<\/i>iks (ladina keeles t\u00e4hendab <i>frago <\/i>l\u00f5hnavat).<\/p>\n<p>Teadaolevalt hakati metsmaasikat aias kasvatama alates 14. sajandist. Algul hinnati maasikat v\u00e4ga tema kaunite \u00f5ite p\u00e4rast, kuid tarbiti ka vilju. Maasikas leidis endale alguses kasvukoha lossi\u2013 ja kloostriaedades. Maitsvaid vilju serveeriti delikatessina peolaudadel koos veini, mee, hiljem ka suhkruga.<\/p>\n<p>17. sajandil kasvatati Euroopa aedades kolme looduslikult levinud liiki: metsmaasikat (ja tema teisendit kuumaasikat), k\u00f5rget maasikat ning muulukat.<\/p>\n<p>Meile praegu tuntud suurte viljadega aedmaasikas (<i>Fragaria x ananassa<\/i>) saadi kahe Ameerikast p\u00e4rit liigi\u00a0 &#8211; virgiinia maasika ja t\u0161iili maasika ristumise tulemusena. Uuel\u00a0maasikal olid virgiinia maasika \u00a0sarnased lehtede ja t\u0161iili maasikat meenutavad viljad. Esimesena kirjeldas sellist maasikat 1759.a. aednik Philipp Miller Inglismaal. Prantsusmaal nimetas 1766.a. botaanik Antoine Nicholas Duchesne saadud aretist suurte, helepunaste ning ananassi l\u00f5hna ja maitset meenutavate viljade t\u00f5ttu `Frezier de ananass` (Pineapple Strawberry) ning hiljem `<i>Fragaria ananassa`<\/i> &#8211; ananassmaasikaks (aedmaasikaks).<\/p>\n<p><span style=\"color: #ccffcc;\"><strong>Teadmisi jagas \u00f5petaja Tairi Albert<\/strong><\/span><\/p>\n<p>&nbsp;<\/p>\n","protected":false},"excerpt":{"rendered":"<p>Maasika erinevad liigid kuuluvad roos\u00f5ieliste sugukonda ning maasika perekonda. Arheoloogilised leiud t\u00f5estavad, et maasika vilju tarbiti toiduks juba nooremal kiviajal (neoliitikumis) ja rauaajal. Maasikatega maiustati ka antiikajal &#8211;\u00a0 Kreekas ja Roomas. Rooma poeetide \u2013 Vergiliuse, Ovidiuse ja kirjaniku ning loodusteadlase Plinius Vanema poolt kutsuti maasikat tema aromaatsete viljade p\u00e4rast Fragrumiks (ladina keeles t\u00e4hendab frago l\u00f5hnavat). Teadaolevalt hakati metsmaasikat aias kasvatama alates 14. sajandist. Algul hinnati maasikat v\u00e4ga tema kaunite \u00f5ite p\u00e4rast, kuid tarbiti ka vilju. Maasikas leidis endale alguses kasvukoha lossi\u2013 ja kloostriaedades. Maitsvaid vilju serveeriti delikatessina peolaudadel koos veini, mee, hiljem ka suhkruga. 17. sajandil kasvatati Euroopa aedades kolme..<\/p>\n","protected":false},"author":1,"featured_media":0,"parent":97,"menu_order":0,"comment_status":"closed","ping_status":"closed","template":"","meta":{"footnotes":""},"class_list":["post-228","page","type-page","status-publish","hentry"],"_links":{"self":[{"href":"https:\/\/aianduskool.ee\/maasikas6brad\/wp-json\/wp\/v2\/pages\/228","targetHints":{"allow":["GET"]}}],"collection":[{"href":"https:\/\/aianduskool.ee\/maasikas6brad\/wp-json\/wp\/v2\/pages"}],"about":[{"href":"https:\/\/aianduskool.ee\/maasikas6brad\/wp-json\/wp\/v2\/types\/page"}],"author":[{"embeddable":true,"href":"https:\/\/aianduskool.ee\/maasikas6brad\/wp-json\/wp\/v2\/users\/1"}],"replies":[{"embeddable":true,"href":"https:\/\/aianduskool.ee\/maasikas6brad\/wp-json\/wp\/v2\/comments?post=228"}],"version-history":[{"count":5,"href":"https:\/\/aianduskool.ee\/maasikas6brad\/wp-json\/wp\/v2\/pages\/228\/revisions"}],"predecessor-version":[{"id":561,"href":"https:\/\/aianduskool.ee\/maasikas6brad\/wp-json\/wp\/v2\/pages\/228\/revisions\/561"}],"up":[{"embeddable":true,"href":"https:\/\/aianduskool.ee\/maasikas6brad\/wp-json\/wp\/v2\/pages\/97"}],"wp:attachment":[{"href":"https:\/\/aianduskool.ee\/maasikas6brad\/wp-json\/wp\/v2\/media?parent=228"}],"curies":[{"name":"wp","href":"https:\/\/api.w.org\/{rel}","templated":true}]}}