{"id":349,"date":"2016-02-23T09:18:10","date_gmt":"2016-02-23T07:18:10","guid":{"rendered":"http:\/\/aianduskool.ee\/maasikas6brad\/?page_id=349"},"modified":"2016-02-23T13:29:45","modified_gmt":"2016-02-23T11:29:45","slug":"tolmlemine","status":"publish","type":"page","link":"https:\/\/aianduskool.ee\/maasikas6brad\/artiklid\/tolmlemine\/","title":{"rendered":"Tolmlemine"},"content":{"rendered":"<p>Nii nagu inimestel, selleks et lapsi saada, peab peres olema nii ema kui isa, on ka taimedel j\u00e4rglaste (milleks on nende seemned) saamiseks vajalik enamasti nii emase kui isase osapoole olemasolu. Paljudel taimedel paiknevad need \u00fchel ja samal taimel. On aga taimi, millel on emas\u00f5ied \u00fchel ja isas\u00f5ied teisel taimel, n\u00e4iteks astelpaju. Neid taimi nimetatakse <span style=\"color: #ccffcc;\"><b>kahekojalisteks<\/b><\/span> (ema ja isa on lahus ja elavad eraldi korterites). Kui aga emas- ja isas\u00f5ied on \u00fchel taimel siis nimetatakse taimi <span style=\"color: #ccffcc;\"><b>\u00fchekojalisteks<\/b><\/span> (ema ja isa elavad koos \u00fches korteris). Kui aga emas- ja isassugupool on koguni koos \u00fches \u00f5ies (m\u00f5nel taimel on taime peal eraldi emased ja isased \u00f5ied \u2013 neid \u00f5isi nimetatakse <span style=\"color: #ccffcc;\"><b>lahksugulisteks (\u00fchesugulisteks) <\/b><\/span>\u2013 t\u00fcdrukud \u00fches ja poisid teises toas) siis nimetatakse \u00f5isi <b><span style=\"color: #ccffcc;\">liitsugulisteks (m\u00f5lemasugulisteks)<\/span>\u00a0<\/b> (ema ja isa on \u00fches toas). Meie kuumaasika taimed on \u00fchekojalised ja \u00f5ied on liitsugulised.<\/p>\n<p>\u00d5is ongi koht, mis on taimel tekkinud selleks, et j\u00e4rglasi saada. Isasteks \u00f5ieosadeks on <span style=\"color: #ccffcc;\"><b>tolmukad<\/b> <\/span>ja emasteks <span style=\"color: #ccffcc;\"><b>emakad<\/b><\/span> (Joonis 1). <span style=\"color: #ccffcc;\"><b>\u00d5itsemine<\/b><\/span> on hetk, kus nii ema kui isa on saanud t\u00e4iskasvanuks ja v\u00f5ivad lapsi saada ehk siis aeg mil tolmlemine on v\u00f5imalik.<\/p>\n<p>&nbsp;<\/p>\n<div id=\"attachment_354\" style=\"width: 712px\" class=\"wp-caption alignnone\"><img loading=\"lazy\" decoding=\"async\" aria-describedby=\"caption-attachment-354\" class=\"wp-image-354 size-full\" src=\"http:\/\/aianduskool.ee\/maasikas6brad\/wp-content\/uploads\/2016\/02\/1.Joonis.jpg\" alt=\"1.Joonis\" width=\"702\" height=\"269\" srcset=\"https:\/\/aianduskool.ee\/maasikas6brad\/wp-content\/uploads\/2016\/02\/1.Joonis.jpg 702w, https:\/\/aianduskool.ee\/maasikas6brad\/wp-content\/uploads\/2016\/02\/1.Joonis-300x115.jpg 300w\" sizes=\"auto, (max-width: 702px) 100vw, 702px\" \/><p id=\"caption-attachment-354\" class=\"wp-caption-text\">Joonis 1. \u00d5ie osad.<\/p><\/div>\n<p>Tolmukapeades valmib <span style=\"color: #ccffcc;\"><b>\u00f5ietolm<\/b><\/span> ja emakates valmivad <span style=\"color: #ccffcc;\"><b>seemnealgmed<\/b><\/span>. <span style=\"color: #ccffcc;\"><b>Tolmlemine<\/b><\/span> ongi olukord kus \u00f5ietolmu terakesed tolmukate seest v\u00e4lja p\u00e4\u00e4sevad ja kantakse kas putukate v\u00f5i tuule (tolmeldajad) abil emaka \u00fclemisse otsa \u2013 <b><span style=\"color: #ccffcc;\">emakasuudmele<\/span> <\/b>(Joonis 2).<\/p>\n<p>K\u00f5ik taimed ei tolmle \u00fchtmoodi. Eristatakse isetolmlemist ja risttolmlemist. <span style=\"color: #ccffcc;\"><b>Isetolmlemise<\/b><\/span> puhul on tolmuterad p\u00e4rit samalt taimelt, <span style=\"color: #ccffcc;\"><b>risttolmlemise ehk v\u00f5\u00f5rtolmlemise<\/b><\/span> puhul aga teiselt taimelt.<\/p>\n<p>Risttolmlevad taimed kasutavad selleks, et oma \u00f5ietolm teisele \u00f5iele saata erinevaid v\u00f5imalusi. Paljud \u00f5ied tolmlevad tuule abil. Seda nimetatakse<b>\u00a0<span style=\"color: #ccffcc;\">tuultolmlemiseks<\/span><\/b>. Nendel taimedel on tavaliselt \u00fchesoolised \u00f5ied. Isas\u00f5ied toodavad h\u00e4sti palju \u00f5ietolmu, et midagi kindlasti emas\u00f5iteni j\u00f5uaks. Sellised on n\u00e4iteks kevadel varakult \u00f5itsevad lepad, sarapuud, kased (urvad on isas\u00f5ied). Tuultolmlejatel, puudub vajadus tolmeldajaid ligi meelitada ja seet\u00f5ttu on nende v\u00e4limus tagasihoidlik. Emas\u00f5ied on v\u00e4iksed ja v\u00e4he m\u00e4rgatavad.<\/p>\n<p>Paljud risttolmlevad taimed kasutavad tolmlemiseks putukate abi (<span style=\"color: #ccffcc;\"><b>putuktolmlemine<\/b><\/span>). Selleks, et putukaid ligi meelitada, on nende taimede \u00f5itel tavaliselt silmatorkav v\u00e4rv, \u00fcsna suured kroonlehed, tugev l\u00f5hn ja lisaks sellele veel v\u00f5ime toota magusat suhkrusiirupit ehk nektarit. Selleks on taime \u00f5ies nektaariumid, mis enamasti paiknevad \u00f5iep\u00f5hjas tolmukate ja emakate vahel. Tolmukad paiknevad putuktolmlejate \u00f5ites selliselt, et tolmuterad j\u00e4\u00e4vad putuka keha k\u00fclge, kui ta \u00f5iep\u00f5hjast nektarit otsib. Kogudes nektarit paljudelt \u00fche ja sama liigi \u00f5itelt, viib tolmeldaja \u00f5ietolmu k\u00f5igisse \u00f5itesse, mida ta k\u00fclastab.<\/p>\n<p>&nbsp;<\/p>\n<div id=\"attachment_356\" style=\"width: 712px\" class=\"wp-caption alignnone\"><img loading=\"lazy\" decoding=\"async\" aria-describedby=\"caption-attachment-356\" class=\"wp-image-356\" src=\"http:\/\/aianduskool.ee\/maasikas6brad\/wp-content\/uploads\/2016\/02\/Tolmlemine-1024x481.jpg\" alt=\"Tolmlemine\" width=\"702\" height=\"330\" srcset=\"https:\/\/aianduskool.ee\/maasikas6brad\/wp-content\/uploads\/2016\/02\/Tolmlemine-1024x481.jpg 1024w, https:\/\/aianduskool.ee\/maasikas6brad\/wp-content\/uploads\/2016\/02\/Tolmlemine-300x141.jpg 300w, https:\/\/aianduskool.ee\/maasikas6brad\/wp-content\/uploads\/2016\/02\/Tolmlemine-768x361.jpg 768w, https:\/\/aianduskool.ee\/maasikas6brad\/wp-content\/uploads\/2016\/02\/Tolmlemine-720x338.jpg 720w, https:\/\/aianduskool.ee\/maasikas6brad\/wp-content\/uploads\/2016\/02\/Tolmlemine.jpg 1116w\" sizes=\"auto, (max-width: 702px) 100vw, 702px\" \/><p id=\"caption-attachment-356\" class=\"wp-caption-text\">Joonis 2. Tolmlemine ja viljumine.<\/p><\/div>\n<p>Kui ilm on sobiv, toimub tolmlemise j\u00e4rel\u00a0<span style=\"color: #ccffcc;\"><b>viljastumine<\/b><\/span> (tolmutera sees olnud rakk ja seemnealgme sees olnud rakk \u00fchinevad). Viljastumise tulemusel hakkavad emakas olevad seemnealgmed arenema seemneteks; kroonlehed, tolmukad ja emakakaelad kuivavad ja varisevad (Joonis 2). Kui seemned on valminud, saadab taim nad laia maailma \u201e\u00f5nne otsima\u201c.<\/p>\n<p>Erinevad taimed kasutavad oma seemnete laiali saatmiseks huvitavaid meetodeid \u2013 v\u00f5ilill lennutab seemned laiali tuule abil, takjas haagib oma seemned loomade ja inimeste k\u00fclge ja paljudel taimedel on maitsvad viljad. Nende viljade sees paiknevad seemned saavad levida kahte moodi \u2013 loomad ja linnud tassivad neid kaugemale koos viljadega v\u00f5i s\u00f6\u00f6vad viljad \u00e4ra ja seemned satuvad uude kasvukohta loomade v\u00e4ljaheidetega. Kuumaasikas kuulub viimaste hulka.<\/p>\n<h4><span style=\"color: #ccffcc;\"><strong>TOLMLEMINE SKEMAATILISELT<\/strong><\/span><\/h4>\n<p><img loading=\"lazy\" decoding=\"async\" class=\"alignnone wp-image-361\" src=\"http:\/\/aianduskool.ee\/maasikas6brad\/wp-content\/uploads\/2016\/02\/Screen-Shot-2016-02-11-at-09.15.16-1024x580.png\" alt=\"Screen Shot 2016-02-11 at 09.15.16\" width=\"702\" height=\"398\" srcset=\"https:\/\/aianduskool.ee\/maasikas6brad\/wp-content\/uploads\/2016\/02\/Screen-Shot-2016-02-11-at-09.15.16-1024x580.png 1024w, https:\/\/aianduskool.ee\/maasikas6brad\/wp-content\/uploads\/2016\/02\/Screen-Shot-2016-02-11-at-09.15.16-300x170.png 300w, https:\/\/aianduskool.ee\/maasikas6brad\/wp-content\/uploads\/2016\/02\/Screen-Shot-2016-02-11-at-09.15.16-768x435.png 768w, https:\/\/aianduskool.ee\/maasikas6brad\/wp-content\/uploads\/2016\/02\/Screen-Shot-2016-02-11-at-09.15.16-706x400.png 706w, https:\/\/aianduskool.ee\/maasikas6brad\/wp-content\/uploads\/2016\/02\/Screen-Shot-2016-02-11-at-09.15.16.png 1038w\" sizes=\"auto, (max-width: 702px) 100vw, 702px\" \/><\/p>\n<p>&nbsp;<\/p>\n<p><img loading=\"lazy\" decoding=\"async\" class=\"alignnone wp-image-362\" src=\"http:\/\/aianduskool.ee\/maasikas6brad\/wp-content\/uploads\/2016\/02\/Screen-Shot-2016-02-11-at-09.15.31-1024x579.png\" alt=\"Screen Shot 2016-02-11 at 09.15.31\" width=\"702\" height=\"397\" srcset=\"https:\/\/aianduskool.ee\/maasikas6brad\/wp-content\/uploads\/2016\/02\/Screen-Shot-2016-02-11-at-09.15.31-1024x579.png 1024w, https:\/\/aianduskool.ee\/maasikas6brad\/wp-content\/uploads\/2016\/02\/Screen-Shot-2016-02-11-at-09.15.31-300x169.png 300w, https:\/\/aianduskool.ee\/maasikas6brad\/wp-content\/uploads\/2016\/02\/Screen-Shot-2016-02-11-at-09.15.31-768x434.png 768w, https:\/\/aianduskool.ee\/maasikas6brad\/wp-content\/uploads\/2016\/02\/Screen-Shot-2016-02-11-at-09.15.31-708x400.png 708w, https:\/\/aianduskool.ee\/maasikas6brad\/wp-content\/uploads\/2016\/02\/Screen-Shot-2016-02-11-at-09.15.31.png 1039w\" sizes=\"auto, (max-width: 702px) 100vw, 702px\" \/><\/p>\n<p>&nbsp;<\/p>\n<p><img loading=\"lazy\" decoding=\"async\" class=\"alignnone wp-image-363\" src=\"http:\/\/aianduskool.ee\/maasikas6brad\/wp-content\/uploads\/2016\/02\/Screen-Shot-2016-02-11-at-09.15.40-1024x576.png\" alt=\"Screen Shot 2016-02-11 at 09.15.40\" width=\"702\" height=\"395\" srcset=\"https:\/\/aianduskool.ee\/maasikas6brad\/wp-content\/uploads\/2016\/02\/Screen-Shot-2016-02-11-at-09.15.40-1024x576.png 1024w, https:\/\/aianduskool.ee\/maasikas6brad\/wp-content\/uploads\/2016\/02\/Screen-Shot-2016-02-11-at-09.15.40-300x169.png 300w, https:\/\/aianduskool.ee\/maasikas6brad\/wp-content\/uploads\/2016\/02\/Screen-Shot-2016-02-11-at-09.15.40-768x432.png 768w, https:\/\/aianduskool.ee\/maasikas6brad\/wp-content\/uploads\/2016\/02\/Screen-Shot-2016-02-11-at-09.15.40-711x400.png 711w, https:\/\/aianduskool.ee\/maasikas6brad\/wp-content\/uploads\/2016\/02\/Screen-Shot-2016-02-11-at-09.15.40.png 1038w\" sizes=\"auto, (max-width: 702px) 100vw, 702px\" \/><\/p>\n<p>&nbsp;<\/p>\n<p><img loading=\"lazy\" decoding=\"async\" class=\"alignnone wp-image-364\" src=\"http:\/\/aianduskool.ee\/maasikas6brad\/wp-content\/uploads\/2016\/02\/Screen-Shot-2016-02-11-at-09.15.51-1024x576.png\" alt=\"Screen Shot 2016-02-11 at 09.15.51\" width=\"702\" height=\"395\" srcset=\"https:\/\/aianduskool.ee\/maasikas6brad\/wp-content\/uploads\/2016\/02\/Screen-Shot-2016-02-11-at-09.15.51-1024x576.png 1024w, https:\/\/aianduskool.ee\/maasikas6brad\/wp-content\/uploads\/2016\/02\/Screen-Shot-2016-02-11-at-09.15.51-300x169.png 300w, https:\/\/aianduskool.ee\/maasikas6brad\/wp-content\/uploads\/2016\/02\/Screen-Shot-2016-02-11-at-09.15.51-768x432.png 768w, https:\/\/aianduskool.ee\/maasikas6brad\/wp-content\/uploads\/2016\/02\/Screen-Shot-2016-02-11-at-09.15.51-711x400.png 711w, https:\/\/aianduskool.ee\/maasikas6brad\/wp-content\/uploads\/2016\/02\/Screen-Shot-2016-02-11-at-09.15.51.png 1038w\" sizes=\"auto, (max-width: 702px) 100vw, 702px\" \/><\/p>\n<p>&nbsp;<\/p>\n<p>Kes on tolmeldajad ja miks nad taimi tolmeldavad? Sellest saad lugeda artiklist \u201e<a href=\"http:\/\/aianduskool.ee\/maasikas6brad\/artiklid\/tolmeldajad\/\">Tolmeldajad<\/a>\u201c.<\/p>\n<p><span style=\"color: #ccffcc;\"><strong>M\u00f5tted kogus kokku ja pani kirja \u00f5petaja Juta Lopp<\/strong><\/span><\/p>\n<p>Allikad:<\/p>\n<ul>\n<li>http:\/\/entsyklopeedia.ee\/kategooria\/botaanika_m%C3%B5isted<\/li>\n<li>http:\/\/12kuud.net\/web\/?id=2168<\/li>\n<li>http:\/\/www.sciencephoto.com\/image\/630190\/530wm\/C0229128<\/li>\n<li>Wild_strawberry_pollen_grains%2C_SEM-SPL.jpg<\/li>\n<li>https:\/\/commons.wikimedia.org\/wiki\/File:Half_a_strawberry.jpg<\/li>\n<li>http:\/\/www.backyardnature.net\/fl_straw.htm<\/li>\n<li>http:\/\/plantworld2.blogspot.com.ee\/2015\/06\/fragaria-vesca.html<\/li>\n<li>http:\/\/www.first-nature.com\/flowers\/fragaria-vesca.php<\/li>\n<li>http:\/\/www.backyardnature.net\/fl_straw.htm<\/li>\n<li>http:\/\/www.naturephoto-cz.com\/pasknaar-picture_et-8972.html<\/li>\n<li>http:\/\/foto.priimus.ee\/loodus\/lind\/vares\/hallvares\/index.html<\/li>\n<li>http:\/\/www.tammikfoto.eu\/wp-content\/uploads\/2014\/10\/varblane1.jpg<\/li>\n<li>http:\/\/nagi.ee\/photos\/photo_sizes.php?id=24300985&amp;size=o<\/li>\n<li>http:\/\/pilt.delfi.ee\/show_original\/7725007\/<\/li>\n<\/ul>\n<p>&nbsp;<\/p>\n","protected":false},"excerpt":{"rendered":"<p>Nii nagu inimestel, selleks et lapsi saada, peab peres olema nii ema kui isa, on ka taimedel j\u00e4rglaste (milleks on nende seemned) saamiseks vajalik enamasti nii emase kui isase osapoole olemasolu. Paljudel taimedel paiknevad need \u00fchel ja samal taimel. On aga taimi, millel on emas\u00f5ied \u00fchel ja isas\u00f5ied teisel taimel, n\u00e4iteks astelpaju. Neid taimi nimetatakse kahekojalisteks (ema ja isa on lahus ja elavad eraldi korterites). Kui aga emas- ja isas\u00f5ied on \u00fchel taimel siis nimetatakse taimi \u00fchekojalisteks (ema ja isa elavad koos \u00fches korteris). Kui aga emas- ja isassugupool on koguni koos \u00fches \u00f5ies (m\u00f5nel taimel on taime peal eraldi..<\/p>\n","protected":false},"author":4,"featured_media":0,"parent":97,"menu_order":0,"comment_status":"closed","ping_status":"closed","template":"","meta":{"footnotes":""},"class_list":["post-349","page","type-page","status-publish","hentry"],"_links":{"self":[{"href":"https:\/\/aianduskool.ee\/maasikas6brad\/wp-json\/wp\/v2\/pages\/349","targetHints":{"allow":["GET"]}}],"collection":[{"href":"https:\/\/aianduskool.ee\/maasikas6brad\/wp-json\/wp\/v2\/pages"}],"about":[{"href":"https:\/\/aianduskool.ee\/maasikas6brad\/wp-json\/wp\/v2\/types\/page"}],"author":[{"embeddable":true,"href":"https:\/\/aianduskool.ee\/maasikas6brad\/wp-json\/wp\/v2\/users\/4"}],"replies":[{"embeddable":true,"href":"https:\/\/aianduskool.ee\/maasikas6brad\/wp-json\/wp\/v2\/comments?post=349"}],"version-history":[{"count":5,"href":"https:\/\/aianduskool.ee\/maasikas6brad\/wp-json\/wp\/v2\/pages\/349\/revisions"}],"predecessor-version":[{"id":566,"href":"https:\/\/aianduskool.ee\/maasikas6brad\/wp-json\/wp\/v2\/pages\/349\/revisions\/566"}],"up":[{"embeddable":true,"href":"https:\/\/aianduskool.ee\/maasikas6brad\/wp-json\/wp\/v2\/pages\/97"}],"wp:attachment":[{"href":"https:\/\/aianduskool.ee\/maasikas6brad\/wp-json\/wp\/v2\/media?parent=349"}],"curies":[{"name":"wp","href":"https:\/\/api.w.org\/{rel}","templated":true}]}}