{"id":368,"date":"2016-02-23T09:17:58","date_gmt":"2016-02-23T07:17:58","guid":{"rendered":"http:\/\/aianduskool.ee\/maasikas6brad\/?page_id=368"},"modified":"2016-03-08T14:14:49","modified_gmt":"2016-03-08T12:14:49","slug":"tolmeldajad","status":"publish","type":"page","link":"https:\/\/aianduskool.ee\/maasikas6brad\/artiklid\/tolmeldajad\/","title":{"rendered":"Tolmeldajad"},"content":{"rendered":"<p>Tolmeldajad on erinevad elusolendid (putukad, linnud, loomad), kelle abil \u00fche taime \u00f5ietolm \u00fchelt selle liigi \u00f5ielt teisele selle liigi taime \u00f5itele kantakse.<br \/>\nK\u00f5ige rohkem on tolmeldajaid putukate hulgas, mist\u00f5ttu seda tolmlemise meetodit ka enamasti putuktolmlemiseks nimetatakse.<br \/>\nP\u00f5hjus, miks elusolendid \u00fcldse taimede \u00f5isi tolmeldavad on toit. Risttolmlevad taimed, selleks et nende j\u00e4rglased saaksid vastupidavamad, tervemad, tugevamad, (l\u00e4hisugulaste lastel avalduvad tihti erinevad haigused, on v\u00e4iksema eluj\u00f5uga) toodavad seemneid enamasti vaid siis, kui nende \u00f5iele satub \u00f5ietolm sama liigi teiselt taimelt. Selleks et nii saaks juhtuda, peab taim enda juurde meelitama kellegi, kes \u00f5ietolmu teisele taimele viiks. Enamasti on tolmeldajate kohale meelitamiseks magus nektar, mida eritavad taime nektarin\u00e4\u00e4rmed \u00f5ie p\u00f5hjal. See on suhkrurikas siirup, mida teised elusolendid saavad kasutada energia saamiseks.<br \/>\nSelleks et putukatele m\u00e4rku anda, et nektar on \u00f5ies olemas ja taim ootab k\u00fclastajaid, on nende taimede \u00f5iekroonlehed v\u00e4rvilised ja silmatorkavad (Joonis 1) ja lisaks sellele eritavad tihti ka tugevat l\u00f5hna.<\/p>\n<div id=\"attachment_372\" style=\"width: 1034px\" class=\"wp-caption alignnone\"><img loading=\"lazy\" decoding=\"async\" aria-describedby=\"caption-attachment-372\" class=\"wp-image-372 size-large\" src=\"http:\/\/aianduskool.ee\/maasikas6brad\/wp-content\/uploads\/2016\/02\/V\u00e4rvilised\u00f5ied-1024x148.jpg\" alt=\"V\u00e4rvilised\u00f5ied\" width=\"1024\" height=\"148\" srcset=\"https:\/\/aianduskool.ee\/maasikas6brad\/wp-content\/uploads\/2016\/02\/V\u00e4rvilised\u00f5ied-1024x148.jpg 1024w, https:\/\/aianduskool.ee\/maasikas6brad\/wp-content\/uploads\/2016\/02\/V\u00e4rvilised\u00f5ied-300x43.jpg 300w, https:\/\/aianduskool.ee\/maasikas6brad\/wp-content\/uploads\/2016\/02\/V\u00e4rvilised\u00f5ied-768x111.jpg 768w, https:\/\/aianduskool.ee\/maasikas6brad\/wp-content\/uploads\/2016\/02\/V\u00e4rvilised\u00f5ied-720x104.jpg 720w\" sizes=\"auto, (max-width: 1024px) 100vw, 1024px\" \/><p id=\"caption-attachment-372\" class=\"wp-caption-text\">Joonis 1. V\u00e4rvilised \u00f5ied.<\/p><\/div>\n<p>Selleks aga, et putukad ennast korralikult \u00f5ietolmuga kokku teeksid, on paljud \u00f5ied muutnud oma kroonlehtede kuju nii, et putukas peaks rohkem vaeva n\u00e4gema nektarini j\u00f5udmiseks (Joonis 2). Lisaks nektarile, kasutavad putukad toiduks ka \u00f5ietolmu, mis on nendele valgurikkaks s\u00f6\u00f6giks nagu inimestele juust ja piim.<\/p>\n<div id=\"attachment_369\" style=\"width: 1034px\" class=\"wp-caption alignnone\"><img loading=\"lazy\" decoding=\"async\" aria-describedby=\"caption-attachment-369\" class=\"wp-image-369 size-large\" src=\"http:\/\/aianduskool.ee\/maasikas6brad\/wp-content\/uploads\/2016\/02\/\u00d5iekujud-1024x186.jpg\" alt=\"OLYMPUS DIGITAL CAMERA\" width=\"1024\" height=\"186\" srcset=\"https:\/\/aianduskool.ee\/maasikas6brad\/wp-content\/uploads\/2016\/02\/\u00d5iekujud-1024x186.jpg 1024w, https:\/\/aianduskool.ee\/maasikas6brad\/wp-content\/uploads\/2016\/02\/\u00d5iekujud-300x54.jpg 300w, https:\/\/aianduskool.ee\/maasikas6brad\/wp-content\/uploads\/2016\/02\/\u00d5iekujud-768x139.jpg 768w, https:\/\/aianduskool.ee\/maasikas6brad\/wp-content\/uploads\/2016\/02\/\u00d5iekujud-720x131.jpg 720w, https:\/\/aianduskool.ee\/maasikas6brad\/wp-content\/uploads\/2016\/02\/\u00d5iekujud.jpg 1962w\" sizes=\"auto, (max-width: 1024px) 100vw, 1024px\" \/><p id=\"caption-attachment-369\" class=\"wp-caption-text\">Joonis 2. \u00d5ite kujud.<\/p><\/div>\n<p>Enamus teab, et taimi tolmeldavad mesilased ja kimalased, kes kuuluvad putukate hulka. Tegelikult\u00a0 tolmeldavad ka k\u00e4rbsed, s\u00e4\u00e4sed (enamasti soodes kasvavaid k\u00e4palisi), liblikad ja paljud teised putukad. K\u00e4rbestele spetsialiseerunud \u00f5ied l\u00f5hnavad tavaliselt ebameeldivalt ja nende l\u00f5hn meenutab raipe haisu. T\u00e4iskasvanud liblikad kasutavad toiduks vaid \u00f5ite p\u00f5hjas olevat nektarit, nende vastsed s\u00f6\u00f6vad tavaliselt taime lehti juuri varsi v\u00f5i vilju.<\/p>\n<p>V\u00e4hesed aga teavad, et tegelikult on k\u00f5ige suuremad tolmeldajad leemurid Madagaskari saarel, kes tolmeldavad \u00fche palmi \u00f5isi surudes oma n\u00e4o s\u00fcgavale \u00f5ie sisemusse, et seal olevat nektarit limpsida ning hiljem toituvad sama palmi viljadest (Joonis 3).<\/p>\n<div id=\"attachment_371\" style=\"width: 1034px\" class=\"wp-caption alignnone\"><img loading=\"lazy\" decoding=\"async\" aria-describedby=\"caption-attachment-371\" class=\"wp-image-371 size-large\" src=\"http:\/\/aianduskool.ee\/maasikas6brad\/wp-content\/uploads\/2016\/02\/Tolmeldajad-1024x335.jpg\" alt=\"Tolmeldajad\" width=\"1024\" height=\"335\" srcset=\"https:\/\/aianduskool.ee\/maasikas6brad\/wp-content\/uploads\/2016\/02\/Tolmeldajad-1024x335.jpg 1024w, https:\/\/aianduskool.ee\/maasikas6brad\/wp-content\/uploads\/2016\/02\/Tolmeldajad-300x98.jpg 300w, https:\/\/aianduskool.ee\/maasikas6brad\/wp-content\/uploads\/2016\/02\/Tolmeldajad-768x251.jpg 768w, https:\/\/aianduskool.ee\/maasikas6brad\/wp-content\/uploads\/2016\/02\/Tolmeldajad-720x236.jpg 720w\" sizes=\"auto, (max-width: 1024px) 100vw, 1024px\" \/><p id=\"caption-attachment-371\" class=\"wp-caption-text\">Joonis 3. Tolmeldajad.<\/p><\/div>\n<p>Peale leemurite on veel imetajaid, kes taimede \u00f5isi tolmeldavad \u2013 Austraalias tolmeldab eukal\u00fcpte ja banksiaid mee opossum, \u00f6ise eluviisiga troopiliste alade nahkhiired tolmeldavad \u00f6\u00f6sel \u00f5itsevaid kaktuselisi.<\/p>\n<p>Huvitavad tolmeldajad on ka sisalikulised N: Brasiilias gekod, kes tolmeldavad \u00fche liblik\u00f5ielise puu \u00f5isi, ronides \u00f5ite sisse nektarit jooma. Lindudest on k\u00f5ige tuntumad tolmeldajad koolibrid, kes \u00fche kohapeal paigal lennates \u00f5itest nektarit joovad.<\/p>\n<p>Mesilased ja kimalased kasutavad toiduks nii nektarit kui ka \u00f5ietolmu. Viimast on vaja suures mahus just j\u00e4rglaste kasvatamiseks. \u00d5ietolmu kogutakse kas eraldi (pesast v\u00e4lja lennates kogutaksegi ainult \u00f5ietolmu) v\u00f5i nektari kogumise k\u00f5rvalsaadusena (putuka keha saab \u00f5ietolmuga kokku ja putukas harjab selle oma kehalt kokku ja viib pessa koos nektariga. Kui nektar neelatakse meep\u00f5ide, et oleks v\u00f5imalik seda tarusse viia, siis \u00f5ietolm niisutatakse s\u00fcljega ja m\u00e4tsitakse pallikeseks mesilase tagumise jala s\u00e4\u00e4re k\u00fclge (seda kohta nimetatakse suirakorvikeseks). Et \u00f5ietolm tarus hallitama ei l\u00e4heks, panevad mesilased selle k\u00e4rjekannu kihiti meega ja hapendavad \u00e4ra. Siis on hea j\u00e4rjest v\u00f5tta ja lastele s\u00f6\u00f6ta. Sellist hapendatud \u00f5ietolmu nimetatakse suiraks (Joonis 4).<\/p>\n<div id=\"attachment_370\" style=\"width: 640px\" class=\"wp-caption alignnone\"><img loading=\"lazy\" decoding=\"async\" aria-describedby=\"caption-attachment-370\" class=\"wp-image-370 size-full\" src=\"http:\/\/aianduskool.ee\/maasikas6brad\/wp-content\/uploads\/2016\/02\/S\u00f6\u00f6k.jpg\" alt=\"S\u00f6\u00f6k\" width=\"630\" height=\"358\" srcset=\"https:\/\/aianduskool.ee\/maasikas6brad\/wp-content\/uploads\/2016\/02\/S\u00f6\u00f6k.jpg 630w, https:\/\/aianduskool.ee\/maasikas6brad\/wp-content\/uploads\/2016\/02\/S\u00f6\u00f6k-300x170.jpg 300w\" sizes=\"auto, (max-width: 630px) 100vw, 630px\" \/><p id=\"caption-attachment-370\" class=\"wp-caption-text\">Joonis 4. Mesilaste s\u00f6\u00f6k.<\/p><\/div>\n<p>Mesilased ei lenda tarust v\u00e4lja juhuslikult toitu tooma. Kui m\u00f5ni mesilane leiab hea korjemaa \u2013 koha kus on palju nektaririkkaid \u00f5isi \u2013 siis annab ta sellest tarus teistele mesilastele tantsuga teada. Teised mesilased kompavad teda tantsimise ajal ja j\u00e4tavad meelde l\u00f5hna ja seej\u00e4rel lendavad n\u00e4idatud kohta korjele. Tants koosneb keha vibutamisest ja 8-kujulisest liikumisest. Viimane n\u00e4itab korjemaa suunda ja keha vibutamine kaugust (vaata mesilaste tantsu videot).<\/p>\n<p><iframe loading=\"lazy\" src=\"https:\/\/www.youtube.com\/embed\/bFDGPgXtK-U?rel=0\" width=\"640\" height=\"360\" frameborder=\"0\" allowfullscreen=\"allowfullscreen\"><\/iframe><\/p>\n<p>\u00d5isi valitakse esialgu silmatorkava v\u00e4rvuse ja l\u00f5hna j\u00e4rgi. Kui \u00f5iele maandudes selgub, et \u00f5ites nektarit ei ole (nii v\u00f5ib juhtuda v\u00e4ga kuivade ilmadega) v\u00f5i on see liiga lahja (alla 5% suhkrusisaldusega \u2013 vihma t\u00f5ttu), siis seda taime mesilased enam ei k\u00fclasta. \u00dcks mesilaste suuri lemmikuid on p\u00e4rn, kuid p\u00e4rn on v\u00e4ga kapriisne nektari tootja (k\u00f5ike peab olema parajal hulgal \u2013 soojust, niiskust, valgust). Seisatage suvel \u00f5itsva p\u00e4rna all ja kuulake, kas kostub muhedat suminat v\u00f5i vaid tuule kohinat.<\/p>\n<p>Sellest, mis juhtuks, kui mesilased kaoksid ja p\u00f5hjustest, miks mesilased kaovad loe artiklist \u201e<a href=\"http:\/\/aianduskool.ee\/maasikas6brad\/artiklid\/kui-poleks-tolmeldajaid\/\">Kui poleks tolmeldajaid<\/a>.\u201c<\/p>\n<p><span style=\"color: #ccffcc;\"><strong>Teadmisi\u00a0kogus ja pani kirja \u00f5petaja Juta Lopp<\/strong><\/span><\/p>\n<p>Allikad<\/p>\n<ul>\n<li>Rohtla, A. (2001). Meetaimed ja mesi. Tln Valgus<\/li>\n<li>\u00dcbi, E. (2000). Mesilaste elu. K\u00fclim<\/li>\n<li>Portaal mesindus.ee<\/li>\n<li>https:\/\/farm1.staticflickr.com\/71\/216085936_8db1e6bf06_z.jpg?zz=1<\/li>\n<li>http:\/\/www.fs.fed.us\/wildflowers\/pollinators\/animals\/unusual.shtml<\/li>\n<li>http:\/\/elurikas.ee\/blogi\/tolmeldajad\/<\/li>\n<\/ul>\n","protected":false},"excerpt":{"rendered":"<p>Tolmeldajad on erinevad elusolendid (putukad, linnud, loomad), kelle abil \u00fche taime \u00f5ietolm \u00fchelt selle liigi \u00f5ielt teisele selle liigi taime \u00f5itele kantakse. K\u00f5ige rohkem on tolmeldajaid putukate hulgas, mist\u00f5ttu seda tolmlemise meetodit ka enamasti putuktolmlemiseks nimetatakse. P\u00f5hjus, miks elusolendid \u00fcldse taimede \u00f5isi tolmeldavad on toit. Risttolmlevad taimed, selleks et nende j\u00e4rglased saaksid vastupidavamad, tervemad, tugevamad, (l\u00e4hisugulaste lastel avalduvad tihti erinevad haigused, on v\u00e4iksema eluj\u00f5uga) toodavad seemneid enamasti vaid siis, kui nende \u00f5iele satub \u00f5ietolm sama liigi teiselt taimelt. Selleks et nii saaks juhtuda, peab taim enda juurde meelitama kellegi, kes \u00f5ietolmu teisele taimele viiks. Enamasti on tolmeldajate kohale meelitamiseks magus..<\/p>\n","protected":false},"author":4,"featured_media":0,"parent":97,"menu_order":0,"comment_status":"closed","ping_status":"closed","template":"","meta":{"footnotes":""},"class_list":["post-368","page","type-page","status-publish","hentry"],"_links":{"self":[{"href":"https:\/\/aianduskool.ee\/maasikas6brad\/wp-json\/wp\/v2\/pages\/368","targetHints":{"allow":["GET"]}}],"collection":[{"href":"https:\/\/aianduskool.ee\/maasikas6brad\/wp-json\/wp\/v2\/pages"}],"about":[{"href":"https:\/\/aianduskool.ee\/maasikas6brad\/wp-json\/wp\/v2\/types\/page"}],"author":[{"embeddable":true,"href":"https:\/\/aianduskool.ee\/maasikas6brad\/wp-json\/wp\/v2\/users\/4"}],"replies":[{"embeddable":true,"href":"https:\/\/aianduskool.ee\/maasikas6brad\/wp-json\/wp\/v2\/comments?post=368"}],"version-history":[{"count":5,"href":"https:\/\/aianduskool.ee\/maasikas6brad\/wp-json\/wp\/v2\/pages\/368\/revisions"}],"predecessor-version":[{"id":680,"href":"https:\/\/aianduskool.ee\/maasikas6brad\/wp-json\/wp\/v2\/pages\/368\/revisions\/680"}],"up":[{"embeddable":true,"href":"https:\/\/aianduskool.ee\/maasikas6brad\/wp-json\/wp\/v2\/pages\/97"}],"wp:attachment":[{"href":"https:\/\/aianduskool.ee\/maasikas6brad\/wp-json\/wp\/v2\/media?parent=368"}],"curies":[{"name":"wp","href":"https:\/\/api.w.org\/{rel}","templated":true}]}}