{"id":267,"date":"2023-04-03T13:01:28","date_gmt":"2023-04-03T10:01:28","guid":{"rendered":"https:\/\/aianduskool.ee\/maasikasobrad2023\/?page_id=267"},"modified":"2023-04-03T13:17:38","modified_gmt":"2023-04-03T10:17:38","slug":"7-nadala-kokkuvote","status":"publish","type":"page","link":"https:\/\/aianduskool.ee\/maasikasobrad2023\/blogid\/7-nadala-kokkuvote\/","title":{"rendered":"7.n\u00e4dala kokkuv\u00f5te"},"content":{"rendered":"<p>Tere armas maasikas\u00f5ber!<\/p>\n<p>Taimekasvatusprojekti seitsmes n\u00e4dal on selja taha j\u00e4\u00e4nud. Rohkem kui pool meie koostegemistest on l\u00e4bi saanud.<\/p>\n<p>N\u00e4dala jooksul saime mitmeidki teateid juba punaseks muutuvate maasikate kohta! See on v\u00e4ga tore uudis ja toob natuke v\u00e4rvi meie muidu k\u00fclmalt alanud kevadesse. Ilmade soojenemist on aga juba varsti-varsti loota ja taimed saavad kasvamisindu muudkui juurde.<\/p>\n<p>Kuumaasikate kasvatamisel ikka j\u00e4lgi taimi, vajadusel kasta, v\u00e4eta ja kindlasti kaitse ereda kevadp\u00e4ikese eest. Ere kevadp\u00e4ike v\u00f5ib olla k\u00fcll m\u00f5nus ja soe, kuid taimedele pikalt peale paistes, teeb see liiga. Taime lehed muutuvad kahvatuks, hiljem kuivavad. V\u00e4ga tugev nn p\u00e4ikesep\u00f5letus v\u00f5ib taimele hukatuslikuks saada. \u00a0Taimede kaitsmiseks t\u00f5stame need, kui v\u00f5imalik,\u00a0 p\u00e4ikeselisel p\u00e4eval aknalaualt eemale.<\/p>\n<p>Kindlasti \u00e4ra unusta kogumast katseandmeid ja pidamast blogi. Kui sa ei ole oma blogi meile veel saatnud, siis saad selle lisada kommentaarina projekti kodulehele rubriiki BLOGI. Esmalt tuleb ennast sisse logida (nagu viktoriini k\u00fcsimusele vastamiseks) ja siis saate \u00f5iguse postitusi kommenteerida.<\/p>\n<p>Ait\u00e4h k\u00f5igile, kes on seda juba teinud.<\/p>\n<p>&nbsp;<\/p>\n<p>Ilusat kevade j\u00e4tku ja v\u00e4rvilisi mune (ja maasikaid) \u00fclest\u00f5usmisp\u00fchadeks!<\/p>\n<p>Taimeprojekti tiim<\/p>\n<p>&nbsp;<\/p>\n","protected":false},"excerpt":{"rendered":"<p>Tere armas maasikas\u00f5ber! Taimekasvatusprojekti seitsmes n\u00e4dal on selja taha j\u00e4\u00e4nud. Rohkem kui pool meie koostegemistest on l\u00e4bi saanud. N\u00e4dala jooksul saime mitmeidki teateid juba punaseks muutuvate maasikate kohta! See on v\u00e4ga tore uudis ja toob natuke v\u00e4rvi meie muidu k\u00fclmalt alanud kevadesse. Ilmade soojenemist on aga juba varsti-varsti loota ja taimed saavad kasvamisindu muudkui juurde. Kuumaasikate kasvatamisel ikka j\u00e4lgi taimi, vajadusel kasta, v\u00e4eta ja kindlasti kaitse ereda kevadp\u00e4ikese eest. Ere kevadp\u00e4ike v\u00f5ib olla k\u00fcll m\u00f5nus ja soe, kuid taimedele pikalt peale paistes, teeb see liiga. Taime lehed muutuvad kahvatuks, hiljem kuivavad. V\u00e4ga tugev nn p\u00e4ikesep\u00f5letus v\u00f5ib taimele hukatuslikuks saada. \u00a0Taimede..<\/p>\n","protected":false},"author":2,"featured_media":0,"parent":25,"menu_order":0,"comment_status":"closed","ping_status":"closed","template":"","meta":{"footnotes":""},"class_list":["post-267","page","type-page","status-publish","hentry"],"_links":{"self":[{"href":"https:\/\/aianduskool.ee\/maasikasobrad2023\/wp-json\/wp\/v2\/pages\/267","targetHints":{"allow":["GET"]}}],"collection":[{"href":"https:\/\/aianduskool.ee\/maasikasobrad2023\/wp-json\/wp\/v2\/pages"}],"about":[{"href":"https:\/\/aianduskool.ee\/maasikasobrad2023\/wp-json\/wp\/v2\/types\/page"}],"author":[{"embeddable":true,"href":"https:\/\/aianduskool.ee\/maasikasobrad2023\/wp-json\/wp\/v2\/users\/2"}],"replies":[{"embeddable":true,"href":"https:\/\/aianduskool.ee\/maasikasobrad2023\/wp-json\/wp\/v2\/comments?post=267"}],"version-history":[{"count":5,"href":"https:\/\/aianduskool.ee\/maasikasobrad2023\/wp-json\/wp\/v2\/pages\/267\/revisions"}],"predecessor-version":[{"id":274,"href":"https:\/\/aianduskool.ee\/maasikasobrad2023\/wp-json\/wp\/v2\/pages\/267\/revisions\/274"}],"up":[{"embeddable":true,"href":"https:\/\/aianduskool.ee\/maasikasobrad2023\/wp-json\/wp\/v2\/pages\/25"}],"wp:attachment":[{"href":"https:\/\/aianduskool.ee\/maasikasobrad2023\/wp-json\/wp\/v2\/media?parent=267"}],"curies":[{"name":"wp","href":"https:\/\/api.w.org\/{rel}","templated":true}]}}