{"id":308,"date":"2023-05-08T10:58:07","date_gmt":"2023-05-08T07:58:07","guid":{"rendered":"https:\/\/aianduskool.ee\/maasikasobrad2023\/?page_id=308"},"modified":"2023-05-08T10:58:07","modified_gmt":"2023-05-08T07:58:07","slug":"12-nadala-kokkuvote","status":"publish","type":"page","link":"https:\/\/aianduskool.ee\/maasikasobrad2023\/blogid\/12-nadala-kokkuvote\/","title":{"rendered":"12.n\u00e4dala kokkuv\u00f5te"},"content":{"rendered":"<p><strong>Tere head maasikas\u00f5brad!<\/strong><\/p>\n<p>K\u00e4tte on j\u00f5udnud taimekasvatusprojekti viimane n\u00e4dal. N\u00fc\u00fcdseks oleme \u00fcheskoos maasikate kasvamist j\u00e4lginud 12 n\u00e4dalat.<\/p>\n<p>Projekti eelviimane n\u00e4dal t\u00f5i endaga kaasa kargemad kevadilmad, kuid sel n\u00e4dalal jagab ilmataat meiega soojust taaskord heldek\u00e4elisemalt \ud83d\ude42 Kuumaasikad kostitavad osalejaid juba saagiga (on ka m\u00f5ni erand, kes tahab veel kasvatajaid ootamisega proovile panna) \ud83d\ude42<\/p>\n<p>Viktoriinik\u00fcsimust sel n\u00e4dalal enam ei esitata. Loodame, et maasikataimede kasvatamine pakkus k\u00f5igile suurt r\u00f5\u00f5mu ning saite juurde uusi teadmisi ja oskusi. Aga on veel midagi, mida oodata&#8230;<\/p>\n<p>Mis edasi saab?<\/p>\n<p>Olge head ja leidke aega, et vastata tagasiside k\u00fcsimustikul. Nii saame ka meie teada, mis oli h\u00e4sti, mida saaks paremini jmt. K\u00fcsimustik asub <a href=\"https:\/\/docs.google.com\/forms\/d\/e\/1FAIpQLSezU0PEeYXWxSJ0XEIiv00QPsrp0o_erEXiEM4Iuxx4pZZIvQ\/viewform?usp=share_link\">siin<\/a> ja sellele saab vastata kuni <strong>21.maini<\/strong> k.a.<\/p>\n<p>V\u00f5tame kokku ka viktoriini tulemused ning vaatame \u00fcle meiega jagatud blogid- siinjuures ait\u00e4h k\u00f5igile, kes neid meiega juba jaganud on ja kes veel ei ole, siis seda on aega teha <strong>14.maini<\/strong> (mida varem, seda parem).<\/p>\n<p>Kindlasti on paljudel maasikas\u00f5pradel tekkinud k\u00fcsimus,\u00a0<strong>mida aga suvel kuumaasikataimedega teha?\u00a0<\/strong><\/p>\n<p>Kuumaasikas on mitmeaastane taim ja elab \u00f5ues kenasti ka meie heitlikud talved \u00fcle. Sellep\u00e4rast v\u00f5ibki taimed kodu- v\u00f5i ka kooliaeda peenrale istutada ja seal neid edasi kasvatada. Vilju peaks j\u00e4tkuma suve l\u00f5puni. Kuumaasikas armastab \u00f5ues p\u00e4ikest. Kuumade ilmade korral vajab aga viljade kasvatamiseks korralikku kastmist. Talveks kuuseoksi ega muud katet peale panema ei pea. Kui kuumaasika taimi kasvatate kogu suve pottides, siis s\u00fcgisel v\u00f5iks nad paremaks talvitumiseks, kas peenrale istutada v\u00f5i siis pottidega jahedasse ruumi (+3\u2026+4 kraadi) t\u00f5sta. Kindlamast kindel on aga see, et tubli ja hoolsa aedniku k\u00e4e all kasvatavad kuumaasika taimed veel mitu aastat m\u00f5nusalt magusaid vilju. \ud83d\ude42<\/p>\n<p>Projekti meeskond t\u00e4nab k\u00f5iki suuri ja v\u00e4ikseid maasikas\u00f5pru projektis osalemise eest ja soovib teile m\u00f5nusat ning p\u00e4ikeselist suve!<\/p>\n<p>Uute kohtumisteni!<\/p>\n<p>&nbsp;<\/p>\n<p>Taimeprojekti tiim<\/p>\n","protected":false},"excerpt":{"rendered":"<p>Tere head maasikas\u00f5brad! K\u00e4tte on j\u00f5udnud taimekasvatusprojekti viimane n\u00e4dal. N\u00fc\u00fcdseks oleme \u00fcheskoos maasikate kasvamist j\u00e4lginud 12 n\u00e4dalat. Projekti eelviimane n\u00e4dal t\u00f5i endaga kaasa kargemad kevadilmad, kuid sel n\u00e4dalal jagab ilmataat meiega soojust taaskord heldek\u00e4elisemalt \ud83d\ude42 Kuumaasikad kostitavad osalejaid juba saagiga (on ka m\u00f5ni erand, kes tahab veel kasvatajaid ootamisega proovile panna) \ud83d\ude42 Viktoriinik\u00fcsimust sel n\u00e4dalal enam ei esitata. Loodame, et maasikataimede kasvatamine pakkus k\u00f5igile suurt r\u00f5\u00f5mu ning saite juurde uusi teadmisi ja oskusi. Aga on veel midagi, mida oodata&#8230; Mis edasi saab? Olge head ja leidke aega, et vastata tagasiside k\u00fcsimustikul. Nii saame ka meie teada, mis oli h\u00e4sti, mida..<\/p>\n","protected":false},"author":2,"featured_media":0,"parent":25,"menu_order":0,"comment_status":"closed","ping_status":"closed","template":"","meta":{"footnotes":""},"class_list":["post-308","page","type-page","status-publish","hentry"],"_links":{"self":[{"href":"https:\/\/aianduskool.ee\/maasikasobrad2023\/wp-json\/wp\/v2\/pages\/308","targetHints":{"allow":["GET"]}}],"collection":[{"href":"https:\/\/aianduskool.ee\/maasikasobrad2023\/wp-json\/wp\/v2\/pages"}],"about":[{"href":"https:\/\/aianduskool.ee\/maasikasobrad2023\/wp-json\/wp\/v2\/types\/page"}],"author":[{"embeddable":true,"href":"https:\/\/aianduskool.ee\/maasikasobrad2023\/wp-json\/wp\/v2\/users\/2"}],"replies":[{"embeddable":true,"href":"https:\/\/aianduskool.ee\/maasikasobrad2023\/wp-json\/wp\/v2\/comments?post=308"}],"version-history":[{"count":1,"href":"https:\/\/aianduskool.ee\/maasikasobrad2023\/wp-json\/wp\/v2\/pages\/308\/revisions"}],"predecessor-version":[{"id":309,"href":"https:\/\/aianduskool.ee\/maasikasobrad2023\/wp-json\/wp\/v2\/pages\/308\/revisions\/309"}],"up":[{"embeddable":true,"href":"https:\/\/aianduskool.ee\/maasikasobrad2023\/wp-json\/wp\/v2\/pages\/25"}],"wp:attachment":[{"href":"https:\/\/aianduskool.ee\/maasikasobrad2023\/wp-json\/wp\/v2\/media?parent=308"}],"curies":[{"name":"wp","href":"https:\/\/api.w.org\/{rel}","templated":true}]}}