{"id":17,"date":"2015-08-05T16:25:53","date_gmt":"2015-08-05T13:25:53","guid":{"rendered":"http:\/\/aianduskool.ee\/portfoolio\/?page_id=17"},"modified":"2015-10-25T17:04:58","modified_gmt":"2015-10-25T15:04:58","slug":"ulesanne-1-2","status":"publish","type":"page","link":"https:\/\/aianduskool.ee\/portfoolio\/ulesanne-1-2\/","title":{"rendered":"\u00dclesanne 2"},"content":{"rendered":"<p>Teise \u00fclesandega l\u00e4bime ilmselt k\u00f5ige ebahuvitavama teema siin kursusel. Selleks on arvutigraafika alused. L\u00e4bime seda teemat selleks, et aru saada \u00fcldistest m\u00f5istetest ning m\u00f5ista millise kvaliteedi, suurusega ja vorminguga\u00a0peaksid olema pildid, mida tahame veebis demontrseerida.<\/p>\n<p>\u00dclesanne koosneb sel korral kolmest osast:<\/p>\n<h4><span style=\"color: #3366ff;\"><strong>1. osa<\/strong><\/span><\/h4>\n<p>Tutvu <a href=\"http:\/\/aianduskool.ee\/portfoolio\/arvutigraafika-alused\/\" target=\"_blank\">\u00f5ppematerjalidega<\/a>.<\/p>\n<h4><span style=\"color: #3366ff;\"><strong>2. osa<\/strong><\/span><\/h4>\n<p>Koosta blogisse l\u00fchike, \u00fclevaatlik ja v\u00f5rdlev tabel, kus on esitatud raster- ja vektorgraafika erinevused. Uuri, millal tuleb k\u00f5ne alla\u00a0vektor- ja millal aga rastergraafika kasutamine.<\/p>\n<h4><span style=\"color: #3366ff;\"><strong>3. osa<\/strong><\/span><\/h4>\n<p>Salvesta internetist 5 suvalist (endale sobivat) fotot, pilti, fraafikut, joonist. Uuri, millise failivorminguga on tegemist ja milline on allalaetud faili maht.<\/p>\n<p>Lae uuritud pildid oma blogisse, lisa juurde faili suurus ja vorming. \u00c4ra unusta allikat.<\/p>\n<p>&nbsp;<\/p>\n<p>T\u00f6\u00f6 esitamise t\u00e4htaeg on <strong><span style=\"color: #3366ff;\">8. november 2015.<\/span><\/strong><\/p>\n<p>Tekkinud k\u00fcsimustest ja probleemidest anna \u00f5petajale teada e-kirja teel (katrin.uurman@aianduskool.ee).<\/p>\n<p>&nbsp;<\/p>\n","protected":false},"excerpt":{"rendered":"<p>Teise \u00fclesandega l\u00e4bime ilmselt k\u00f5ige ebahuvitavama teema siin kursusel. Selleks on arvutigraafika alused. L\u00e4bime seda teemat selleks, et aru saada \u00fcldistest m\u00f5istetest ning m\u00f5ista millise kvaliteedi, suurusega ja vorminguga\u00a0peaksid olema pildid, mida tahame veebis demontrseerida. \u00dclesanne koosneb sel korral kolmest osast: 1. osa Tutvu \u00f5ppematerjalidega. 2. osa Koosta blogisse l\u00fchike, \u00fclevaatlik ja v\u00f5rdlev tabel, kus [&hellip;]<\/p>\n","protected":false},"author":2,"featured_media":0,"parent":0,"menu_order":0,"comment_status":"open","ping_status":"open","template":"","meta":{"footnotes":""},"class_list":["post-17","page","type-page","status-publish","hentry"],"_links":{"self":[{"href":"https:\/\/aianduskool.ee\/portfoolio\/wp-json\/wp\/v2\/pages\/17","targetHints":{"allow":["GET"]}}],"collection":[{"href":"https:\/\/aianduskool.ee\/portfoolio\/wp-json\/wp\/v2\/pages"}],"about":[{"href":"https:\/\/aianduskool.ee\/portfoolio\/wp-json\/wp\/v2\/types\/page"}],"author":[{"embeddable":true,"href":"https:\/\/aianduskool.ee\/portfoolio\/wp-json\/wp\/v2\/users\/2"}],"replies":[{"embeddable":true,"href":"https:\/\/aianduskool.ee\/portfoolio\/wp-json\/wp\/v2\/comments?post=17"}],"version-history":[{"count":5,"href":"https:\/\/aianduskool.ee\/portfoolio\/wp-json\/wp\/v2\/pages\/17\/revisions"}],"predecessor-version":[{"id":145,"href":"https:\/\/aianduskool.ee\/portfoolio\/wp-json\/wp\/v2\/pages\/17\/revisions\/145"}],"wp:attachment":[{"href":"https:\/\/aianduskool.ee\/portfoolio\/wp-json\/wp\/v2\/media?parent=17"}],"curies":[{"name":"wp","href":"https:\/\/api.w.org\/{rel}","templated":true}]}}