{"id":2,"date":"2015-07-21T14:36:17","date_gmt":"2015-07-21T11:36:17","guid":{"rendered":"http:\/\/aianduskool.ee\/portfoolio\/?page_id=2"},"modified":"2016-05-01T11:43:20","modified_gmt":"2016-05-01T08:43:20","slug":"demoleht","status":"publish","type":"page","link":"https:\/\/aianduskool.ee\/portfoolio\/demoleht\/","title":{"rendered":"\u00dclesanded"},"content":{"rendered":"<h4><strong>Iseseisev t\u00f6\u00f6<\/strong><\/h4>\n<p>1. Fotode t\u00f6\u00f6tlemine vastavalt esitatud \u00fclesandele (8 ak tundi).<strong> <a href=\"http:\/\/aianduskool.ee\/portfoolio\/ulesanne-3\/\" target=\"_blank\">Fotot\u00f6\u00f6tlus\u00fclesanne (\u00dcL. 3)<\/a>. <a href=\"http:\/\/aianduskool.ee\/portfoolio\/ulesanne-4\/\" target=\"_blank\">Fotokollaa\u017ei koostamise \u00fclesanne (\u00dcL 4)<\/a>.<\/strong><br \/>\n2. Oma toodete fotodest valiku tegemine, fotode t\u00f6\u00f6tlemine ja sobivasse failiformaati salvestamine (10 ak tundi). <strong><a href=\"http:\/\/aianduskool.ee\/portfoolio\/ulesanne-7\/\" target=\"_blank\">\u00dclesanne on seotud portfoolio koostamisega (\u00dcL 7)<\/a>.\u00a0<\/strong><br \/>\n3. Esitluse koostamise harjutus\u00fclesanded. \u00d5pilane teostab juhendite p\u00f5hjal esitatud \u00fclesanded ning avaldab need veebis. <strong><a href=\"http:\/\/aianduskool.ee\/portfoolio\/ulesanne-8\/\" target=\"_blank\">Esitluse koostamine (\u00dcL. 8)<\/a><\/strong>.<br \/>\n4. Oma portfoolio koostamine ja veebis avaldamine (35 ak. tundi). \u00d5pilane koostab oma toodetest digitaalse portfoolio ning avaldab selle veebis. Portfoolios sisaldub \u00f5pilase CV, fotod v\u00e4hemalt viiest parimast \u00f5pingute k\u00e4igus valminud tootest, sisaldades toodete kavandeid v\u00f5i t\u00f6\u00f6jooniseid, t\u00f6\u00f6protsesside kirjeldust (s\u00f5nas ja fotodel) ja eneserefleksiooni. Portfoolio on koostatud tehniliselt ja keeleliselt korrektselt, kasutatud materjale on viidatud. <strong><a href=\"http:\/\/aianduskool.ee\/portfoolio\/ulesanne-5\/\" target=\"_blank\">Portfooliokeskkonna valik (\u00dcL. 5).<\/a>\u00a0<a href=\"http:\/\/aianduskool.ee\/portfoolio\/ulesanne-6\/\" target=\"_blank\">Portfoolio eesm\u00e4rgi, t\u00fc\u00fcbi, sihtgrupi, struktuuri m\u00e4\u00e4ratlemine (\u00dcL. 6).<\/a>\u00a0\u00a0<a href=\"http:\/\/aianduskool.ee\/portfoolio\/ulesanne-7\/\" target=\"_blank\">Portfoolio koostamine (\u00dcL. 7).<\/a>\u00a0<\/strong><\/p>\n","protected":false},"excerpt":{"rendered":"<p>Iseseisev t\u00f6\u00f6 1. Fotode t\u00f6\u00f6tlemine vastavalt esitatud \u00fclesandele (8 ak tundi). Fotot\u00f6\u00f6tlus\u00fclesanne (\u00dcL. 3). Fotokollaa\u017ei koostamise \u00fclesanne (\u00dcL 4). 2. Oma toodete fotodest valiku tegemine, fotode t\u00f6\u00f6tlemine ja sobivasse failiformaati salvestamine (10 ak tundi). \u00dclesanne on seotud portfoolio koostamisega (\u00dcL 7).\u00a0 3. Esitluse koostamise harjutus\u00fclesanded. \u00d5pilane teostab juhendite p\u00f5hjal esitatud \u00fclesanded ning avaldab need veebis. [&hellip;]<\/p>\n","protected":false},"author":1,"featured_media":0,"parent":0,"menu_order":0,"comment_status":"open","ping_status":"open","template":"","meta":{"footnotes":""},"class_list":["post-2","page","type-page","status-publish","hentry"],"_links":{"self":[{"href":"https:\/\/aianduskool.ee\/portfoolio\/wp-json\/wp\/v2\/pages\/2","targetHints":{"allow":["GET"]}}],"collection":[{"href":"https:\/\/aianduskool.ee\/portfoolio\/wp-json\/wp\/v2\/pages"}],"about":[{"href":"https:\/\/aianduskool.ee\/portfoolio\/wp-json\/wp\/v2\/types\/page"}],"author":[{"embeddable":true,"href":"https:\/\/aianduskool.ee\/portfoolio\/wp-json\/wp\/v2\/users\/1"}],"replies":[{"embeddable":true,"href":"https:\/\/aianduskool.ee\/portfoolio\/wp-json\/wp\/v2\/comments?post=2"}],"version-history":[{"count":5,"href":"https:\/\/aianduskool.ee\/portfoolio\/wp-json\/wp\/v2\/pages\/2\/revisions"}],"predecessor-version":[{"id":323,"href":"https:\/\/aianduskool.ee\/portfoolio\/wp-json\/wp\/v2\/pages\/2\/revisions\/323"}],"wp:attachment":[{"href":"https:\/\/aianduskool.ee\/portfoolio\/wp-json\/wp\/v2\/media?parent=2"}],"curies":[{"name":"wp","href":"https:\/\/api.w.org\/{rel}","templated":true}]}}