{"id":210,"date":"2015-12-13T13:27:01","date_gmt":"2015-12-13T11:27:01","guid":{"rendered":"http:\/\/aianduskool.ee\/portfoolio\/?page_id=210"},"modified":"2016-03-08T13:34:14","modified_gmt":"2016-03-08T11:34:14","slug":"ulesanne-5","status":"publish","type":"page","link":"https:\/\/aianduskool.ee\/portfoolio\/ulesanne-5\/","title":{"rendered":"\u00dclesanne 5"},"content":{"rendered":"<p>Eelmise \u00fclesandega l\u00f5petasime esimese suurema teema. Edasi liigume juba portfoolio koostamise juurde. Viiendaks \u00fclesandeks on v\u00e4lja valida keskkond, kuhu hakkate oma portfooliot koostama.<\/p>\n<p>V\u00f5imalikud keskkonnad:<\/p>\n<ul>\n<li><a href=\"https:\/\/about.me\" target=\"_blank\">about.me<\/a>\u00a0(Vaja luua eraldi konto.\u00a0<a href=\"https:\/\/about.me\/shannonsnow\" target=\"_blank\">N\u00e4ide<\/a>, keskkonna avalehel on rohkem n\u00e4iteid. \u00dcks\u00a0<a href=\"https:\/\/www.youtube.com\/watch?v=9STrAOELw0Q\" target=\"_blank\">videojuhend<\/a>)<\/li>\n<li><a href=\"https:\/\/accounts.google.com\/ServiceLogin?service=blogger&amp;hl=en&amp;passive=1209600&amp;continue=https:\/\/www.blogger.com\/home\" target=\"_blank\">Blogger<\/a>\u00a0(Sisselogimine Google kontoga)<\/li>\n<li><a href=\"https:\/\/apps.google.com\/intx\/en_uk\/products\/index.html?utm_source=google&amp;utm_medium=cpc&amp;utm_campaign=emea-emeaot-en-sites-bkws-all-trial-e_c&amp;utm_term=43700009067848473\" target=\"_blank\">GoogleSites<\/a>\u00a0(Sisselogimine Google kontoga. N\u00e4ide: \u00f5petaja portfoolio, \u00fcks <a href=\"https:\/\/www.youtube.com\/watch?v=vgpbGjXRObE\" target=\"_blank\">videojuhend<\/a>)<\/li>\n<li><a href=\"http:\/\/www.weebly.com\" target=\"_blank\">Weebly<\/a>\u00a0(vaja luua eraldi konto. \u00dcks\u00a0<a href=\"https:\/\/www.youtube.com\/watch?v=szPhuFBqEZI\" target=\"_blank\">videojuhend<\/a>)<\/li>\n<li><a href=\"https:\/\/wordpress.com\" target=\"_blank\">WordPress<\/a>\u00a0(vaja luua eraldi konto, kui WordPressi blogi olemas, pole eraldi kontot tarvis luua)<\/li>\n<li>&#8230;.<\/li>\n<\/ul>\n<p>Portfoolio koostamiseks m\u00f5eldud keskkondi on v\u00e4ga palju, mist\u00f5ttu v\u00f5ite valida ka m\u00f5ne muu, mida mina\u00a0nimetatud pole.<\/p>\n<p>\u00dclesandeks postitage\u00a0oma blogisse keskkonna nimi, mille valisite ja portfoolio aadress.<\/p>\n<p><strong>N\u00c4IDE<\/strong><\/p>\n<p><a href=\"https:\/\/sites.google.com\/site\/katrinportfoolio\/\" target=\"_blank\">Minu portfoolio<\/a>\u00a0(koostatud GoogleSites&#8217;is)<\/p>\n<p>Soovi ja v\u00f5imaluste korral v\u00f5ite hakata oma portfooliot juba sisuga t\u00e4itma.<\/p>\n<p>Siinkohal nimetan\u00a0etteruttavalt ka n\u00f5uded portfooliole, mille peate kursuse l\u00f5puks valmis saama.<br \/>\nPortfoolio sisaldab:<\/p>\n<ul>\n<li>CV -d (ei sisalda tundlikke andmeid, nt isikukood, s\u00fcnniaeg jms, v\u00f5ib olla loodud eraldi keskkonnas <a href=\"https:\/\/www.linkedin.com\" target=\"_blank\">Linkedin<\/a>, <a href=\"https:\/\/ee.linkedin.com\/in\/katrin-uurman-1298a425\" target=\"_blank\">n\u00e4ide<\/a>. Linkedin CV\u00a0v\u00f5ib olla ka eestikeelne. <a href=\"https:\/\/mahara.org\" target=\"_blank\">Mahara<\/a>, <a href=\"http:\/\/mahara katrin uurman\" target=\"_blank\">n\u00e4ide<\/a>. Mahara CV v\u00f5ib samuti olla eestikeelne.);<\/li>\n<li>infot viie eksponeeritava (\u00f5pingute k\u00e4igus valminud) toote kohta:\n<ul>\n<li>t\u00f6\u00f6deldud fotod,<\/li>\n<li>kavandid v\u00f5i t\u00f6\u00f6joonised,<\/li>\n<li>t\u00f6\u00f6protsessi kirjeldus (s\u00f5nas ja pildis),<\/li>\n<li>eneserefleksioon.<\/li>\n<\/ul>\n<\/li>\n<\/ul>\n<p>Portfoolio on tehniliselt korras ja keeleliselt korrektne, kasutatud materjalidele on viidatud. Fotode esitlemine v\u00f5ib olla lahendatud kollaa\u017eidena. Portfooliole on lisatud sobilik Creative Commonsi litsents.<\/p>\n<p>Portfooliokeskkonna valiku tegemise t\u00e4htajaks on <span style=\"color: #3366ff;\"><strong>20. detsember.<\/strong><\/span><\/p>\n<p>Tekkinud k\u00fcsimustest ja probleemidest teavitage mind e-kirja teel (katrin.uurman@aianduskool.ee).<\/p>\n","protected":false},"excerpt":{"rendered":"<p>Eelmise \u00fclesandega l\u00f5petasime esimese suurema teema. Edasi liigume juba portfoolio koostamise juurde. Viiendaks \u00fclesandeks on v\u00e4lja valida keskkond, kuhu hakkate oma portfooliot koostama. V\u00f5imalikud keskkonnad: about.me\u00a0(Vaja luua eraldi konto.\u00a0N\u00e4ide, keskkonna avalehel on rohkem n\u00e4iteid. \u00dcks\u00a0videojuhend) Blogger\u00a0(Sisselogimine Google kontoga) GoogleSites\u00a0(Sisselogimine Google kontoga. N\u00e4ide: \u00f5petaja portfoolio, \u00fcks videojuhend) Weebly\u00a0(vaja luua eraldi konto. \u00dcks\u00a0videojuhend) WordPress\u00a0(vaja luua eraldi konto, [&hellip;]<\/p>\n","protected":false},"author":2,"featured_media":0,"parent":0,"menu_order":0,"comment_status":"open","ping_status":"open","template":"","meta":{"footnotes":""},"class_list":["post-210","page","type-page","status-publish","hentry"],"_links":{"self":[{"href":"https:\/\/aianduskool.ee\/portfoolio\/wp-json\/wp\/v2\/pages\/210","targetHints":{"allow":["GET"]}}],"collection":[{"href":"https:\/\/aianduskool.ee\/portfoolio\/wp-json\/wp\/v2\/pages"}],"about":[{"href":"https:\/\/aianduskool.ee\/portfoolio\/wp-json\/wp\/v2\/types\/page"}],"author":[{"embeddable":true,"href":"https:\/\/aianduskool.ee\/portfoolio\/wp-json\/wp\/v2\/users\/2"}],"replies":[{"embeddable":true,"href":"https:\/\/aianduskool.ee\/portfoolio\/wp-json\/wp\/v2\/comments?post=210"}],"version-history":[{"count":5,"href":"https:\/\/aianduskool.ee\/portfoolio\/wp-json\/wp\/v2\/pages\/210\/revisions"}],"predecessor-version":[{"id":296,"href":"https:\/\/aianduskool.ee\/portfoolio\/wp-json\/wp\/v2\/pages\/210\/revisions\/296"}],"wp:attachment":[{"href":"https:\/\/aianduskool.ee\/portfoolio\/wp-json\/wp\/v2\/media?parent=210"}],"curies":[{"name":"wp","href":"https:\/\/api.w.org\/{rel}","templated":true}]}}