{"id":25,"date":"2015-08-05T16:27:55","date_gmt":"2015-08-05T13:27:55","guid":{"rendered":"http:\/\/aianduskool.ee\/portfoolio\/?page_id=25"},"modified":"2016-01-14T19:28:25","modified_gmt":"2016-01-14T17:28:25","slug":"oppematerjal-2","status":"publish","type":"page","link":"https:\/\/aianduskool.ee\/portfoolio\/oppematerjal-2\/","title":{"rendered":"Digitaalse portfoolio struktuur ja koostamine"},"content":{"rendered":"<p>Enne e-portfoolio koostamist on oluline panna paika selle loomise eesm\u00e4rk. \u00a0\u00dcksteisest erinevad e-portfoolio kui protsess (kogumine, valimine, reflekteerimine, hindamine, esitlemine) ja e-portfoolio kui tulem (m\u00e4rkmik, CV, veebisait, blogi, viki, CD-ROM v\u00f5i DVD).<\/p>\n<p>E-portfoolio koostamiseks\u00a0v\u00f5ib kasutada HTML-lehti, Wordi, blogisid, spetsiaalseid veebip\u00f5hiseid keskkondi vms.<\/p>\n<p>Eelnevalt on oluline m\u00e4\u00e4ratleda e-portfoolio eesm\u00e4rgid ja kontekst.<\/p>\n<p><strong><span style=\"color: #3366ff;\">Esimesed sammud portfoolio koostamisel<\/span><\/strong><\/p>\n<ul style=\"list-style-type: square;\">\n<li>E-portfoolio koostamise eesm\u00e4rgi v\u00e4ljaselgitamine, oodatava tulemuse ja sihtr\u00fchma m\u00e4\u00e4ratlemine.<\/li>\n<li>E-portfoolio sutruktuuri m\u00e4\u00e4ramine.<\/li>\n<li>Kasutatavate seadmete\u00a0ja tarkvara valimine.<\/li>\n<li>Materjali kogumine, hindamine ja valimine oma e-portfooliosse.<\/li>\n<li>T\u00f5endusmaterjali kogumine ja v\u00f5rdlemine.<\/li>\n<li>Oma e-portfoolio jagamine (nt kaaslased, juhendaja, t\u00f6\u00f6andja), tagasiside ja omandatud uute teadmiste baasil muudatuste tegemine.<\/li>\n<li>E-portfoolio oluliste osade (p\u00e4devused, saavutused vms) v\u00f5i terviku esitlemine. Lisainfo kogumine, v\u00f5rdlemine teiste t\u00f6\u00f6dega ning sellest \u00f5ppimine.<\/li>\n<\/ul>\n<p>&nbsp;<\/p>\n<p>L\u00fchidalt kokkuv\u00f5etuna on e-portfoolio koostamise etapid j\u00e4rgmised:<\/p>\n<ul>\n<li>organiseerimine ja planeerimine,<\/li>\n<li>kogumine ja selekteerimine,<\/li>\n<li>reflekteerimine ja anal\u00fc\u00fcsimine,<\/li>\n<li>jagamine ja tagasiside,<\/li>\n<li>esitlemine ja avalikustamine.<\/li>\n<\/ul>\n<p>&nbsp;<\/p>\n<p>Veebist v\u00f5ib leida mitmeid malle ja portfoolioid, millest v\u00f5ib enda portfoolio koostamiseks eeskuju v\u00f5tta \u00a0v\u00f5i inspiratsiooni saada.<\/p>\n<h4><span style=\"color: #3366ff;\"><strong>E-portfoolio struktuur\u00a0<\/strong><\/span><\/h4>\n<p>E-portfoolio struktuur tuleneb selle eesm\u00e4rgist.<\/p>\n<p>Soovituslikud e-portfoolio osad on:<\/p>\n<ul>\n<li>esileht v\u00f5i avaleht<\/li>\n<li>CV<\/li>\n<li>\u00fclevaade haridusest<\/li>\n<li>\u00fclevaade t\u00f6\u00f6kogemusest<\/li>\n<li>eksponeeritavad, oma erialaga seotud autori poolt\u00a0tehtud t\u00f6\u00f6d ja \u00fclesanded, nende kirjeldused, anal\u00fc\u00fcsid, reflektsioonid ja hinnangud.<\/li>\n<\/ul>\n<p>&nbsp;<\/p>\n<p>E-portfooliot tuleks t\u00e4iendada pidevalt. See on m\u00e4rk j\u00e4rjepidevusest ja s\u00fcsteemsusest. Samuti ei l\u00e4he \u00fckski t\u00f5endusmaterjal\u00a0kaduma.<\/p>\n<p>&nbsp;<\/p>\n<hr \/>\n<p>Allikad ja lisalugemist:<br \/>\nKlaos, S. E-portfoolio. \u00d5piobjekt &#8220;Minu portfoolio&#8221;.\u00a0<a href=\"https:\/\/www.tlu.ee\/opmat\/ka\/opiobjekt\/minu_eportfoolio\/1_eportfoolio.html\" target=\"_blank\">https:\/\/www.tlu.ee\/opmat\/ka\/opiobjekt\/minu_eportfoolio\/1_eportfoolio.html<\/a><br \/>\nPata, K., Laanpere, M. (2009) Tiigri\u00f5pe: Haridustehnoloogia k\u00e4siraamat, Tallinn:TL\u00dc Informaatika Instituut.<br \/>\nTammets, K., Laanpere, M. (20010). Portfoolio m\u00f5iste. &#8220;E-kursuse-portfoolio professionaalse arengu toena&#8221;.\u00a0<a href=\"https:\/\/portfooliokursus.wordpress.com\/lugemismaterjal-1\/1-nadal-e-portfoolio-moiste-ja-naited\/\" target=\"_blank\">https:\/\/portfooliokursus.wordpress.com\/lugemismaterjal-1\/1-nadal-e-portfoolio-moiste-ja-naited\/<\/a><br \/>\n\u00d5ppimise hindamine e-portfooliote p\u00f5hjal. E-kursus Uued hindamismeetodid.\u00a0<a href=\"http:\/\/hindamismeetodid.weebly.com\/e-portfoolio.html\" target=\"_blank\">http:\/\/hindamismeetodid.weebly.com\/e-portfoolio.html<\/a><\/p>\n","protected":false},"excerpt":{"rendered":"<p>Enne e-portfoolio koostamist on oluline panna paika selle loomise eesm\u00e4rk. \u00a0\u00dcksteisest erinevad e-portfoolio kui protsess (kogumine, valimine, reflekteerimine, hindamine, esitlemine) ja e-portfoolio kui tulem (m\u00e4rkmik, CV, veebisait, blogi, viki, CD-ROM v\u00f5i DVD). E-portfoolio koostamiseks\u00a0v\u00f5ib kasutada HTML-lehti, Wordi, blogisid, spetsiaalseid veebip\u00f5hiseid keskkondi vms. Eelnevalt on oluline m\u00e4\u00e4ratleda e-portfoolio eesm\u00e4rgid ja kontekst. Esimesed sammud portfoolio koostamisel E-portfoolio [&hellip;]<\/p>\n","protected":false},"author":2,"featured_media":0,"parent":0,"menu_order":0,"comment_status":"open","ping_status":"open","template":"","meta":{"footnotes":""},"class_list":["post-25","page","type-page","status-publish","hentry"],"_links":{"self":[{"href":"https:\/\/aianduskool.ee\/portfoolio\/wp-json\/wp\/v2\/pages\/25","targetHints":{"allow":["GET"]}}],"collection":[{"href":"https:\/\/aianduskool.ee\/portfoolio\/wp-json\/wp\/v2\/pages"}],"about":[{"href":"https:\/\/aianduskool.ee\/portfoolio\/wp-json\/wp\/v2\/types\/page"}],"author":[{"embeddable":true,"href":"https:\/\/aianduskool.ee\/portfoolio\/wp-json\/wp\/v2\/users\/2"}],"replies":[{"embeddable":true,"href":"https:\/\/aianduskool.ee\/portfoolio\/wp-json\/wp\/v2\/comments?post=25"}],"version-history":[{"count":5,"href":"https:\/\/aianduskool.ee\/portfoolio\/wp-json\/wp\/v2\/pages\/25\/revisions"}],"predecessor-version":[{"id":272,"href":"https:\/\/aianduskool.ee\/portfoolio\/wp-json\/wp\/v2\/pages\/25\/revisions\/272"}],"wp:attachment":[{"href":"https:\/\/aianduskool.ee\/portfoolio\/wp-json\/wp\/v2\/media?parent=25"}],"curies":[{"name":"wp","href":"https:\/\/api.w.org\/{rel}","templated":true}]}}