{"id":2,"date":"2014-09-10T11:52:07","date_gmt":"2014-09-10T11:52:07","guid":{"rendered":"http:\/\/aianduskool.ee\/rohttaimed\/?page_id=2"},"modified":"2018-07-02T16:57:03","modified_gmt":"2018-07-02T13:57:03","slug":"demoleht","status":"publish","type":"page","link":"https:\/\/aianduskool.ee\/rohttaimed\/demoleht\/","title":{"rendered":"Kursus: Rohttaimed"},"content":{"rendered":"<p><span style=\"color: #008000;\"><strong>\u00d5piv\u00e4ljundid<\/strong><\/span><\/p>\n<p>\u00d5ppija:<\/p>\n<ul>\n<li>m\u00e4\u00e4rab ja tunneb \u00e4ra rohtseid taimi etteantud nimekirjast l\u00e4htuvalt;<\/li>\n<li>nimetab rohtseid taimi eesti ja ladina keeles, l\u00e4htudes etteantud taimenimekirjast;<\/li>\n<li>kirjeldab rohtsete taimede omadusi ja n\u00f5udeid kasvukohale;<\/li>\n<li>valib rohtseid taimi erinevatesse kasvukohtadesse taimede n\u00f5uetest l\u00e4htuvalt;<\/li>\n<li>taimede valikul kasutab erinevaid allikaid ning hindab nende usaldusv\u00e4\u00e4rsust;<\/li>\n<li>leiab erialast infot ja vormistab kirjalikud t\u00f6\u00f6d vastavalt juhendile IKT-vahendeid kasutades.<\/li>\n<\/ul>\n","protected":false},"excerpt":{"rendered":"<p>\u00d5piv\u00e4ljundid \u00d5ppija: m\u00e4\u00e4rab ja tunneb \u00e4ra rohtseid taimi etteantud nimekirjast l\u00e4htuvalt; nimetab rohtseid taimi eesti ja ladina keeles, l\u00e4htudes etteantud taimenimekirjast; kirjeldab rohtsete taimede omadusi ja n\u00f5udeid kasvukohale; valib rohtseid taimi erinevatesse kasvukohtadesse taimede n\u00f5uetest l\u00e4htuvalt; taimede valikul kasutab erinevaid allikaid ning hindab nende usaldusv\u00e4\u00e4rsust; leiab erialast infot ja vormistab kirjalikud t\u00f6\u00f6d vastavalt juhendile IKT-vahendeid [&hellip;]<\/p>\n","protected":false},"author":1,"featured_media":0,"parent":0,"menu_order":0,"comment_status":"open","ping_status":"open","template":"","meta":{"footnotes":""},"class_list":["post-2","page","type-page","status-publish","hentry"],"_links":{"self":[{"href":"https:\/\/aianduskool.ee\/rohttaimed\/wp-json\/wp\/v2\/pages\/2","targetHints":{"allow":["GET"]}}],"collection":[{"href":"https:\/\/aianduskool.ee\/rohttaimed\/wp-json\/wp\/v2\/pages"}],"about":[{"href":"https:\/\/aianduskool.ee\/rohttaimed\/wp-json\/wp\/v2\/types\/page"}],"author":[{"embeddable":true,"href":"https:\/\/aianduskool.ee\/rohttaimed\/wp-json\/wp\/v2\/users\/1"}],"replies":[{"embeddable":true,"href":"https:\/\/aianduskool.ee\/rohttaimed\/wp-json\/wp\/v2\/comments?post=2"}],"version-history":[{"count":5,"href":"https:\/\/aianduskool.ee\/rohttaimed\/wp-json\/wp\/v2\/pages\/2\/revisions"}],"predecessor-version":[{"id":1518,"href":"https:\/\/aianduskool.ee\/rohttaimed\/wp-json\/wp\/v2\/pages\/2\/revisions\/1518"}],"wp:attachment":[{"href":"https:\/\/aianduskool.ee\/rohttaimed\/wp-json\/wp\/v2\/media?parent=2"}],"curies":[{"name":"wp","href":"https:\/\/api.w.org\/{rel}","templated":true}]}}