{"id":113,"date":"2022-02-28T14:17:35","date_gmt":"2022-02-28T12:17:35","guid":{"rendered":"https:\/\/aianduskool.ee\/taimeprojekt2022\/?page_id=113"},"modified":"2022-02-28T14:20:59","modified_gmt":"2022-02-28T12:20:59","slug":"2-nadala-kokkuvote","status":"publish","type":"page","link":"https:\/\/aianduskool.ee\/taimeprojekt2022\/blogid\/2-nadala-kokkuvote\/","title":{"rendered":"2. N\u00c4DALA KOKKUV\u00d5TE"},"content":{"rendered":"<p>Head s\u00f5brad!<\/p>\n<p>Aeg on teine projekti n\u00e4dal kokku v\u00f5tta.<\/p>\n<p>N\u00e4dal m\u00f6\u00f6dus kiirelt ja tegusalt:<\/p>\n<p>*Sidrunmelissi ja piparm\u00fcndi emataimed said endale uued &#8220;kodud&#8221;- taimed istutati suurematesse pottidesse. Abiks \u00fcmberistutamisele oli projekti Facebooki gruppi ja kodulehele lisandunud \u00f5ppevideo.<\/p>\n<p>*Koguti katseandmeid ja uuriti taimi, vastati viktoriini k\u00fcsimusele.<\/p>\n<p>*Taimedelt leiti kahjureid- lehet\u00e4isid, kelle t\u00f5rjumisega ka koheselt algust tehti. Vastavasisuline \u00f5petus lisati meie projekti Facebooki`i gruppi ja projekti kodulehele.<\/p>\n<p><strong>Mis juhtub projekti kolmandal n\u00e4dalal?<\/strong><\/p>\n<p>Algas koolivaheaeg- kooli vaheaja n\u00e4dalal projekti kodulehele uut viktoriinik\u00fcsimust ei lisandu.<\/p>\n<p>Laske emataimedel uutes &#8220;kodudes&#8221; kohaneda ja juurduda. Kindlasti j\u00e4lgige, et taimed saaksid piisavalt vett ning kaitske neid otsese p\u00e4ikesevalguse eest!<\/p>\n<p>Samuti k\u00fclastage meie Facebooki gruppi. \u00c4rge unustage katseandmeid koguda!<\/p>\n<p>&nbsp;<\/p>\n<p>Igasuguste k\u00fcsimuste ja murede korral p\u00f6\u00f6rduge ikka projekti meeskonna poole (sobrad@aianduskool.ee).<\/p>\n<p>Projekti meeskond soovib k\u00f5igile m\u00f5nusat ja p\u00e4ikeselist kevade ootust!<\/p>\n","protected":false},"excerpt":{"rendered":"<p>Head s\u00f5brad! Aeg on teine projekti n\u00e4dal kokku v\u00f5tta. N\u00e4dal m\u00f6\u00f6dus kiirelt ja tegusalt: *Sidrunmelissi ja piparm\u00fcndi emataimed said endale uued &#8220;kodud&#8221;- taimed istutati suurematesse pottidesse. Abiks \u00fcmberistutamisele oli projekti Facebooki gruppi ja kodulehele lisandunud \u00f5ppevideo. *Koguti katseandmeid ja uuriti taimi, vastati viktoriini k\u00fcsimusele. *Taimedelt leiti kahjureid- lehet\u00e4isid, kelle t\u00f5rjumisega ka koheselt algust tehti. Vastavasisuline \u00f5petus lisati meie projekti Facebooki`i gruppi ja projekti kodulehele. Mis juhtub projekti kolmandal n\u00e4dalal? Algas koolivaheaeg- kooli vaheaja n\u00e4dalal projekti kodulehele uut viktoriinik\u00fcsimust ei lisandu. Laske emataimedel uutes &#8220;kodudes&#8221; kohaneda ja juurduda. Kindlasti j\u00e4lgige, et taimed saaksid piisavalt vett ning kaitske neid otsese p\u00e4ikesevalguse eest!..<\/p>\n","protected":false},"author":2,"featured_media":0,"parent":24,"menu_order":0,"comment_status":"closed","ping_status":"closed","template":"","meta":{"footnotes":""},"class_list":["post-113","page","type-page","status-publish","hentry"],"_links":{"self":[{"href":"https:\/\/aianduskool.ee\/taimeprojekt2022\/wp-json\/wp\/v2\/pages\/113","targetHints":{"allow":["GET"]}}],"collection":[{"href":"https:\/\/aianduskool.ee\/taimeprojekt2022\/wp-json\/wp\/v2\/pages"}],"about":[{"href":"https:\/\/aianduskool.ee\/taimeprojekt2022\/wp-json\/wp\/v2\/types\/page"}],"author":[{"embeddable":true,"href":"https:\/\/aianduskool.ee\/taimeprojekt2022\/wp-json\/wp\/v2\/users\/2"}],"replies":[{"embeddable":true,"href":"https:\/\/aianduskool.ee\/taimeprojekt2022\/wp-json\/wp\/v2\/comments?post=113"}],"version-history":[{"count":2,"href":"https:\/\/aianduskool.ee\/taimeprojekt2022\/wp-json\/wp\/v2\/pages\/113\/revisions"}],"predecessor-version":[{"id":116,"href":"https:\/\/aianduskool.ee\/taimeprojekt2022\/wp-json\/wp\/v2\/pages\/113\/revisions\/116"}],"up":[{"embeddable":true,"href":"https:\/\/aianduskool.ee\/taimeprojekt2022\/wp-json\/wp\/v2\/pages\/24"}],"wp:attachment":[{"href":"https:\/\/aianduskool.ee\/taimeprojekt2022\/wp-json\/wp\/v2\/media?parent=113"}],"curies":[{"name":"wp","href":"https:\/\/api.w.org\/{rel}","templated":true}]}}

2. NÄDALA KOKKUVÕTE

<p>Head sõbrad!</p>
<p>Aeg on teine projekti nädal kokku võtta.</p>
<p>Nädal möödus kiirelt ja tegusalt:</p>
<p>*Sidrunmelissi ja piparmündi emataimed said endale uued &#8220;kodud&#8221;- taimed istutati suurematesse pottidesse. Abiks ümberistutamisele oli projekti Facebooki gruppi ja kodulehele lisandunud õppevideo.</p>
<p>*Koguti katseandmeid ja uuriti taimi, vastati viktoriini küsimusele.</p>
<p>*Taimedelt leiti kahjureid- lehetäisid, kelle tõrjumisega ka koheselt algust tehti. Vastavasisuline õpetus lisati meie projekti Facebooki`i gruppi ja projekti kodulehele.</p>
<p><strong>Mis juhtub projekti kolmandal nädalal?</strong></p>
<p>Algas koolivaheaeg- kooli vaheaja nädalal projekti kodulehele uut viktoriiniküsimust ei lisandu.</p>
<p>Laske emataimedel uutes &#8220;kodudes&#8221; kohaneda ja juurduda. Kindlasti jälgige, et taimed saaksid piisavalt vett ning kaitske neid otsese päikesevalguse eest!</p>
<p>Samuti külastage meie Facebooki gruppi. Ärge unustage katseandmeid koguda!</p>
<p>&nbsp;</p>
<p>Igasuguste küsimuste ja murede korral pöörduge ikka projekti meeskonna poole (sobrad@aianduskool.ee).</p>
<p>Projekti meeskond soovib kõigile mõnusat ja päikeselist kevade ootust!</p>

<p>Head sõbrad! Aeg on teine projekti nädal kokku võtta. Nädal möödus kiirelt ja tegusalt: *Sidrunmelissi ja piparmündi emataimed said endale uued &#8220;kodud&#8221;- taimed istutati suurematesse pottidesse. Abiks ümberistutamisele oli projekti Facebooki gruppi ja kodulehele lisandunud õppevideo. *Koguti katseandmeid ja uuriti taimi, vastati viktoriini küsimusele. *Taimedelt leiti kahjureid- lehetäisid, kelle tõrjumisega ka koheselt algust tehti. Vastavasisuline õpetus lisati meie projekti Facebooki`i gruppi ja projekti kodulehele. Mis juhtub projekti kolmandal nädalal? Algas koolivaheaeg- kooli vaheaja nädalal projekti kodulehele uut viktoriiniküsimust ei lisandu. Laske emataimedel uutes &#8220;kodudes&#8221; kohaneda ja juurduda. Kindlasti jälgige, et taimed saaksid piisavalt vett ning kaitske neid otsese päikesevalguse eest!..</p>
