{"id":187,"date":"2022-04-11T11:07:19","date_gmt":"2022-04-11T08:07:19","guid":{"rendered":"https:\/\/aianduskool.ee\/taimeprojekt2022\/?page_id=187"},"modified":"2022-04-11T11:07:19","modified_gmt":"2022-04-11T08:07:19","slug":"8-nadala-kokkuvote","status":"publish","type":"page","link":"https:\/\/aianduskool.ee\/taimeprojekt2022\/blogid\/8-nadala-kokkuvote\/","title":{"rendered":"8.N\u00c4DALA KOKKUV\u00d5TE"},"content":{"rendered":"<p>Armsad maitsetaimede s\u00f5brad!<\/p>\n<p>Aeg on taas \u00fcks n\u00e4dal kokku v\u00f5tta.<br \/>\n8. projektin\u00e4dalal tegelesime taas tavap\u00e4raste tegevustega \u2013 hooldasime ja uurisime taimi, potistasime noortaimi. M\u00f5ned r\u00fchmad said alles n\u00fc\u00fcd v\u00f5imaluse emataimest pistikuid teha.<br \/>\nMaitsetaimede emataimed vajavad enam toitaineid. Sellep\u00e4rast on n\u00fc\u00fcd tarvis rohkem v\u00e4etamisega tegeleda. Pange aga t\u00e4hele, et kuivas mullas kasvavat taime v\u00e4etada ei tohi. See p\u00f5hjustab rohkem kahju kui kasu. Kuivas mullas kasvava taime juurtele tekib v\u00e4etamise j\u00e4rel v\u00e4etise p\u00f5letus. Samuti ei omasta taim kuivast mullast toitaineid. Seega, enne v\u00e4etamist tuleb muld veega m\u00e4rjaks kasta. Alles siis v\u00f5ib v\u00e4etislahusega v\u00e4etama hakata.<\/p>\n<p>Oleme saanud ka kurbi uudiseid- m\u00f5nede r\u00fchmade maitsetaimed on langenud kahjurite &#8220;ohvriks&#8221; ning nad on pidanud taimekasvatusprojekti sel korral pooleli j\u00e4tma. Aga \u00e4ge kurvastage- ka see on hea \u00f5ppetund: kahjurid on osa loodusest ja alati ei \u00f5nnestu nende pahandusi likvideerida. Seda enam \u00f5pime me hindama seda, kui palju on toidu kasvatamiseks vaja pingutada.<\/p>\n<p>Eelmisel n\u00e4dalal saadeti meile ka palju toredaid konkursit\u00f6id \u2013 joonistusi. Loomekonkurss kestab 17.aprillini. Kes ei ole veel j\u00f5udnud oma t\u00f6id meile saata, siis ootame \ud83d\ude42<\/p>\n<p>&nbsp;<\/p>\n<p><strong>Mis juhtub j\u00e4rgmisel n\u00e4dalal?\u00a0<\/strong><\/p>\n<p>\u00dcheksandal n\u00e4dalal j\u00e4tkame maitsetaimede kasvatamise ja j\u00e4lgimisega.<br \/>\nJ\u00e4tkub loomekonkurss (kestab 17.aprillini).<\/p>\n<p>Kindlasti uurige, mida \u00fctleb n\u00e4dala nipp ning vastake viktoriini k\u00fcsimusele. Valmistuge \u00fclest\u00f5usmisp\u00fchadeks ning kevadvaheajaks.<\/p>\n<p>&nbsp;<\/p>\n<p><strong>Taimeprojekti \u201cMaitsetaimedega s\u00f5braks!\u201d meeskond soovib p\u00f5nevat n\u00e4dalat!<\/strong><\/p>\n","protected":false},"excerpt":{"rendered":"<p>Armsad maitsetaimede s\u00f5brad! Aeg on taas \u00fcks n\u00e4dal kokku v\u00f5tta. 8. projektin\u00e4dalal tegelesime taas tavap\u00e4raste tegevustega \u2013 hooldasime ja uurisime taimi, potistasime noortaimi. M\u00f5ned r\u00fchmad said alles n\u00fc\u00fcd v\u00f5imaluse emataimest pistikuid teha. Maitsetaimede emataimed vajavad enam toitaineid. Sellep\u00e4rast on n\u00fc\u00fcd tarvis rohkem v\u00e4etamisega tegeleda. Pange aga t\u00e4hele, et kuivas mullas kasvavat taime v\u00e4etada ei tohi. See p\u00f5hjustab rohkem kahju kui kasu. Kuivas mullas kasvava taime juurtele tekib v\u00e4etamise j\u00e4rel v\u00e4etise p\u00f5letus. Samuti ei omasta taim kuivast mullast toitaineid. Seega, enne v\u00e4etamist tuleb muld veega m\u00e4rjaks kasta. Alles siis v\u00f5ib v\u00e4etislahusega v\u00e4etama hakata. Oleme saanud ka kurbi uudiseid- m\u00f5nede r\u00fchmade maitsetaimed..<\/p>\n","protected":false},"author":2,"featured_media":0,"parent":24,"menu_order":0,"comment_status":"closed","ping_status":"closed","template":"","meta":{"footnotes":""},"class_list":["post-187","page","type-page","status-publish","hentry"],"_links":{"self":[{"href":"https:\/\/aianduskool.ee\/taimeprojekt2022\/wp-json\/wp\/v2\/pages\/187","targetHints":{"allow":["GET"]}}],"collection":[{"href":"https:\/\/aianduskool.ee\/taimeprojekt2022\/wp-json\/wp\/v2\/pages"}],"about":[{"href":"https:\/\/aianduskool.ee\/taimeprojekt2022\/wp-json\/wp\/v2\/types\/page"}],"author":[{"embeddable":true,"href":"https:\/\/aianduskool.ee\/taimeprojekt2022\/wp-json\/wp\/v2\/users\/2"}],"replies":[{"embeddable":true,"href":"https:\/\/aianduskool.ee\/taimeprojekt2022\/wp-json\/wp\/v2\/comments?post=187"}],"version-history":[{"count":1,"href":"https:\/\/aianduskool.ee\/taimeprojekt2022\/wp-json\/wp\/v2\/pages\/187\/revisions"}],"predecessor-version":[{"id":188,"href":"https:\/\/aianduskool.ee\/taimeprojekt2022\/wp-json\/wp\/v2\/pages\/187\/revisions\/188"}],"up":[{"embeddable":true,"href":"https:\/\/aianduskool.ee\/taimeprojekt2022\/wp-json\/wp\/v2\/pages\/24"}],"wp:attachment":[{"href":"https:\/\/aianduskool.ee\/taimeprojekt2022\/wp-json\/wp\/v2\/media?parent=187"}],"curies":[{"name":"wp","href":"https:\/\/api.w.org\/{rel}","templated":true}]}}