{"id":203,"date":"2022-05-03T20:29:19","date_gmt":"2022-05-03T17:29:19","guid":{"rendered":"https:\/\/aianduskool.ee\/taimeprojekt2022\/?page_id=203"},"modified":"2022-05-03T20:29:19","modified_gmt":"2022-05-03T17:29:19","slug":"projekti-viimane-nadal-on-alanud","status":"publish","type":"page","link":"https:\/\/aianduskool.ee\/taimeprojekt2022\/blogid\/projekti-viimane-nadal-on-alanud\/","title":{"rendered":"PROJEKTI VIIMANE N\u00c4DAL ON ALANUD"},"content":{"rendered":"<p>Head maitsetaimede s\u00f5brad!<\/p>\n<p><strong>Viimane aktiivne projektin\u00e4dal on alanud!<\/strong><\/p>\n<p>J\u00e4tkame tavap\u00e4raste tegevustega \u2013 kastame ja v\u00e4etame taimi, kogume katse andmeid. Valmistume kokkuv\u00f5tete tegemiseks.<br \/>\n\u017d\u00fcrii on alustanud konkursit\u00f6\u00f6de hindamist. Kuna t\u00f6id esitati palju, siis hindamine v\u00f5tab oma jagu aega.<br \/>\nSellel n\u00e4dalal on veel viimane v\u00f5imalus saata oma r\u00fchma projektiblogi konkursile &#8211; t\u00e4htaeg 8.mai 2022.<\/p>\n<p>Sel n\u00e4dalal saab vastata viimasele viktoriinik\u00fcsimusele.<br \/>\nOleme emadep\u00e4eva ootuses \ud83d\ude42<\/p>\n<p><strong>Taimeprojekti \u201cMaitsetaimedega s\u00f5braks!\u201d meeskond soovib p\u00e4ikeselist n\u00e4dalat ja s\u00fcdamlikku emadep\u00e4eva!<\/strong><\/p>\n","protected":false},"excerpt":{"rendered":"<p>Head maitsetaimede s\u00f5brad! Viimane aktiivne projektin\u00e4dal on alanud! J\u00e4tkame tavap\u00e4raste tegevustega \u2013 kastame ja v\u00e4etame taimi, kogume katse andmeid. Valmistume kokkuv\u00f5tete tegemiseks. \u017d\u00fcrii on alustanud konkursit\u00f6\u00f6de hindamist. Kuna t\u00f6id esitati palju, siis hindamine v\u00f5tab oma jagu aega. Sellel n\u00e4dalal on veel viimane v\u00f5imalus saata oma r\u00fchma projektiblogi konkursile &#8211; t\u00e4htaeg 8.mai 2022. Sel n\u00e4dalal saab vastata viimasele viktoriinik\u00fcsimusele. Oleme emadep\u00e4eva ootuses \ud83d\ude42 Taimeprojekti \u201cMaitsetaimedega s\u00f5braks!\u201d meeskond soovib p\u00e4ikeselist n\u00e4dalat ja s\u00fcdamlikku emadep\u00e4eva!<\/p>\n","protected":false},"author":2,"featured_media":0,"parent":24,"menu_order":0,"comment_status":"closed","ping_status":"closed","template":"","meta":{"footnotes":""},"class_list":["post-203","page","type-page","status-publish","hentry"],"_links":{"self":[{"href":"https:\/\/aianduskool.ee\/taimeprojekt2022\/wp-json\/wp\/v2\/pages\/203","targetHints":{"allow":["GET"]}}],"collection":[{"href":"https:\/\/aianduskool.ee\/taimeprojekt2022\/wp-json\/wp\/v2\/pages"}],"about":[{"href":"https:\/\/aianduskool.ee\/taimeprojekt2022\/wp-json\/wp\/v2\/types\/page"}],"author":[{"embeddable":true,"href":"https:\/\/aianduskool.ee\/taimeprojekt2022\/wp-json\/wp\/v2\/users\/2"}],"replies":[{"embeddable":true,"href":"https:\/\/aianduskool.ee\/taimeprojekt2022\/wp-json\/wp\/v2\/comments?post=203"}],"version-history":[{"count":1,"href":"https:\/\/aianduskool.ee\/taimeprojekt2022\/wp-json\/wp\/v2\/pages\/203\/revisions"}],"predecessor-version":[{"id":204,"href":"https:\/\/aianduskool.ee\/taimeprojekt2022\/wp-json\/wp\/v2\/pages\/203\/revisions\/204"}],"up":[{"embeddable":true,"href":"https:\/\/aianduskool.ee\/taimeprojekt2022\/wp-json\/wp\/v2\/pages\/24"}],"wp:attachment":[{"href":"https:\/\/aianduskool.ee\/taimeprojekt2022\/wp-json\/wp\/v2\/media?parent=203"}],"curies":[{"name":"wp","href":"https:\/\/api.w.org\/{rel}","templated":true}]}}

PROJEKTI VIIMANE NÄDAL ON ALANUD

<p>Head maitsetaimede sõbrad!</p>
<p><strong>Viimane aktiivne projektinädal on alanud!</strong></p>
<p>Jätkame tavapäraste tegevustega – kastame ja väetame taimi, kogume katse andmeid. Valmistume kokkuvõtete tegemiseks.<br />
Žürii on alustanud konkursitööde hindamist. Kuna töid esitati palju, siis hindamine võtab oma jagu aega.<br />
Sellel nädalal on veel viimane võimalus saata oma rühma projektiblogi konkursile &#8211; tähtaeg 8.mai 2022.</p>
<p>Sel nädalal saab vastata viimasele viktoriiniküsimusele.<br />
Oleme emadepäeva ootuses 🙂</p>
<p><strong>Taimeprojekti “Maitsetaimedega sõbraks!” meeskond soovib päikeselist nädalat ja südamlikku emadepäeva!</strong></p>

<p>Head maitsetaimede sõbrad! Viimane aktiivne projektinädal on alanud! Jätkame tavapäraste tegevustega – kastame ja väetame taimi, kogume katse andmeid. Valmistume kokkuvõtete tegemiseks. Žürii on alustanud konkursitööde hindamist. Kuna töid esitati palju, siis hindamine võtab oma jagu aega. Sellel nädalal on veel viimane võimalus saata oma rühma projektiblogi konkursile &#8211; tähtaeg 8.mai 2022. Sel nädalal saab vastata viimasele viktoriiniküsimusele. Oleme emadepäeva ootuses 🙂 Taimeprojekti “Maitsetaimedega sõbraks!” meeskond soovib päikeselist nädalat ja südamlikku emadepäeva!</p>
