{"id":191,"date":"2017-08-13T18:54:46","date_gmt":"2017-08-13T15:54:46","guid":{"rendered":"http:\/\/aianduskool.ee\/toalilled\/?page_id=191"},"modified":"2019-11-20T12:19:13","modified_gmt":"2019-11-20T10:19:13","slug":"toestamine","status":"publish","type":"page","link":"https:\/\/aianduskool.ee\/toalilled\/oppematerjalid\/teema-2-toataimede-hooldusvotted\/toestamine\/","title":{"rendered":"Toestamine"},"content":{"rendered":"<div id=\"attachment_192\" style=\"width: 310px\" class=\"wp-caption alignright\"><a href=\"http:\/\/aianduskool.ee\/toalilled\/wp-content\/uploads\/2017\/08\/181002-11189897.jpg\"><img loading=\"lazy\" decoding=\"async\" aria-describedby=\"caption-attachment-192\" class=\"wp-image-192 size-medium\" src=\"http:\/\/aianduskool.ee\/toalilled\/wp-content\/uploads\/2017\/08\/181002-11189897-300x281.jpg\" alt=\"\" width=\"300\" height=\"281\" \/><\/a><p id=\"caption-attachment-192\" class=\"wp-caption-text\">Kuukinga \u00f5isikuvarre kinnitamine toele plastikklambriga. Allikas: http:\/\/www.agriexpo.online\/prod\/simonetti-adomo-srl\/product-181002-39885.html<\/p><\/div>\n<p><span style=\"color: #000000;\">Tihti vajavad toestamist rohtsed varred, mis lopsaka v\u00f5ra, suurte lehtede v\u00f5i \u00f5isikute t\u00f5ttu ei suuda ennast ise p\u00fcsti hoida. Toestamist vajavad ka liaanid.\u00a0<\/span><\/p>\n<p><span style=\"color: #000000;\">Kasutatakse mintmesugusest materjalist toerstusi. Peamised materjalid on puit, bambus, metall, plastik, kookoskiud.\u00a0<\/span><\/p>\n<p><span style=\"color: #000000;\">Taimede tugedele kinnitamiseks kasutatakse \u00a0n\u00f6\u00f6ri, orhideede \u00f5isikuvare kinnitamiseks kasutatakse spetsiaalseid klambreid. Taimed kinnitatakse n\u00f6\u00f6riga toe k\u00fclge \u00f5rnalt. Sidumisv\u00f5te tehakse sarnaselt teiste taimedega. Kindlasti ei tohi kinnitus muutuda nn soonivaks ja taime edasist kasvu taksitavaks. Samuti ei tohiks kinnitus olla liiga l\u00f5tv. Sellisel juhul ei t\u00e4ida kinnitus oma eesm\u00e4rki.\u00a0<\/span><\/p>\n<div id=\"attachment_194\" style=\"width: 246px\" class=\"wp-caption alignright\"><a href=\"http:\/\/aianduskool.ee\/toalilled\/wp-content\/uploads\/2017\/08\/vining-houseplant-236x600.jpg\"><img loading=\"lazy\" decoding=\"async\" aria-describedby=\"caption-attachment-194\" class=\"wp-image-194 size-full\" src=\"http:\/\/aianduskool.ee\/toalilled\/wp-content\/uploads\/2017\/08\/vining-houseplant-236x600.jpg\" alt=\"\" width=\"236\" height=\"600\" srcset=\"https:\/\/aianduskool.ee\/toalilled\/wp-content\/uploads\/2017\/08\/vining-houseplant-236x600.jpg 236w, https:\/\/aianduskool.ee\/toalilled\/wp-content\/uploads\/2017\/08\/vining-houseplant-236x600-118x300.jpg 118w\" sizes=\"auto, (max-width: 236px) 100vw, 236px\" \/><\/a><p id=\"caption-attachment-194\" class=\"wp-caption-text\">Roniva filodendroni toestamine kookoskiuga kaetud plastiktoruga. Allikas: https:\/\/www.gardeningknowhow.com\/houseplants\/hpgen\/vining-plants-for-inside-the-home.htm<\/p><\/div>\n<p><span style=\"color: #000000;\">Parem on teostus paigutada taimede istutamisel\/ \u00fcmberistutamisel. \u00c4\u00e4rmisel juhul v\u00f5ib toed paigutada ka hiljem, siis kui vajadus tekib. K\u00fcll aga on sellisel juhul suurem t\u00f5en\u00e4osus juuri vigastada. Liaaanide toed v\u00f5iks paigutada taime \u00fcmberistutamisel. Siis on v\u00f5imalik taimi kasvamise ajal tugedele suunata, kinnitada ja tulemus j\u00e4\u00e4b loomulikum. <\/span><\/p>\n<p><span style=\"color: #000000;\">Tugede paigutamisel surutakse need mulda, soovitavalt kuni poti p\u00f5hjani. Sellisel juhul on tugi tugevam.\u00a0<\/span><\/p>\n<div id=\"attachment_196\" style=\"width: 253px\" class=\"wp-caption alignnone\"><a href=\"http:\/\/aianduskool.ee\/toalilled\/wp-content\/uploads\/2017\/08\/8879262072862.jpg\"><img loading=\"lazy\" decoding=\"async\" aria-describedby=\"caption-attachment-196\" class=\"wp-image-196 size-full\" src=\"http:\/\/aianduskool.ee\/toalilled\/wp-content\/uploads\/2017\/08\/8879262072862.jpg\" alt=\"\" width=\"243\" height=\"189\" \/><\/a><p id=\"caption-attachment-196\" class=\"wp-caption-text\">Sidumisv\u00f5te. Tomatitaime kinnitamine bambustoele. Allikas: https:\/\/www.praxis.nl\/doe-het-zelf\/tuin-en-balkon\/planten<\/p><\/div>\n","protected":false},"excerpt":{"rendered":"<p>Tihti vajavad toestamist rohtsed varred, mis lopsaka v\u00f5ra, suurte lehtede v\u00f5i \u00f5isikute t\u00f5ttu ei suuda ennast ise p\u00fcsti hoida. Toestamist vajavad ka liaanid.\u00a0 Kasutatakse mintmesugusest materjalist toerstusi. Peamised materjalid on puit, bambus, metall, plastik, kookoskiud.\u00a0 Taimede tugedele kinnitamiseks kasutatakse \u00a0n\u00f6\u00f6ri, orhideede \u00f5isikuvare kinnitamiseks kasutatakse spetsiaalseid klambreid. Taimed kinnitatakse n\u00f6\u00f6riga toe k\u00fclge \u00f5rnalt. Sidumisv\u00f5te tehakse sarnaselt [&hellip;]<\/p>\n","protected":false},"author":2,"featured_media":0,"parent":153,"menu_order":0,"comment_status":"closed","ping_status":"closed","template":"","meta":{"footnotes":""},"class_list":["post-191","page","type-page","status-publish","hentry"],"_links":{"self":[{"href":"https:\/\/aianduskool.ee\/toalilled\/wp-json\/wp\/v2\/pages\/191","targetHints":{"allow":["GET"]}}],"collection":[{"href":"https:\/\/aianduskool.ee\/toalilled\/wp-json\/wp\/v2\/pages"}],"about":[{"href":"https:\/\/aianduskool.ee\/toalilled\/wp-json\/wp\/v2\/types\/page"}],"author":[{"embeddable":true,"href":"https:\/\/aianduskool.ee\/toalilled\/wp-json\/wp\/v2\/users\/2"}],"replies":[{"embeddable":true,"href":"https:\/\/aianduskool.ee\/toalilled\/wp-json\/wp\/v2\/comments?post=191"}],"version-history":[{"count":5,"href":"https:\/\/aianduskool.ee\/toalilled\/wp-json\/wp\/v2\/pages\/191\/revisions"}],"predecessor-version":[{"id":568,"href":"https:\/\/aianduskool.ee\/toalilled\/wp-json\/wp\/v2\/pages\/191\/revisions\/568"}],"up":[{"embeddable":true,"href":"https:\/\/aianduskool.ee\/toalilled\/wp-json\/wp\/v2\/pages\/153"}],"wp:attachment":[{"href":"https:\/\/aianduskool.ee\/toalilled\/wp-json\/wp\/v2\/media?parent=191"}],"curies":[{"name":"wp","href":"https:\/\/api.w.org\/{rel}","templated":true}]}}