{"id":322,"date":"2018-08-13T14:41:55","date_gmt":"2018-08-13T11:41:55","guid":{"rendered":"http:\/\/aianduskool.ee\/toalilled\/?page_id=322"},"modified":"2018-08-17T16:33:39","modified_gmt":"2018-08-17T13:33:39","slug":"toataimede-kahjustuste-maaraja","status":"publish","type":"page","link":"https:\/\/aianduskool.ee\/toalilled\/oppematerjalid\/teema-2-toataimede-hooldusvotted\/kahjustajad\/toataimede-kahjustuste-maaraja\/","title":{"rendered":"Toataimede kahjustuste m\u00e4\u00e4raja"},"content":{"rendered":"<h3><span style=\"color: #800080;\">Kahjustus\u00a0kogu\u00a0taimel<\/span><\/h3>\n<table style=\"border-collapse: collapse; width: 100%;\" border=\"1\">\n<tbody>\n<tr>\n<td style=\"width: 50%;\"><strong><span style=\"color: #800080;\">Tunnus<\/span><\/strong><\/td>\n<td style=\"width: 50%;\"><strong><span style=\"color: #800080;\">P\u00f5hjus<\/span><\/strong><\/td>\n<\/tr>\n<tr>\n<td style=\"width: 50%;\"><span style=\"color: #333333;\">Turgor on taimes v\u00e4ike (taim n\u00e4ib \u00fcleni l\u00f5tv, n\u00e4rtsinud)<\/span><\/td>\n<td style=\"width: 50%;\"><span style=\"color: #333333;\">Veepuudus v\u00f5i liigne soojus. liigne kastmine (juured h\u00e4vinud juurem\u00e4danike t\u00f5ttu)<\/span><\/td>\n<\/tr>\n<tr>\n<td style=\"width: 50%;\"><span style=\"color: #333333;\">Taim ei kasva ega arene edasi<\/span><\/td>\n<td style=\"width: 50%;\"><span style=\"color: #333333;\">Valgusv\u00e4hesus, v\u00e4hene \u00f5husoojus, liiga v\u00e4ike pott, toitainetepuudus, loomulik puhkeaeg<\/span><\/td>\n<\/tr>\n<tr>\n<td style=\"width: 50%;\"><span style=\"color: #333333;\">Korgistunud laigud v\u00f5i viirud lehtedel, \u00f5iepungadel ja \u00f5itel<\/span><\/td>\n<td style=\"width: 50%;\"><span style=\"color: #333333;\">Ripslase kahjustus<\/span><\/td>\n<\/tr>\n<tr>\n<td style=\"width: 50%;\"><span style=\"color: #333333;\">\u00d5iepungad ja \u00f5ied varisevad<\/span><\/td>\n<td style=\"width: 50%;\"><span style=\"color: #333333;\">Liiga kuiv \u00f5hk<\/span><\/td>\n<\/tr>\n<tr>\n<td style=\"width: 50%;\"><span style=\"color: #333333;\">Taim on n\u00f5rk ja tuhmide lehtedega, v\u00e4liselt pole kahjustajaid m\u00e4rgata<\/span><\/td>\n<td style=\"width: 50%;\"><span style=\"color: #333333;\">Mullas kahjustavad taimejuuri juuret\u00e4id<\/span><\/td>\n<\/tr>\n<tr>\n<td style=\"width: 50%;\"><span style=\"color: #333333;\">V\u00f5rsed ja lehed ripuvad l\u00f5dvalt<\/span><\/td>\n<td style=\"width: 50%;\"><span style=\"color: #333333;\">Kuivus v\u00f5i k\u00fclma \u00f5hu toime (avatud aken, tuulet\u00f5mbus). Juurestiku kahjustus liigniiskuse, nematoodide v\u00f5i nakkuslike juurem\u00e4danike t\u00f5ttu.<\/span><\/td>\n<\/tr>\n<tr>\n<td style=\"width: 50%;\"><span style=\"color: #333333;\">Lehed kuivavad ja varisevad<\/span><\/td>\n<td style=\"width: 50%;\"><span style=\"color: #333333;\">taime kasvukoht on liiga pime v\u00f5i liiga soe v\u00f5i on esinenud j\u00e4rske temperatuuri muutusi<\/span><\/td>\n<\/tr>\n<tr>\n<td style=\"width: 50%;\"><span style=\"color: #333333;\">Lehed on kahvatud ja j\u00e4\u00e4vad v\u00e4ikeseks. Kogu taimel on kasv pidurdunud (peatunud)<\/span><\/td>\n<td style=\"width: 50%;\"><span style=\"color: #333333;\">Toitainetepuudus. Liigne kastmine ja sellest tingitud juurte m\u00e4danemine<\/span><\/td>\n<\/tr>\n<tr>\n<td style=\"width: 50%;\"><span style=\"color: #333333;\">Lehed on pehmed ja kahvatud, \u00e4hmase mustriga. \u00d5itsemine hilineb, taim haigestub kergesti.<\/span><\/td>\n<td style=\"width: 50%;\"><span style=\"color: #333333;\">\u00dclev\u00e4etamine<\/span><\/td>\n<\/tr>\n<tr>\n<td style=\"width: 50%;\"><span style=\"color: #333333;\">Korkjad laigud lehtedel ja vartel, kaktusel ka klaasjad laigud<\/span><\/td>\n<td style=\"width: 50%;\"><span style=\"color: #333333;\">Liiga suur \u00f5hu- ja mullaniiskus (eriti eredap\u00e4ikeselisel kasvukohal)<\/span><\/td>\n<\/tr>\n<tr>\n<td style=\"width: 50%;\"><span style=\"color: #333333;\">Taim venib pikaks, lehed j\u00e4\u00e4vad v\u00e4ikeseks, on kahvatud v\u00f5i kolletuvad<\/span><\/td>\n<td style=\"width: 50%;\"><span style=\"color: #333333;\">Valgusepuudus<\/span><\/td>\n<\/tr>\n<tr>\n<td style=\"width: 50%;\"><span style=\"color: #333333;\">Helekollased ebakorrap\u00e4rased laigud v\u00f5i looklevad jooned lehtedel, sagedamini s\u00e4ntpoolial<\/span><\/td>\n<td style=\"width: 50%;\"><span style=\"color: #333333;\">Liiga jahe kastmisvesi<\/span><\/td>\n<\/tr>\n<tr>\n<td style=\"width: 50%;\"><span style=\"color: #333333;\">Lehed kuivavad, kuid j\u00e4\u00e4vad varrele rippuma. Lehtede alak\u00fcljel \u00f5rn v\u00f5rgend<\/span><\/td>\n<td style=\"width: 50%;\"><span style=\"color: #333333;\">Punase kedriklesta kahjustus (liiga kuiva \u00f5hu t\u00f5ttu)<\/span><\/td>\n<\/tr>\n<tr>\n<td style=\"width: 50%;\"><span style=\"color: #333333;\">Lehtede servad pruunistuvad ja rulluvad. Lehed varisevad<\/span><\/td>\n<td style=\"width: 50%;\"><span style=\"color: #333333;\">\u00d5hk on liiga kuiv. Kasvukoht on liiga jahe. Tuulet\u00f5mbus v\u00f5i j\u00e4rsud temperatuurimuutused<\/span><\/td>\n<\/tr>\n<\/tbody>\n<\/table>\n<h3><strong><span style=\"color: #800080;\">Kahjustused \u00fcksikutel lehtedel<\/span><\/strong><\/h3>\n<table style=\"border-collapse: collapse; width: 100%;\" border=\"1\">\n<tbody>\n<tr style=\"height: 24px;\">\n<td style=\"width: 50%; height: 24px;\"><strong><span style=\"color: #800080;\">Tunnus<\/span><\/strong><\/td>\n<td style=\"width: 50%; height: 24px;\"><strong><span style=\"color: #800080;\">P\u00f5hjus<\/span><\/strong><\/td>\n<\/tr>\n<tr style=\"height: 24px;\">\n<td style=\"width: 50%; height: 24px;\"><span style=\"color: #333333;\">Lehed muutuvad kollakaks, leherood j\u00e4\u00e4vad roheliseks, mist\u00f5ttu lehed n\u00e4ivad marmorjad<\/span><\/td>\n<td style=\"width: 50%; height: 24px;\"><span style=\"color: #333333;\">Mangaani (Mn) puudus<\/span><\/td>\n<\/tr>\n<tr style=\"height: 24px;\">\n<td style=\"width: 50%; height: 24px;\"><span style=\"color: #333333;\">Leheservad ja lehetipp pruunistuvad<\/span><\/td>\n<td style=\"width: 50%; height: 24px;\"><span style=\"color: #333333;\">Kaaliumi (K) puudus<\/span><\/td>\n<\/tr>\n<tr style=\"height: 24px;\">\n<td style=\"width: 50%; height: 24px;\"><span style=\"color: #333333;\">Lehed kahvaturohelised kuni valkjad<\/span><\/td>\n<td style=\"width: 50%; height: 24px;\"><span style=\"color: #333333;\">L\u00e4mmastiku (N) puudus<\/span><\/td>\n<\/tr>\n<tr style=\"height: 24px;\">\n<td style=\"width: 50%; height: 24px;\"><span style=\"color: #333333;\">Vanematel lehtedel roodudevaheline kloroos. Hiljem klorootilisel alal k\u00e4rbunud laigud<\/span><\/td>\n<td style=\"width: 50%; height: 24px;\"><span style=\"color: #333333;\">Magneesiumi (Mg) puudus<\/span><\/td>\n<\/tr>\n<tr style=\"height: 24px;\">\n<td style=\"width: 50%; height: 24px;\"><span style=\"color: #333333;\">Leht on kollane v\u00f5i valkjas, ainult reherood on rohelised<\/span><\/td>\n<td style=\"width: 50%; height: 24px;\"><span style=\"color: #333333;\">Raua (Fe) puudusest tingitud kloroos<\/span><\/td>\n<\/tr>\n<tr style=\"height: 24px;\">\n<td style=\"width: 50%; height: 24px;\"><span style=\"color: #333333;\">Pruunikashallid, veidi sissevajunud teravapiirilised plekid, laigud lehtedel<\/span><\/td>\n<td style=\"width: 50%; height: 24px;\"><span style=\"color: #333333;\">P\u00e4ikesep\u00f5letus<\/span><\/td>\n<\/tr>\n<tr style=\"height: 24px;\">\n<td style=\"width: 50%; height: 24px;\"><span style=\"color: #333333;\">Lehed pehmed ja rippuvad, m\u00f5nikord veidi l\u00e4bipaistvad<\/span><\/td>\n<td style=\"width: 50%; height: 24px;\"><span style=\"color: #333333;\">K\u00fclmakahjustus<\/span><\/td>\n<\/tr>\n<tr style=\"height: 24px;\">\n<td style=\"width: 50%; height: 24px;\"><span style=\"color: #333333;\">Lehed varisevad<\/span><\/td>\n<td style=\"width: 50%; height: 24px;\"><span style=\"color: #333333;\">Valgusepuudus, liigsoojus, liigne kastmine v\u00f5i liigne v\u00e4etamine, veepuudus<\/span><\/td>\n<\/tr>\n<tr style=\"height: 24px;\">\n<td style=\"width: 50%; height: 24px;\"><span style=\"color: #333333;\">Lehed heledad, l\u00e4bipaistva tsooniga \u00fcmbritsetud laigud<\/span><\/td>\n<td style=\"width: 50%; height: 24px;\"><span style=\"color: #333333;\">Bakternakkus<\/span><\/td>\n<\/tr>\n<tr style=\"height: 24px;\">\n<td style=\"width: 50%; height: 24px;\"><span style=\"color: #333333;\">Lehed moondunud<\/span><\/td>\n<td style=\"width: 50%; height: 24px;\"><span style=\"color: #333333;\">Lehet\u00e4ide kahjustus, viirushaigus<\/span><\/td>\n<\/tr>\n<tr style=\"height: 24px;\">\n<td style=\"width: 50%; height: 24px;\"><span style=\"color: #333333;\">Lehtedel tume, peaaegu mustjas kirme<\/span><\/td>\n<td style=\"width: 50%; height: 24px;\"><span style=\"color: #333333;\">N\u00f5giseened &#8211; l\u00f6\u00f6bivad lehet\u00e4ide, kilpt\u00e4ide ja kasvuhoonekarilase eritatud mesikastel<\/span><\/td>\n<\/tr>\n<tr style=\"height: 24px;\">\n<td style=\"width: 50%; height: 24px;\"><span style=\"color: #333333;\">Lehtedel arvukalt valkjaid t\u00e4hne ja t\u00e4ppe. Sageli lehtede alak\u00fclgedel peen v\u00f5rgend (harvem v\u00f5rsetel)<\/span><\/td>\n<td style=\"width: 50%; height: 24px;\"><span style=\"color: #333333;\">Punase kedriklesta kahjustus. Kahjuri paljunemist soodustab soe ja kuiv \u00f5hk<\/span><\/td>\n<\/tr>\n<tr style=\"height: 24px;\">\n<td style=\"width: 50%; height: 24px;\"><span style=\"color: #333333;\">Lehed kaetud arvukate valjkashallide kaigukestega. Lehtede alak\u00fcljel mustad punktid (kahjuri v\u00e4ljaheited)<\/span><\/td>\n<td style=\"width: 50%; height: 24px;\"><span style=\"color: #333333;\">Ripslaste kahjustus. Kahjurid paljunevad kiiresti sooja ja suhteliselt kuiva \u00f5hu korral<\/span><\/td>\n<\/tr>\n<tr>\n<td style=\"width: 50%;\"><span style=\"color: #333333;\">Lehed, eriti v\u00f5rse tipul, on k\u00e4hardunud v\u00f5i rullunud servadest, kleepuva ja l\u00e4ikiva eritisega kaetud<\/span><\/td>\n<td style=\"width: 50%;\"><span style=\"color: #333333;\">Lehet\u00e4ide kahjustus<\/span><\/td>\n<\/tr>\n<tr>\n<td style=\"width: 50%;\"><span style=\"color: #333333;\">Lehtede alak\u00fcljel v\u00e4ikesed roostepruunid v\u00f5i kreemikad eospadjandid<\/span><\/td>\n<td style=\"width: 50%;\"><span style=\"color: #333333;\">Roosteseened<\/span><\/td>\n<\/tr>\n<tr>\n<td style=\"width: 50%;\"><span style=\"color: #333333;\">Lehtedel mitmesuguse suurusega, rohkem v\u00f5i v\u00e4hem tumedad laigud. M\u00f5nikord on laigud \u00f5lijalt l\u00e4bipaistvad<\/span><\/td>\n<td style=\"width: 50%;\"><span style=\"color: #333333;\">Mitmesuguste parasiitsete seente kahjustus. \u00d5lijad laigud viitavad bakternakkusele.\u00a0<\/span><\/td>\n<\/tr>\n<tr>\n<td style=\"width: 50%;\"><span style=\"color: #333333;\">Valkjas puudritaoline kirme lehtedel, v\u00f5rsetel ja \u00f5itel<\/span><\/td>\n<td style=\"width: 50%;\"><span style=\"color: #333333;\">Jahukaste<\/span><\/td>\n<\/tr>\n<tr>\n<td style=\"width: 50%;\"><span style=\"color: #333333;\">Hall tolmav hallituskirma ning m\u00e4danikulaigud lehtedel, vartel ja \u00f5itel<\/span><\/td>\n<td style=\"width: 50%;\"><span style=\"color: #333333;\">Hahkhallitus<\/span><\/td>\n<\/tr>\n<tr>\n<td style=\"width: 50%;\"><span style=\"color: #333333;\">Lehekoes valkjad looklevad k\u00e4igud<\/span><\/td>\n<td style=\"width: 50%;\"><span style=\"color: #333333;\">Kaevandik\u00e4rbse vaklade (vastsete) kahjustus<\/span><\/td>\n<\/tr>\n<tr>\n<td style=\"width: 50%;\"><span style=\"color: #333333;\">Lehed kleepuvad ja l\u00e4ikivad. Lehtede alak\u00fcljel, taimevarrel, lehevartel ja -pearoodudel v\u00e4ikesed pruunikad madalad k\u00fchmukesed<\/span><\/td>\n<td style=\"width: 50%;\"><span style=\"color: #333333;\">Kilpt\u00e4id<\/span><\/td>\n<\/tr>\n<tr>\n<td style=\"width: 50%;\"><span style=\"color: #333333;\">Lehtede alumisel k\u00fcljel ja lehekaenlas v\u00e4ikesed vatitupsu taolised moodustised<\/span><\/td>\n<td style=\"width: 50%;\"><span style=\"color: #333333;\">Villt\u00e4id<\/span><\/td>\n<\/tr>\n<tr>\n<td style=\"width: 50%;\"><span style=\"color: #333333;\">Lehed on kleepuvad ja l\u00e4ikivad, lehtede alak\u00fclgedel v\u00e4ikesed valged putukad, kes h\u00e4irimisel lendu t\u00f5usevad<\/span><\/td>\n<td style=\"width: 50%;\"><span style=\"color: #333333;\">Kasvuhoonekarilased. Paljunevad kiiresti sooja ja kuiva \u00f5hu korral<\/span><\/td>\n<\/tr>\n<tr>\n<td style=\"width: 50%;\"><span style=\"color: #333333;\">Lehed kollakad, hiljem pruunid plekid (\u00fcmbritsetud j\u00e4medamate leheroodudega)<\/span><\/td>\n<td style=\"width: 50%;\"><span style=\"color: #333333;\">N\u00e4rbussi kahjustus<\/span><\/td>\n<\/tr>\n<\/tbody>\n<\/table>\n<h3><strong><span style=\"color: #800080;\">Kahjustused \u00f5itel<\/span><\/strong><\/h3>\n<table style=\"border-collapse: collapse; width: 100%;\" border=\"1\">\n<tbody>\n<tr style=\"height: 24px;\">\n<td style=\"width: 50%; height: 24px;\"><strong><span style=\"color: #800080;\">Tunnus<\/span><\/strong><\/td>\n<td style=\"width: 50%; height: 24px;\"><strong><span style=\"color: #800080;\">P\u00f5hjus<\/span><\/strong><\/td>\n<\/tr>\n<tr>\n<td style=\"width: 50%;\"><span style=\"color: #333333;\">Taimed ei \u00f5itse<\/span><\/td>\n<td style=\"width: 50%;\"><span style=\"color: #333333;\">Valguse- v\u00f5it toitainetepuudus. L\u00e4mmastiku liig. Sellele liigile vajaliku madala temperatuuri v\u00f5i l\u00fchip\u00e4eva puudumine kindlal kasvuperioodil<\/span><\/td>\n<\/tr>\n<tr>\n<td style=\"width: 50%;\"><span style=\"color: #333333;\">\u00d5iepungad ei avane<\/span><\/td>\n<td style=\"width: 50%;\"><span style=\"color: #333333;\">Veepuudus, valgusepuudus<\/span><\/td>\n<\/tr>\n<tr>\n<td style=\"width: 50%;\"><span style=\"color: #333333;\">Pungad kolletuvad ja\/ v\u00f5i varisevad<\/span><\/td>\n<td style=\"width: 50%;\"><span style=\"color: #333333;\">Liigniiskus v\u00f5i liigkuivus, \u00fclev\u00e4etamine, liiga k\u00f5rge temperatuur, liiga kuiv \u00f5hk<\/span><\/td>\n<\/tr>\n<tr>\n<td style=\"width: 50%;\"><span style=\"color: #333333;\">\u00d5ied varisevad<\/span><\/td>\n<td style=\"width: 50%;\"><span style=\"color: #333333;\">Veepuudus<\/span><\/td>\n<\/tr>\n<\/tbody>\n<\/table>\n<h3><span style=\"color: #800080;\"><strong>Kahjustused juurekaelal<\/strong><\/span><\/h3>\n<table style=\"border-collapse: collapse; width: 100%;\" border=\"1\">\n<tbody>\n<tr style=\"height: 24px;\">\n<td style=\"width: 50%; height: 24px;\"><strong><span style=\"color: #800080;\">Tunnus<\/span><\/strong><\/td>\n<td style=\"width: 50%; height: 24px;\"><strong><span style=\"color: #800080;\">P\u00f5hjus<\/span><\/strong><\/td>\n<\/tr>\n<tr>\n<td style=\"width: 50%;\"><span style=\"color: #333333;\">Taime kasv peatub, l\u00f5puks taim h\u00e4vib. Mullapinnal\u00e4hedane varreosa on pehme ja m\u00e4daneb<\/span><\/td>\n<td style=\"width: 50%;\"><span style=\"color: #333333;\">Bakterm\u00e4danik<\/span><\/td>\n<\/tr>\n<tr>\n<td style=\"width: 50%;\"><span style=\"color: #333333;\">Varre alumine osa on tumenenud. Taim h\u00e4vib<\/span><\/td>\n<td style=\"width: 50%;\"><span style=\"color: #333333;\">Varrem\u00e4danik<\/span><\/td>\n<\/tr>\n<\/tbody>\n<\/table>\n<h3><strong><span style=\"color: #800080;\">Kahjustused juurtel<\/span><\/strong><\/h3>\n<table style=\"border-collapse: collapse; width: 100%;\" border=\"1\">\n<tbody>\n<tr style=\"height: 24px;\">\n<td style=\"width: 50%; height: 24px;\"><strong><span style=\"color: #800080;\">Tunnus<\/span><\/strong><\/td>\n<td style=\"width: 50%; height: 24px;\"><strong><span style=\"color: #800080;\">P\u00f5hjus<\/span><\/strong><\/td>\n<\/tr>\n<tr>\n<td style=\"width: 50%;\"><span style=\"color: #333333;\">Juurekael on tumenenud ja hakkab m\u00e4danema<\/span><\/td>\n<td style=\"width: 50%;\"><span style=\"color: #333333;\">Parasiitseentest v\u00f5i mittenakkuslik juurem\u00e4danik<\/span><\/td>\n<\/tr>\n<tr>\n<td style=\"width: 50%;\"><span style=\"color: #333333;\">Taim n\u00e4rbub ja h\u00e4vib. Juured on pruunistunud ja surnud<\/span><\/td>\n<td style=\"width: 50%;\"><span style=\"color: #333333;\">Parasiitseentest tingitud juurte m\u00e4danik (m\u00e4rgm\u00e4danik) v\u00f5i nematoodidest p\u00f5hjustatud kuivm\u00e4danik<\/span><\/td>\n<\/tr>\n<tr>\n<td style=\"width: 50%;\"><span style=\"color: #333333;\">Taime kasv on pidurdunud. Juurtel on vahaniitidega kaetud putukad (t\u00e4id)<\/span><\/td>\n<td style=\"width: 50%;\"><span style=\"color: #333333;\">Juuret\u00e4id<\/span><\/td>\n<\/tr>\n<tr>\n<td style=\"width: 50%;\"><span style=\"color: #333333;\">Taim ei arene, juurtel on ebakorrap\u00e4rased paksendid (m\u00fcgarikud)<\/span><\/td>\n<td style=\"width: 50%;\"><span style=\"color: #333333;\">Pahknematoodid<\/span><\/td>\n<\/tr>\n<\/tbody>\n<\/table>\n<h3><span style=\"color: #800080;\"><strong>Kahjustused mullapinnal<\/strong><\/span><\/h3>\n<table style=\"border-collapse: collapse; width: 100%;\" border=\"1\">\n<tbody>\n<tr style=\"height: 24px;\">\n<td style=\"width: 50%; height: 24px;\"><strong><span style=\"color: #800080;\">Tunnus<\/span><\/strong><\/td>\n<td style=\"width: 50%; height: 24px;\"><strong><span style=\"color: #800080;\">P\u00f5hjus<\/span><\/strong><\/td>\n<\/tr>\n<tr>\n<td style=\"width: 50%;\"><span style=\"color: #333333;\">Valkjas kirme mullapinnal v\u00f5i poti\u00e4\u00e4rel<\/span><\/td>\n<td style=\"width: 50%;\"><span style=\"color: #333333;\">Toitesoolade k\u00f5rge sisaldus mullas<\/span><\/td>\n<\/tr>\n<tr>\n<td style=\"width: 50%;\"><span style=\"color: #333333;\">Mullapinnal v\u00f5i selle pindmises kihis on 1-4 mm suurused valkjad v\u00f5i hallikad putukad, kes taime kastmisel \u00fcles h\u00fcppavad<\/span><\/td>\n<td style=\"width: 50%;\"><span style=\"color: #333333;\">Hoogh\u00e4nnad. Nad paljunevad jahedas ja niiskes mullas ning kahjustavad taime alumisi lehti<\/span><\/td>\n<\/tr>\n<tr>\n<td style=\"width: 50%;\"><span style=\"color: #333333;\">Mullas on kuni 3 cm pikkused valkjad peened &#8220;ussikesed&#8221;<\/span><\/td>\n<td style=\"width: 50%;\"><span style=\"color: #333333;\">Valgeliimukad. Nad tegutsevad niiskes mullas. Kahjustavad ainult juurem\u00e4danikest kahjustatud v\u00f5i muul p\u00f5hjusel vigastatud taimejuuri<\/span><\/td>\n<\/tr>\n<tr>\n<td style=\"width: 50%;\"><span style=\"color: #333333;\">Noore taime lehed kaotavad turgori ja n\u00e4rbuvad. Taime juurekaela ja juuri n\u00e4rivad 3-5 mm pikkused valkjad, pooll\u00e4bipaistvad tumedapealised vaglad<\/span><\/td>\n<td style=\"width: 50%;\"><span style=\"color: #333333;\">Kasvuhoones\u00e4\u00e4sk (leinas\u00e4\u00e4sk). Vaglad kahjustavad niiskes mullas<\/span><\/td>\n<\/tr>\n<\/tbody>\n<\/table>\n<h3><span style=\"color: #800080;\"><strong>Mittenakkuslikud (f\u00fcsioloogilised) haigused<\/strong><\/span><\/h3>\n<table style=\"border-collapse: collapse; width: 100%;\" border=\"1\">\n<tbody>\n<tr style=\"height: 24px;\">\n<td style=\"width: 50%; height: 24px;\"><strong><span style=\"color: #800080;\">Haiguspilt<\/span><\/strong><\/td>\n<td style=\"width: 50%; height: 24px;\"><strong><span style=\"color: #800080;\">V\u00f5imalikud p\u00f5hjused<\/span><\/strong><\/td>\n<\/tr>\n<tr style=\"height: 48px;\">\n<td style=\"width: 50%; height: 48px;\"><span style=\"color: #333333;\">Taimed kasvavad halvasti<\/span><\/td>\n<td style=\"width: 50%; height: 48px;\"><span style=\"color: #333333;\">Veepuudus, taoitainetevaegus, liigsoojus, liigjahedus, vana kasvusubstraat<\/span><\/td>\n<\/tr>\n<tr style=\"height: 48px;\">\n<td style=\"width: 50%; height: 48px;\"><span style=\"color: #333333;\">Noored v\u00f5rsed kuivavad<\/span><\/td>\n<td style=\"width: 50%; height: 48px;\"><span style=\"color: #333333;\">Liigkuivus v\u00f5i liigniiskus mullas, liiga kuiv v\u00f5i liiga niiske \u00f5hk<\/span><\/td>\n<\/tr>\n<tr style=\"height: 24px;\">\n<td style=\"width: 50%; height: 24px;\"><span style=\"color: #333333;\">V\u00f5rsed on liiga pikad ja n\u00f5rgad<\/span><\/td>\n<td style=\"width: 50%; height: 24px;\"><span style=\"color: #333333;\">Valgusepuudus v\u00f5i liiga soe kasvukoht talvel<\/span><\/td>\n<\/tr>\n<tr style=\"height: 24px;\">\n<td style=\"width: 50%; height: 24px;\"><span style=\"color: #333333;\">M\u00e4danik mullapinnal\u00e4hedasel varreosal<\/span><\/td>\n<td style=\"width: 50%; height: 24px;\"><span style=\"color: #333333;\">Liigne kastmine v\u00f5i liigne v\u00e4etamine<\/span><\/td>\n<\/tr>\n<tr style=\"height: 48px;\">\n<td style=\"width: 50%; height: 48px;\"><span style=\"color: #333333;\">Lehed varisevad<\/span><\/td>\n<td style=\"width: 50%; height: 48px;\"><span style=\"color: #333333;\">Mulla liigkuivus v\u00f5i liigniiskus, valgusepuudus, j\u00e4rsk temperatuurimuutus, liiga kuiv \u00f5hk, t\u00f5mbetuul<\/span><\/td>\n<\/tr>\n<tr style=\"height: 48px;\">\n<td style=\"width: 50%; height: 48px;\"><span style=\"color: #333333;\">Lehed kolletuvad<\/span><\/td>\n<td style=\"width: 50%; height: 48px;\"><span style=\"color: #333333;\">V\u00e4hene v\u00f5i eba\u00f5ige v\u00e4etamine, ebasobiv kasvukoht (liiga pime, liiga soe v\u00f5i liiga jahe)<\/span><\/td>\n<\/tr>\n<tr style=\"height: 48px;\">\n<td style=\"width: 50%; height: 48px;\"><span style=\"color: #333333;\">Lehed n\u00e4rbuvad<\/span><\/td>\n<td style=\"width: 50%; height: 48px;\"><span style=\"color: #333333;\">Kuivus v\u00f5i liigniiskus, jahe kasvukoht, liigselt lubjarikas vesi<\/span><\/td>\n<\/tr>\n<tr style=\"height: 24px;\">\n<td style=\"width: 50%; height: 24px;\"><span style=\"color: #333333;\">Leheservad pruunistuvad<\/span><\/td>\n<td style=\"width: 50%; height: 24px;\"><span style=\"color: #333333;\">veepuudus, toitainete v\u00e4hesus v\u00f5i liig, liiga kuiv \u00f5hk, vana substraat, liigne \u00f5huniiskus<\/span><\/td>\n<\/tr>\n<tr style=\"height: 24px;\">\n<td style=\"width: 50%; height: 24px;\"><span style=\"color: #333333;\">Lehetipud pruunistuvad<\/span><\/td>\n<td style=\"width: 50%; height: 24px;\"><span style=\"color: #333333;\">\u00d5hk on liiga kuiv<\/span><\/td>\n<\/tr>\n<tr style=\"height: 24px;\">\n<td style=\"width: 50%; height: 24px;\"><span style=\"color: #333333;\">Lehed rulluvad<\/span><\/td>\n<td style=\"width: 50%; height: 24px;\"><span style=\"color: #333333;\">V\u00e4hene v\u00f5i liigne kastmine, liiga madal \u00f5huniiskus (liiga kuiv \u00f5hk)<\/span><\/td>\n<\/tr>\n<tr style=\"height: 24px;\">\n<td style=\"width: 50%; height: 24px;\"><span style=\"color: #333333;\">Lehed ja v\u00f5rsed ripuvad l\u00f5dvalt<\/span><\/td>\n<td style=\"width: 50%; height: 24px;\"><span style=\"color: #333333;\">Substraadi liigkkuivus v\u00f5i liigniiskus<\/span><\/td>\n<\/tr>\n<tr>\n<td style=\"width: 50%;\"><span style=\"color: #333333;\">Lehtedel heledad laigud<\/span><\/td>\n<td style=\"width: 50%;\"><span style=\"color: #333333;\">Liigne p\u00e4ikesepaiste<\/span><\/td>\n<\/tr>\n<tr>\n<td style=\"width: 50%;\"><span style=\"color: #333333;\">Kirjud lehed muutuvad (j\u00e4\u00e4vad) roheliseks<\/span><\/td>\n<td style=\"width: 50%;\"><span style=\"color: #333333;\">Eba\u00f5ige v\u00e4etamine, valgusvaene kasvukoht<\/span><\/td>\n<\/tr>\n<tr>\n<td style=\"width: 50%;\"><span style=\"color: #333333;\">\u00d5ied v\u00e4ikesed ja neid on v\u00e4he<\/span><\/td>\n<td style=\"width: 50%;\"><span style=\"color: #333333;\">V\u00e4hene v\u00e4etamine, liiga soe kasvuruum<\/span><\/td>\n<\/tr>\n<tr>\n<td style=\"width: 50%;\"><span style=\"color: #333333;\">Lehed j\u00e4\u00e4vad v\u00e4ikeseks<\/span><\/td>\n<td style=\"width: 50%;\"><span style=\"color: #333333;\">Toitainetepuudus, valgusvaegus<\/span><\/td>\n<\/tr>\n<tr>\n<td style=\"width: 50%;\"><span style=\"color: #333333;\">\u00d5ienupud varisevad<\/span><\/td>\n<td style=\"width: 50%;\"><span style=\"color: #333333;\">Mulla v\u00f5i \u00f5hu liigkuivus, toitainetepuudus<\/span><\/td>\n<\/tr>\n<tr>\n<td style=\"width: 50%;\"><span style=\"color: #333333;\">\u00d5ied ripuvad<\/span><\/td>\n<td style=\"width: 50%;\"><span style=\"color: #333333;\">V\u00e4hene v\u00f5i liigne kastmine, valgusvaene kasvukoht. Mulla liigniiskus.<\/span><\/td>\n<\/tr>\n<\/tbody>\n<\/table>\n<p><span style=\"color: #333333;\">Allikas<\/span><br \/>\n<span style=\"color: #333333;\">Pallum, V. (2001). Lillede Taimekaitse. Maalehe Raamat. lk 135-139.<\/span><\/p>\n","protected":false},"excerpt":{"rendered":"<p>Kahjustus\u00a0kogu\u00a0taimel Tunnus P\u00f5hjus Turgor on taimes v\u00e4ike (taim n\u00e4ib \u00fcleni l\u00f5tv, n\u00e4rtsinud) Veepuudus v\u00f5i liigne soojus. liigne kastmine (juured h\u00e4vinud juurem\u00e4danike t\u00f5ttu) Taim ei kasva ega arene edasi Valgusv\u00e4hesus, v\u00e4hene \u00f5husoojus, liiga v\u00e4ike pott, toitainetepuudus, loomulik puhkeaeg Korgistunud laigud v\u00f5i viirud lehtedel, \u00f5iepungadel ja \u00f5itel Ripslase kahjustus \u00d5iepungad ja \u00f5ied varisevad Liiga kuiv \u00f5hk Taim [&hellip;]<\/p>\n","protected":false},"author":2,"featured_media":0,"parent":330,"menu_order":0,"comment_status":"closed","ping_status":"closed","template":"","meta":{"footnotes":""},"class_list":["post-322","page","type-page","status-publish","hentry"],"_links":{"self":[{"href":"https:\/\/aianduskool.ee\/toalilled\/wp-json\/wp\/v2\/pages\/322","targetHints":{"allow":["GET"]}}],"collection":[{"href":"https:\/\/aianduskool.ee\/toalilled\/wp-json\/wp\/v2\/pages"}],"about":[{"href":"https:\/\/aianduskool.ee\/toalilled\/wp-json\/wp\/v2\/types\/page"}],"author":[{"embeddable":true,"href":"https:\/\/aianduskool.ee\/toalilled\/wp-json\/wp\/v2\/users\/2"}],"replies":[{"embeddable":true,"href":"https:\/\/aianduskool.ee\/toalilled\/wp-json\/wp\/v2\/comments?post=322"}],"version-history":[{"count":5,"href":"https:\/\/aianduskool.ee\/toalilled\/wp-json\/wp\/v2\/pages\/322\/revisions"}],"predecessor-version":[{"id":329,"href":"https:\/\/aianduskool.ee\/toalilled\/wp-json\/wp\/v2\/pages\/322\/revisions\/329"}],"up":[{"embeddable":true,"href":"https:\/\/aianduskool.ee\/toalilled\/wp-json\/wp\/v2\/pages\/330"}],"wp:attachment":[{"href":"https:\/\/aianduskool.ee\/toalilled\/wp-json\/wp\/v2\/media?parent=322"}],"curies":[{"name":"wp","href":"https:\/\/api.w.org\/{rel}","templated":true}]}}