{"id":9,"date":"2016-10-02T16:25:33","date_gmt":"2016-10-02T13:25:33","guid":{"rendered":"http:\/\/aianduskool.ee\/toalilled\/?page_id=9"},"modified":"2019-11-20T12:28:37","modified_gmt":"2019-11-20T10:28:37","slug":"oppematerjalid","status":"publish","type":"page","link":"https:\/\/aianduskool.ee\/toalilled\/oppematerjalid\/","title":{"rendered":"\u00d5ppematerjalid"},"content":{"rendered":"<p><span style=\"color: #800080;\"><strong>Kursuse teemad:<\/strong>\u00a0<\/span><\/p>\n<ul>\n<li>sissejuhatus\n<ul>\n<li>kursuse korraldus, eesm\u00e4rgid<\/li>\n<li>m\u00f5isted, s\u00fcstemaatika<\/li>\n<li>taimede eesti- ja ladinakeelsed nimed<\/li>\n<\/ul>\n<\/li>\n<li>katmikalalilled, kasvatamine\n<ul>\n<li>toataimed<\/li>\n<li>katmikkultuurid<\/li>\n<\/ul>\n<\/li>\n<\/ul>\n","protected":false},"excerpt":{"rendered":"<p>Kursuse teemad:\u00a0 sissejuhatus kursuse korraldus, eesm\u00e4rgid m\u00f5isted, s\u00fcstemaatika taimede eesti- ja ladinakeelsed nimed katmikalalilled, kasvatamine toataimed katmikkultuurid<\/p>\n","protected":false},"author":2,"featured_media":0,"parent":0,"menu_order":0,"comment_status":"closed","ping_status":"closed","template":"","meta":{"footnotes":""},"class_list":["post-9","page","type-page","status-publish","hentry"],"_links":{"self":[{"href":"https:\/\/aianduskool.ee\/toalilled\/wp-json\/wp\/v2\/pages\/9","targetHints":{"allow":["GET"]}}],"collection":[{"href":"https:\/\/aianduskool.ee\/toalilled\/wp-json\/wp\/v2\/pages"}],"about":[{"href":"https:\/\/aianduskool.ee\/toalilled\/wp-json\/wp\/v2\/types\/page"}],"author":[{"embeddable":true,"href":"https:\/\/aianduskool.ee\/toalilled\/wp-json\/wp\/v2\/users\/2"}],"replies":[{"embeddable":true,"href":"https:\/\/aianduskool.ee\/toalilled\/wp-json\/wp\/v2\/comments?post=9"}],"version-history":[{"count":4,"href":"https:\/\/aianduskool.ee\/toalilled\/wp-json\/wp\/v2\/pages\/9\/revisions"}],"predecessor-version":[{"id":571,"href":"https:\/\/aianduskool.ee\/toalilled\/wp-json\/wp\/v2\/pages\/9\/revisions\/571"}],"wp:attachment":[{"href":"https:\/\/aianduskool.ee\/toalilled\/wp-json\/wp\/v2\/media?parent=9"}],"curies":[{"name":"wp","href":"https:\/\/api.w.org\/{rel}","templated":true}]}}