{"id":122,"date":"2014-02-05T23:03:49","date_gmt":"2014-02-05T21:03:49","guid":{"rendered":"http:\/\/tomatiaianduskool.ee\/?page_id=122"},"modified":"2015-02-07T21:00:48","modified_gmt":"2015-02-07T19:00:48","slug":"toetajad","status":"publish","type":"page","link":"https:\/\/aianduskool.ee\/tomatiprojekt\/?page_id=122","title":{"rendered":"Toetajad"},"content":{"rendered":"<p style=\"text-align: justify;\">R\u00e4pina Aianduskoolil on palju toredaid s\u00f5pru-partnerettev\u00f5tteid kogu Eestis. Peamiselt seisneb partnerlus selles, et aianduskooli \u00f5pilased k\u00e4ivad seal praktikal. Ettev\u00f5te omakorda v\u00f5ib praktikandist endale edaspidi tubli t\u00f6\u00f6taja saada.<br \/>\n&#8220;S\u00f5brap\u00e4eva tomatiprojekti&#8221; toetavad \u00fchel v\u00f5i teisel moel meie j\u00e4rgmised s\u00f5brad:<\/p>\n<p style=\"text-align: justify;\"><a href=\"http:\/\/aianduskool.ee\/tomatiprojekt\/wp-content\/uploads\/2014\/02\/jardin-logo.jpg\"><img loading=\"lazy\" decoding=\"async\" class=\"alignnone size-full wp-image-125\" src=\"http:\/\/aianduskool.ee\/tomatiprojekt\/wp-content\/uploads\/2014\/02\/jardin-logo.jpg\" alt=\"jardin logo\" width=\"160\" height=\"99\" \/><\/a><br \/>\n<strong>Aadressil Karja 1, \u00d5ssu k\u00fcla, Tartumaa (umbes 1 km Viljandi ringist Tartus Viljandi poole) asub Jardini Aianduskeskus, mis on valmis olema meie tomatitele vahelaoks.<\/strong><br \/>\nJardini Aianduskeskusest leiab alati laia valiku toataimi, v\u00e4rskeid l\u00f5ikelilli, keraamikat ja \u00fcmbrispotte, jooajalilli ja p\u00fcsikuid, viljapuid ja marjap\u00f5\u00f5said, haljastuseks m\u00f5eldud puid-p\u00f5\u00f5said, aiandus-lillendustarbeid (mullad, v\u00e4etised, t\u00f6\u00f6riistad jne), seemneid ja lillesibulaid, lemmikloomatoitu ja -tarbeid ning aiandusalast n\u00f5u.<\/p>\n<p>\u00a0 <a href=\"http:\/\/aianduskool.ee\/tomatiprojekt\/wp-content\/uploads\/2014\/02\/Biolan_logo.jpg\"><img loading=\"lazy\" decoding=\"async\" class=\"alignnone size-full wp-image-126\" src=\"http:\/\/aianduskool.ee\/tomatiprojekt\/wp-content\/uploads\/2014\/02\/Biolan_logo.jpg\" alt=\"Biolan_logo09\" width=\"1319\" height=\"398\" srcset=\"https:\/\/aianduskool.ee\/tomatiprojekt\/wp-content\/uploads\/2014\/02\/Biolan_logo.jpg 1319w, https:\/\/aianduskool.ee\/tomatiprojekt\/wp-content\/uploads\/2014\/02\/Biolan_logo-300x90.jpg 300w, https:\/\/aianduskool.ee\/tomatiprojekt\/wp-content\/uploads\/2014\/02\/Biolan_logo-1024x308.jpg 1024w\" sizes=\"auto, (max-width: 1319px) 100vw, 1319px\" \/><\/a><\/p>\n<p style=\"text-align: justify;\">Biolan toodab ja m\u00fc\u00fcb loodusl\u00e4hedaseks kasvatamiseks ja haljasalade keskkonnas\u00f5bralikuks hoolduseks sobivaid tooteid ja keskkonnatooteid. Ettev\u00f5te tegutseb Soomes, Eestis ja Hiinas. Tootearendus on toimunud koost\u00f6\u00f6s eri valdkondade parimate ekspertidega juba alates 1970. aastatest.<\/p>\n<p><a href=\"http:\/\/aianduskool.ee\/tomatiprojekt\/wp-content\/uploads\/2014\/02\/lmatogard_logo.png\"><img loading=\"lazy\" decoding=\"async\" class=\"alignnone size-full wp-image-123\" src=\"http:\/\/aianduskool.ee\/tomatiprojekt\/wp-content\/uploads\/2014\/02\/lmatogard_logo.png\" alt=\"lmatogard_logo\" width=\"196\" height=\"118\" \/><\/a><\/p>\n<p style=\"text-align: justify;\"><strong>Matogard O\u00dc<\/strong> asub Tori vallas P\u00e4rnumaal ja on 1994. aastal asutatud Eesti kapitalil p\u00f5hinev ettev\u00f5te. Toodab\u00a0 erineva koostise ja happesusega k\u00f5rge kvaliteediga BIO-kompostiga rikastatud mullasegusid.<\/p>\n<p>\u00a0 \u00a0 <a href=\"http:\/\/aianduskool.ee\/tomatiprojekt\/wp-content\/uploads\/2014\/02\/hortes-logo.png\"><img loading=\"lazy\" decoding=\"async\" class=\"alignnone size-full wp-image-124\" src=\"http:\/\/aianduskool.ee\/tomatiprojekt\/wp-content\/uploads\/2014\/02\/hortes-logo.png\" alt=\"hortes logo\" width=\"150\" height=\"71\" \/><\/a><\/p>\n<p style=\"text-align: justify;\">Kodu- ja aianduskeskus Hortes avati 24. m\u00e4rtsil 2006 <strong>Tallinna linna piiril P\u00e4rnu maantee \u00e4\u00e4res.<\/strong> <strong>Sealt saavad oma taimed k\u00e4tte P\u00f5hja-Eesti tomatis\u00f5brad \ud83d\ude42<\/strong><br \/>\nHortes on kaubanduskeskus, kus r\u00f5hk on eelk\u00f5ige rikkalikul kaubavalikul ning meeldival ja inspireerival ostukeskkonnal. Aianduskeskuse rajamisel on arvestatud taimedele parimate tingimuste loomist. Kliimaseadmed kindlustavad \u00fchtlase temperatuuri ja sobiliku niiskustasemega taimedele sobiliku elukeskkonna; avar klaashoone tagab varustatuse naturaalse valgusega. Hortes asub 7000 m2-l, millest v\u00e4lim\u00fc\u00fcgiala moodustab poole ehk 3500 m2.<br \/>\nHortesest leiab \u00f5itsvaid ja leht-dekoratiivseid toataimi, noortaimi, p\u00fcsikuid ja istikuid, hekitaimi, laialdase suvelillede galerii ning loomulikult k\u00f5ike, mis on vajalik viljapuu-, k\u00f6\u00f6givilja- v\u00f5i tarbeaia rajamiseks istutusmullast aiatarvikuteni.\u00a0 Valikus on kaubad linna- ja maakoju, nii tuppa kui \u00f5ue, aga ka r\u00f5dule, terrassile ja kasvuhoonesse. Pakutakse ka erinevat hooajalist kodu- ja sisustuskaupa.<br \/>\nHorteses asub Eesti suurim lemmikloomaosakond, kus asub ka Eesti esimene lemmikute butiik KUUT.\u00a0 Ja veel &#8211; lemmikloomaosakonda olete oodatud koos oma lemmikuga!<br \/>\nHorteses on avatud ka m\u00f5nus kohvik koos m\u00e4ngunurgaga pere pisematele.<\/p>\n<p>\u00a0 <a href=\"http:\/\/aianduskool.ee\/tomatiprojekt\/wp-content\/uploads\/2014\/02\/selteret.jpg\"><img loading=\"lazy\" decoding=\"async\" class=\"alignnone size-full wp-image-127\" src=\"http:\/\/aianduskool.ee\/tomatiprojekt\/wp-content\/uploads\/2014\/02\/selteret.jpg\" alt=\"selteret\" width=\"272\" height=\"157\" \/><\/a><\/p>\n<p style=\"text-align: justify;\"><span class=\"st\"><strong>Selteret O\u00dc<\/strong> on asutatud 1995. aastal. P\u00f5hitegevusalaks on aiatarvete, seemnete ja kahjurit\u00f5rjevahendite hulgim\u00fc\u00fck. <\/span>100% Eesti kapitalil p\u00f5hinev ettev\u00f5te m\u00fc\u00fcb laialdases valikus aianduskaupu erinevatelt tootjatelt \u00fcle Euroopa\u00a0 Eesti aianduskeskustes, ehituspoodides ja supermarketites.<br \/>\nSelteretil on loodud erakliendi jaoks ka oma jaem\u00fc\u00fcgipunkt &#8211; Viimsi Aiakeskus. 2013. aastal viisid Selteret O\u00dc ja R\u00e4pina Aianduskool l\u00e4bi v\u00e4ikeseviljaliste tomatite katse, mille tulemustega saab tutvuda <a href=\"http:\/\/www.selteret.ee\/tomatikatse-tulemused-2013\/\" target=\"_blank\">siin<\/a>.<\/p>\n","protected":false},"excerpt":{"rendered":"<p>R\u00e4pina Aianduskoolil on palju toredaid s\u00f5pru-partnerettev\u00f5tteid kogu Eestis. Peamiselt seisneb partnerlus selles, et aianduskooli \u00f5pilased k\u00e4ivad seal praktikal. Ettev\u00f5te omakorda v\u00f5ib praktikandist endale edaspidi tubli t\u00f6\u00f6taja saada. &#8220;S\u00f5brap\u00e4eva tomatiprojekti&#8221; toetavad \u00fchel v\u00f5i teisel moel meie j\u00e4rgmised s\u00f5brad: Aadressil Karja 1, \u00d5ssu k\u00fcla, Tartumaa (umbes 1 km Viljandi ringist Tartus Viljandi poole) asub Jardini Aianduskeskus, mis &hellip; <a href=\"https:\/\/aianduskool.ee\/tomatiprojekt\/?page_id=122\" class=\"more-link\">Loe edasi <span class=\"screen-reader-text\">Toetajad<\/span> <span class=\"meta-nav\">&rarr;<\/span><\/a><\/p>\n","protected":false},"author":2,"featured_media":0,"parent":0,"menu_order":0,"comment_status":"open","ping_status":"open","template":"","meta":{"footnotes":""},"class_list":["post-122","page","type-page","status-publish","hentry"],"_links":{"self":[{"href":"https:\/\/aianduskool.ee\/tomatiprojekt\/index.php?rest_route=\/wp\/v2\/pages\/122","targetHints":{"allow":["GET"]}}],"collection":[{"href":"https:\/\/aianduskool.ee\/tomatiprojekt\/index.php?rest_route=\/wp\/v2\/pages"}],"about":[{"href":"https:\/\/aianduskool.ee\/tomatiprojekt\/index.php?rest_route=\/wp\/v2\/types\/page"}],"author":[{"embeddable":true,"href":"https:\/\/aianduskool.ee\/tomatiprojekt\/index.php?rest_route=\/wp\/v2\/users\/2"}],"replies":[{"embeddable":true,"href":"https:\/\/aianduskool.ee\/tomatiprojekt\/index.php?rest_route=%2Fwp%2Fv2%2Fcomments&post=122"}],"version-history":[{"count":5,"href":"https:\/\/aianduskool.ee\/tomatiprojekt\/index.php?rest_route=\/wp\/v2\/pages\/122\/revisions"}],"predecessor-version":[{"id":771,"href":"https:\/\/aianduskool.ee\/tomatiprojekt\/index.php?rest_route=\/wp\/v2\/pages\/122\/revisions\/771"}],"wp:attachment":[{"href":"https:\/\/aianduskool.ee\/tomatiprojekt\/index.php?rest_route=%2Fwp%2Fv2%2Fmedia&parent=122"}],"curies":[{"name":"wp","href":"https:\/\/api.w.org\/{rel}","templated":true}]}}