{"id":176,"date":"2014-02-17T14:07:53","date_gmt":"2014-02-17T12:07:53","guid":{"rendered":"http:\/\/tomatiaianduskool.ee\/?page_id=176"},"modified":"2014-04-21T22:53:48","modified_gmt":"2014-04-21T19:53:48","slug":"kkk","status":"publish","type":"page","link":"https:\/\/aianduskool.ee\/tomatiprojekt\/?page_id=176","title":{"rendered":"KKK"},"content":{"rendered":"<p><span style=\"color: #008000;\"><strong>KORDUMA KIPPUVAD K\u00dcSIMUSED<\/strong><\/span><\/p>\n<p style=\"text-align: justify;\"><strong>1. Kleepsudest ja tikkudest:<br \/>\n<\/strong>M\u00f5nel juhul ei pruugi kleebised ja tikud vaatluslehel antuga 100 % kokku minna (kogu meie tegevus on ka \u00f5ppeprotsess ja ka meie \u00f5pilastel v\u00f5is juhtuda apsakaid) &#8211; aga <strong>100 % kindel on see, et tikkudega on &#8216;Vilmad&#8217; ja rohelise ja musta kleepsuga on mahetaimed.<\/strong><\/p>\n<p style=\"text-align: justify;\"><strong>2. Millal ja kuidas peame v\u00e4etama?<br \/>\n<\/strong>Esialgu tuleb taimi ainult kasta &#8211; vastavalt vajadusele. Kui asi v\u00e4etamiseni j\u00f5uab, anname m\u00e4rku ja \u00f5petame.<\/p>\n<p style=\"text-align: justify;\"><strong>3. N\u00e4dala k\u00fcsimus &#8211; kuidas see toimib?<br \/>\n<\/strong>N\u00e4dala k\u00fcsimuse m\u00f5te on juhtida t\u00e4helepanu m\u00f5nele tomatiga seotud seigale. K\u00fcsimused ilmuvad alati esmasp\u00e4evase p\u00e4eva jooksul.<br \/>\nL\u00e4henege vastamisel loovalt &#8211; osalejad on nii erinevas vanuses!<br \/>\nKuna praegusel juhul kasutatav veebiplatvorm toimib selliselt, et \u00fckski kommentaar &#8220;iseenesest&#8221; ei ilmu &#8211; moderaator peab selle heaks kiitma &#8211; siis teie vastused ilmuvad reedel &#8211; s\u00f5ltumata sellest, mis p\u00e4eval te vastuse postitate.<\/p>\n<p style=\"text-align: justify;\"><strong>4. Kas n\u00e4dala k\u00fcsimusele peab tingimata vastama?<br \/>\n<\/strong>Ei pea. Mingit eraldi auhinna-arvestust selles osas ei peeta. Kuid eriti heade vastuste eest v\u00f5ib siiski eriauhindu saada.<\/p>\n<p style=\"text-align: justify;\"><strong>5. Minu kommentaar\/vastus ei l\u00e4he kohale.<br \/>\n<\/strong>T\u00f5en\u00e4oliselt siiski l\u00e4heb, lihtsalt m\u00f5ningase ajalise nihkega.\u00a0 Kasutatav veebiplatvorm toimib selliselt, et \u00fckski kommentaar &#8220;iseenesest&#8221; ei ilmu &#8211; moderaator peab selle heaks kiitma<strong>.<\/strong> Kuna meil pole &#8220;palgalist moderaatorit&#8221;, siis pole me p\u00e4ris igal hetkel siin kohal.\u00a0 Teie vastused n\u00e4dala k\u00fcsimusele aga &#8220;ilmutame&#8221; alles reedel &#8211; et k\u00f5ik soovijad saaksid ise vastuste kallal pusida ning mitte \u00e4ra v\u00f5tta avastamis- ja otsimisr\u00f5\u00f5mu. <strong><br \/>\n<\/strong><\/p>\n<p style=\"text-align: justify;\"><strong>6. Kui taimed kuivavad \u00e4ra &#8211; kasvupinnas on tuhkkuiv ja taimed on n\u00e4rbunud&#8230;&#8230;<\/strong><\/p>\n<p style=\"text-align: justify;\">Siis v\u00f5tta kiiresti \u00fcks kauss ning kallata sinna v\u00e4hemalt 20 kraadilist vett ja asetada kuivanud taimed koos potiga kaussi vee sisse &#8211; poole tunni p\u00e4rast on kuivanud mullapallid juba endasse vett imanud ning hea \u00f5nne korral taastub ka taimede veevarustus. 1 tunni p\u00e4rast t\u00f5sta taimed koos potiga kausist v\u00e4lja ja asetada endisele kasvukohale tagasi.<\/p>\n<p style=\"text-align: justify;\">7. \u00d5IED, VILJAD, LEHED JA V\u00d5RSED &#8211; MIDA V\u00d5TTA, MIDA J\u00c4TTA?<\/p>\n<style type=\"text\/css\"><!--\nP { margin-bottom: 0.21cm; }P.western {  }\n--><\/style>\n<p>Viljade moodustumise soodustamiseks v\u00f5iks \u00d5RNALT pulgakesega taimevart hetkeks mitu korda puudutada (\u00f5rnalt raputada) &#8211; siis toimub \u00f5ite viljastumine paremini. \u201cRaputamise\u201d liigutust v\u00f5iks teha keskp\u00e4eva paiku ning mitu korda n\u00e4dalas. Kui vilju on v\u00e4he v\u00f5i neid veel \u00fcldse ei ole, siis \u00e4rge muretsege &#8211; kui kasvutingimused on samad, siis v\u00f5ib olla taimede individuaalne areng erinev &#8211; osad taimed kasvatavad tugevama varre &#8211; ja lehemassi, et hiljem saaks taimeke rohkem vilju toota. K\u00f5rvalv\u00f5rseid teile saadetud sortidel eemaldada ei ole vaja &#8211; nad on piiratud kasvuga. Kui tomatitaimed on muutunud massiivseks (peav\u00f5rse hakkab k\u00fclili vajuma), siis v\u00f5ib neid toestada ning hiljem v\u00f5ib \u00e4ra murda alumised (kolletuma hakkavad vanad lehed). Eluj\u00f5ulisi rohelisi lehti nendel sortidel eemaldada ei ole vaja.<\/p>\n<p style=\"text-align: justify;\">\n<p>&nbsp;<\/p>\n","protected":false},"excerpt":{"rendered":"<p>KORDUMA KIPPUVAD K\u00dcSIMUSED 1. Kleepsudest ja tikkudest: M\u00f5nel juhul ei pruugi kleebised ja tikud vaatluslehel antuga 100 % kokku minna (kogu meie tegevus on ka \u00f5ppeprotsess ja ka meie \u00f5pilastel v\u00f5is juhtuda apsakaid) &#8211; aga 100 % kindel on see, et tikkudega on &#8216;Vilmad&#8217; ja rohelise ja musta kleepsuga on mahetaimed. 2. Millal ja kuidas &hellip; <a href=\"https:\/\/aianduskool.ee\/tomatiprojekt\/?page_id=176\" class=\"more-link\">Loe edasi <span class=\"screen-reader-text\">KKK<\/span> <span class=\"meta-nav\">&rarr;<\/span><\/a><\/p>\n","protected":false},"author":2,"featured_media":0,"parent":0,"menu_order":0,"comment_status":"open","ping_status":"open","template":"","meta":{"footnotes":""},"class_list":["post-176","page","type-page","status-publish","hentry"],"_links":{"self":[{"href":"https:\/\/aianduskool.ee\/tomatiprojekt\/index.php?rest_route=\/wp\/v2\/pages\/176","targetHints":{"allow":["GET"]}}],"collection":[{"href":"https:\/\/aianduskool.ee\/tomatiprojekt\/index.php?rest_route=\/wp\/v2\/pages"}],"about":[{"href":"https:\/\/aianduskool.ee\/tomatiprojekt\/index.php?rest_route=\/wp\/v2\/types\/page"}],"author":[{"embeddable":true,"href":"https:\/\/aianduskool.ee\/tomatiprojekt\/index.php?rest_route=\/wp\/v2\/users\/2"}],"replies":[{"embeddable":true,"href":"https:\/\/aianduskool.ee\/tomatiprojekt\/index.php?rest_route=%2Fwp%2Fv2%2Fcomments&post=176"}],"version-history":[{"count":5,"href":"https:\/\/aianduskool.ee\/tomatiprojekt\/index.php?rest_route=\/wp\/v2\/pages\/176\/revisions"}],"predecessor-version":[{"id":323,"href":"https:\/\/aianduskool.ee\/tomatiprojekt\/index.php?rest_route=\/wp\/v2\/pages\/176\/revisions\/323"}],"wp:attachment":[{"href":"https:\/\/aianduskool.ee\/tomatiprojekt\/index.php?rest_route=%2Fwp%2Fv2%2Fmedia&parent=176"}],"curies":[{"name":"wp","href":"https:\/\/api.w.org\/{rel}","templated":true}]}}