{"id":523,"date":"2019-02-12T21:40:36","date_gmt":"2019-02-12T19:40:36","guid":{"rendered":"https:\/\/aianduskool.ee\/tomatisobrad\/?page_id=523"},"modified":"2019-02-26T09:35:28","modified_gmt":"2019-02-26T07:35:28","slug":"kkk","status":"publish","type":"page","link":"https:\/\/aianduskool.ee\/tomatisobrad\/blogid\/kkk\/","title":{"rendered":"KKK"},"content":{"rendered":"\r\n<h3>KKK ehk korduma kippuvad k\u00fcsimused<\/h3>\r\n<p><strong>1. Tomatis\u00f5bra stardikomplektist<\/strong><\/p>\r\n<p>T\u00f6\u00f6komplekt sisaldab kahte v\u00e4etist ja nelja v\u00e4rviliste m\u00e4rkekleepsudega t\u00e4histatud tomatitaime.\u00a0<\/p>\r\n\r\n<div id=\"attachment_524\" style=\"width: 532px\" class=\"wp-caption alignnone\"><img loading=\"lazy\" decoding=\"async\" aria-describedby=\"caption-attachment-524\" class=\"wp-image-524\" src=\"https:\/\/aianduskool.ee\/tomatisobrad\/wp-content\/uploads\/2019\/02\/IMG_6883.jpg\" alt=\"\" width=\"522\" height=\"392\" \/><p id=\"caption-attachment-524\" class=\"wp-caption-text\">Foto: Tomatis\u00f5bra t\u00f6\u00f6komplekt.<\/p><\/div>\r\n\r\n<p><strong>2. Kleepsudest ja v\u00e4rvidest:<br \/>\r\n<\/strong>Punane m\u00e4rkekleeps (punane t\u00e4pp) t\u00e4histab punaseviljalist tomatisorti &#8216;Vilma&#8217;, kollane m\u00e4rkekleeps (kollane t\u00e4pp) t\u00e4histab kollaseviljalist tomatisorti &#8216;Venus&#8217;.\u00a0<\/p>\r\n<p><strong>3. <\/strong><strong>Millal ja kuidas peame v\u00e4etama?<br \/>\r\n<\/strong>Esialgu tuleb taimi ainult kasta \u2013 vastavalt vajadusele. Kui v\u00e4etamiseni j\u00f5uame, anname sellest m\u00e4rku ja \u00f5petame<\/p>\r\n<p><strong>4. N\u00e4dala k\u00fcsimus \u2013 kuidas see toimib?<br \/>\r\n<\/strong>N\u00e4dala k\u00fcsimuse m\u00f5te on juhtida t\u00e4helepanu taimeprojekti teemadele &#8211; \u00a0tomati taim, tomatitaime kasvatamine, looduslik v\u00e4etis, vihmaussid ja vermikompost, kompost jms. K\u00fcsimused ilmuvad alati esmasp\u00e4evase p\u00e4eva jooksul. K\u00fcsimused on valikvastustega, mille hulgast on ainult \u00fcks \u00f5ige. N\u00e4dala k\u00fcsimusele saab ainult vastata projekti kodulehele sisselogimise j\u00e4rel.\u00a0<\/p>\r\n<p><strong>5. Kas n\u00e4dala k\u00fcsimusele peab tingimata vastama?<br \/>\r\n<\/strong>Ei pea, kuid arvestust tublimate vastajate \u00fcle peame.\u00a0<\/p>\r\n<p><strong>6. Konkursid &#8211; kas k\u00f5ikidel on osalemine kohustuslik?\u00a0<br \/>\r\n<\/strong>Ei ole. Konkursse toimub projekti jooksul mitmeid. Iga grupp saab valida endale just sobiva ja eakohase. Samas k\u00f5ikidel konkursidel osalemine ei ole keelatud. Parimate \u00fcle peame arvestust ning anname auhindu.\u00a0<strong><br \/>\r\n<\/strong><\/p>\r\n<p><strong>7. Kuidas konkursit\u00f6id esitada?\u00a0<\/strong><br \/>\r\nKonkursit\u00f6\u00f6de esitamiseks pead projekti kodulehele sisse logima ning vastavas kohas oma kommentaari postitama. J\u00e4lgi kindlasti konkursit\u00f6\u00f6de n\u00f5udeid ja juhiseid. Seal on vajalik info olemas.\u00a0<\/p>\r\n<p><strong>8. Kas k\u00f5ikides tegevustes peab osalema?\u00a0<br \/>\r\n<\/strong><\/p>\r\n<p>Ei pea. Projektis osaleja v\u00f5ib valida endale sobilikud, lastele-\u00f5pilastele eakohased, huvi pakkuvad tegevused. V\u00e4hemalt \u00fches tegevuses osalemine on aga kohustuslik. Tegevused on: tomatitaimede kasvatamise katse ja katseandmete kogumine, viktoriin, erinevad konkursid. Projektis soovis osaleda palju rohkem kui 500 gruppi. See t\u00e4hendab, et v\u00e4ga paljud grupid j\u00e4id nn joone alla. Seet\u00f5ttu ootame projektis osalejatelt aktiivsust.\u00a0<\/p>\r\n<p><strong>9. Milline on p\u00e4risleht ja milline iduleht?\u00a0<\/strong><\/p>\r\n<p><img loading=\"lazy\" decoding=\"async\" class=\"alignnone wp-image-750 size-large\" src=\"https:\/\/aianduskool.ee\/tomatisobrad\/wp-content\/uploads\/2019\/02\/tomatid-1024x575.png\" alt=\"\" width=\"1024\" height=\"575\" srcset=\"https:\/\/aianduskool.ee\/tomatisobrad\/wp-content\/uploads\/2019\/02\/tomatid-1024x575.png 1024w, https:\/\/aianduskool.ee\/tomatisobrad\/wp-content\/uploads\/2019\/02\/tomatid-300x168.png 300w, https:\/\/aianduskool.ee\/tomatisobrad\/wp-content\/uploads\/2019\/02\/tomatid-768x431.png 768w, https:\/\/aianduskool.ee\/tomatisobrad\/wp-content\/uploads\/2019\/02\/tomatid.png 1449w\" sizes=\"auto, (max-width: 1024px) 100vw, 1024px\" \/><\/p>\r\n<p><strong>9. Kui taimed kuivavad \u00e4ra \u2013 kasvusubstraat (muld) on tuhkkuiv ja taimed on n\u00e4rbunud\u2026\u2026<\/strong><\/p>\r\n<p>Siis v\u00f5ta kiiresti \u00fcks kauss ning kalla sinna v\u00e4hemalt 20 kraadilist vett. Asetada kuivanud taimed koos kasseti v\u00f5i potiga kaussi vee sisse. Umbes poole tunni p\u00e4rast on kuivanud mullapallid juba endasse piisavalt vett imanud ning hea \u00f5nne korral taastub ka taimede veevarustus. 1 tunni p\u00e4rast t\u00f5sta taimed koos potiga kausist v\u00e4lja ja asetada endisele kasvukohale tagasi. Alustaldrikule valgunud vesi kalla \u00e4ra.\u00a0<\/p>\r\n<p><strong>10. \u00d5ied, viljad, lehed ja v\u00f5rsed &#8211; mida v\u00f5tta, mida j\u00e4tta?\u00a0<\/strong><\/p>\r\n<p>Viljade moodustumise soodustamiseks v\u00f5iks \u00f5rnalt pulgakes v\u00f5i pliiatsiga taimevart hetkeks mitu korda puudutada (\u00f5rnalt raputada) \u2013 siis toimub \u00f5ite viljastumine paremini. \u201cRaputamise\u201d liigutust v\u00f5iks teha keskp\u00e4eva paiku ning p\u00e4ris mitu korda n\u00e4dalas. Kui vilju on v\u00e4he v\u00f5i neid veel \u00fcldse ei ole, siis \u00e4ra muretse \u2013 kui kasvutingimused on samad, v\u00f5ib taimede individuaalne areng olla siiski erinev \u2013 osad taimed kasvatavad tugevama varre \u2013 ja lehemassi, et hiljem saaks taimeke rohkem vilju toota. K\u00f5rvalv\u00f5rseid &#8216;Vilma&#8217; ja &#8216;Venus&#8217;e taimedel eemaldama ei pea, sest m\u00f5lemad on piiratud kasvuga sordid. Kui tomatitaimed on muutunud massiivseks (peav\u00f5rse hakkab k\u00fclili vajuma), v\u00f5ib neid toestada. Hiljem v\u00f5ib \u00e4ra murda alumised (kolletuma hakkavad vanad lehed). Eluj\u00f5ulisi rohelisi lehti nendel sortidel eemaldada ei ole tarvis.\u00a0<\/p>\r\n","protected":false},"excerpt":{"rendered":"","protected":false},"author":2,"featured_media":0,"parent":23,"menu_order":0,"comment_status":"closed","ping_status":"closed","template":"","meta":{"footnotes":""},"class_list":["post-523","page","type-page","status-publish","hentry"],"_links":{"self":[{"href":"https:\/\/aianduskool.ee\/tomatisobrad\/wp-json\/wp\/v2\/pages\/523","targetHints":{"allow":["GET"]}}],"collection":[{"href":"https:\/\/aianduskool.ee\/tomatisobrad\/wp-json\/wp\/v2\/pages"}],"about":[{"href":"https:\/\/aianduskool.ee\/tomatisobrad\/wp-json\/wp\/v2\/types\/page"}],"author":[{"embeddable":true,"href":"https:\/\/aianduskool.ee\/tomatisobrad\/wp-json\/wp\/v2\/users\/2"}],"replies":[{"embeddable":true,"href":"https:\/\/aianduskool.ee\/tomatisobrad\/wp-json\/wp\/v2\/comments?post=523"}],"version-history":[{"count":5,"href":"https:\/\/aianduskool.ee\/tomatisobrad\/wp-json\/wp\/v2\/pages\/523\/revisions"}],"predecessor-version":[{"id":772,"href":"https:\/\/aianduskool.ee\/tomatisobrad\/wp-json\/wp\/v2\/pages\/523\/revisions\/772"}],"up":[{"embeddable":true,"href":"https:\/\/aianduskool.ee\/tomatisobrad\/wp-json\/wp\/v2\/pages\/23"}],"wp:attachment":[{"href":"https:\/\/aianduskool.ee\/tomatisobrad\/wp-json\/wp\/v2\/media?parent=523"}],"curies":[{"name":"wp","href":"https:\/\/api.w.org\/{rel}","templated":true}]}}