{"id":858,"date":"2019-04-01T11:03:56","date_gmt":"2019-04-01T08:03:56","guid":{"rendered":"https:\/\/aianduskool.ee\/tomatisobrad\/?page_id=858"},"modified":"2019-04-08T17:21:35","modified_gmt":"2019-04-08T14:21:35","slug":"6-nadala-kokkuvote","status":"publish","type":"page","link":"https:\/\/aianduskool.ee\/tomatisobrad\/blogid\/6-nadala-kokkuvote\/","title":{"rendered":"6. n\u00e4dala kokkuv\u00f5te"},"content":{"rendered":"<p>Head s\u00f5brad!<\/p>\n<p>K\u00e4tte on j\u00f5udnud aprillikuu ning aeg on 6. n\u00e4dal kokku v\u00f5tta.\u00a0<\/p>\n<p>Kuues projektin\u00e4dal t\u00f5i meile taaskord teateid v\u00e4ikestest tomativiljadest. Juba praegu v\u00f5ib katsetuse p\u00f5hjal \u00f6elda, et &#8216;Venus&#8217; kasvatab viljad kiiremini kui &#8216;Vilma&#8217;.\u00a0<br \/>\nOli ka neid, kes taimede \u00fcmberistutamisega tegelesid. Lisaks meisterdati, kirjutati jutte ja luuletusi, t\u00e4ideti projektip\u00e4evikut ja uuriti tomatitaimi.<br \/>\nNii nagu \u00fctleb vanas\u00f5na &#8220;Tegijal ikka juhtub&#8221;, juhtus meilgi. Digikratt keeras sassi meie viktoriini k\u00fcsimused ja paiskas vastamiseks valed k\u00fcsimused. Suured t\u00e4nud t\u00e4helepanijale! Kratt sai kinni p\u00fc\u00fctud ja pahategu likvideeritud.\u00a0<\/p>\n<p><strong>Mis juhtub projekti seitsmendal n\u00e4dalal?\u00a0<\/strong><\/p>\n<p>Seitsmendal n\u00e4dalal j\u00e4tkame tomatitaimede kasvatamise ja j\u00e4lgimisega. Kindlasti on n\u00fc\u00fcd paljudele tomatis\u00f5pradele k\u00e4tte j\u00f5udnud aeg, mil peab taimi v\u00e4etama hakkama. V\u00e4etislahuste tegemisel kindlasti tutvuge hoolikalt v\u00e4etisepakendil olevate juhistega.<\/p>\n<p>J\u00e4tkuvad ka konkursid:\u00a0<br \/>\n* meisterdamise konkurss,\u00a0<br \/>\n* jutu ja luuletuse kirjutamise konkurss, <br \/>\n* fotokonkurss, <br \/>\n* projektip\u00e4eviku konkurss.<\/p>\n<p>Juhime t\u00e4helepanu, et meisterdamise konkursi t\u00f6id saab meile esitada veel selle n\u00e4dala l\u00f5puni ehk 7. aprillini (k.a.).\u00a0<\/p>\n<p>&nbsp;<\/p>\n<p>\u00dcks k\u00fcsimus ka t\u00e4nase p\u00e4eva puhul:\u00a0Mis on ket\u0161up?\u00a0<\/p>\n<p>Vastus: Tomatite koosolek.\u00a0<\/p>\n<p><iframe loading=\"lazy\" src=\"https:\/\/gfycat.com\/ifr\/OnlyYoungAmmonite\" width=\"440\" height=\"336\" frameborder=\"0\" scrolling=\"no\" allowfullscreen=\"allowfullscreen\"><\/iframe><\/p>\n","protected":false},"excerpt":{"rendered":"<p>Head s\u00f5brad! K\u00e4tte on j\u00f5udnud aprillikuu ning aeg on 6. n\u00e4dal kokku v\u00f5tta.\u00a0 Kuues projektin\u00e4dal t\u00f5i meile taaskord teateid v\u00e4ikestest tomativiljadest. Juba praegu v\u00f5ib katsetuse p\u00f5hjal \u00f6elda, et &#8216;Venus&#8217; kasvatab viljad kiiremini kui &#8216;Vilma&#8217;.\u00a0 Oli ka neid, kes taimede \u00fcmberistutamisega tegelesid. Lisaks meisterdati, kirjutati jutte ja luuletusi, t\u00e4ideti projektip\u00e4evikut ja uuriti tomatitaimi. Nii nagu \u00fctleb vanas\u00f5na &#8220;Tegijal ikka juhtub&#8221;, juhtus meilgi. Digikratt keeras sassi meie viktoriini k\u00fcsimused ja paiskas vastamiseks valed k\u00fcsimused. Suured t\u00e4nud t\u00e4helepanijale! Kratt sai kinni p\u00fc\u00fctud ja pahategu likvideeritud.\u00a0 Mis juhtub projekti seitsmendal n\u00e4dalal?\u00a0 Seitsmendal n\u00e4dalal j\u00e4tkame tomatitaimede kasvatamise ja j\u00e4lgimisega. Kindlasti on n\u00fc\u00fcd paljudele tomatis\u00f5pradele k\u00e4tte..<\/p>\n","protected":false},"author":2,"featured_media":0,"parent":23,"menu_order":0,"comment_status":"closed","ping_status":"closed","template":"","meta":{"footnotes":""},"class_list":["post-858","page","type-page","status-publish","hentry"],"_links":{"self":[{"href":"https:\/\/aianduskool.ee\/tomatisobrad\/wp-json\/wp\/v2\/pages\/858","targetHints":{"allow":["GET"]}}],"collection":[{"href":"https:\/\/aianduskool.ee\/tomatisobrad\/wp-json\/wp\/v2\/pages"}],"about":[{"href":"https:\/\/aianduskool.ee\/tomatisobrad\/wp-json\/wp\/v2\/types\/page"}],"author":[{"embeddable":true,"href":"https:\/\/aianduskool.ee\/tomatisobrad\/wp-json\/wp\/v2\/users\/2"}],"replies":[{"embeddable":true,"href":"https:\/\/aianduskool.ee\/tomatisobrad\/wp-json\/wp\/v2\/comments?post=858"}],"version-history":[{"count":5,"href":"https:\/\/aianduskool.ee\/tomatisobrad\/wp-json\/wp\/v2\/pages\/858\/revisions"}],"predecessor-version":[{"id":887,"href":"https:\/\/aianduskool.ee\/tomatisobrad\/wp-json\/wp\/v2\/pages\/858\/revisions\/887"}],"up":[{"embeddable":true,"href":"https:\/\/aianduskool.ee\/tomatisobrad\/wp-json\/wp\/v2\/pages\/23"}],"wp:attachment":[{"href":"https:\/\/aianduskool.ee\/tomatisobrad\/wp-json\/wp\/v2\/media?parent=858"}],"curies":[{"name":"wp","href":"https:\/\/api.w.org\/{rel}","templated":true}]}}