{"id":946,"date":"2019-05-13T08:45:57","date_gmt":"2019-05-13T05:45:57","guid":{"rendered":"https:\/\/aianduskool.ee\/tomatisobrad\/?page_id=946"},"modified":"2019-05-13T08:45:57","modified_gmt":"2019-05-13T05:45:57","slug":"projekti-kokkuvotteni-on-veel-aega","status":"publish","type":"page","link":"https:\/\/aianduskool.ee\/tomatisobrad\/blogid\/projekti-kokkuvotteni-on-veel-aega\/","title":{"rendered":"Projekti kokkuv\u00f5tteni on veel aega&#8230;"},"content":{"rendered":"<p>Head s\u00f5brad!<\/p>\n<p>Eelmine n\u00e4dal oli projekti viimane n\u00e4dal. Kokkuv\u00f5tete tegemine v\u00f5tab aga veel aega. Mitmete konkursite t\u00f6\u00f6d vajavad hindamist, samuti on tarvis teha \u00fclevaade sellest, kuidas meil tomatitaimede kasvatamine l\u00e4ks. Selleks palume teil t\u00e4ita \u00fcks <strong><a href=\"https:\/\/forms.gle\/jH8vh3JRQrUotURQ8\" target=\"_blank\" rel=\"noopener noreferrer\">ankeet<\/a>,<\/strong> kuhu saab kogutud andmed sisestada.\u00a0<\/p>\n<p>Samuti ootab projekti meeskond tagasisidet projekti kohta. Oma arvamuse avaldamiseks tuleb samuti t\u00e4ita \u00fcks <strong><a href=\"https:\/\/forms.gle\/5wAphaFXdghaCbpa6\" target=\"_blank\" rel=\"noopener noreferrer\">ankeet<\/a><\/strong>.\u00a0<\/p>\n<p>Ankeetidele ootame vastuseid 19. maini.\u00a0<br \/>\nV\u00f5istluste tulemusi avalikustame j\u00e4rk-j\u00e4rguliselt, projekti l\u00f5plikud tulemused p\u00fc\u00fcame avalikustada <strong>3. juuniks<\/strong>.\u00a0<\/p>\n<p>&nbsp;<\/p>\n<p style=\"text-align: center;\"><strong>Projekti meeskond soovib k\u00f5igile tomatis\u00f5pradele kaunist kevade j\u00e4tku ja p\u00e4ikselist suve. Ja \u00e4rge tomatitaimi unustage! Neid saab kasvatada kasv\u00f5i s\u00fcgiseni.\u00a0<\/strong><\/p>\n<p>\n<strong>Suur ait\u00e4h projektis osalemise eest! Uute kohtumisteni!\u00a0<\/strong><\/p>\n","protected":false},"excerpt":{"rendered":"<p>Head s\u00f5brad! Eelmine n\u00e4dal oli projekti viimane n\u00e4dal. Kokkuv\u00f5tete tegemine v\u00f5tab aga veel aega. Mitmete konkursite t\u00f6\u00f6d vajavad hindamist, samuti on tarvis teha \u00fclevaade sellest, kuidas meil tomatitaimede kasvatamine l\u00e4ks. Selleks palume teil t\u00e4ita \u00fcks ankeet, kuhu saab kogutud andmed sisestada.\u00a0 Samuti ootab projekti meeskond tagasisidet projekti kohta. Oma arvamuse avaldamiseks tuleb samuti t\u00e4ita \u00fcks ankeet.\u00a0 Ankeetidele ootame vastuseid 19. maini.\u00a0 V\u00f5istluste tulemusi avalikustame j\u00e4rk-j\u00e4rguliselt, projekti l\u00f5plikud tulemused p\u00fc\u00fcame avalikustada 3. juuniks.\u00a0 &nbsp; Projekti meeskond soovib k\u00f5igile tomatis\u00f5pradele kaunist kevade j\u00e4tku ja p\u00e4ikselist suve. Ja \u00e4rge tomatitaimi unustage! Neid saab kasvatada kasv\u00f5i s\u00fcgiseni.\u00a0 Suur ait\u00e4h projektis osalemise eest! Uute kohtumisteni!\u00a0<\/p>\n","protected":false},"author":2,"featured_media":0,"parent":23,"menu_order":0,"comment_status":"closed","ping_status":"closed","template":"","meta":{"footnotes":""},"class_list":["post-946","page","type-page","status-publish","hentry"],"_links":{"self":[{"href":"https:\/\/aianduskool.ee\/tomatisobrad\/wp-json\/wp\/v2\/pages\/946","targetHints":{"allow":["GET"]}}],"collection":[{"href":"https:\/\/aianduskool.ee\/tomatisobrad\/wp-json\/wp\/v2\/pages"}],"about":[{"href":"https:\/\/aianduskool.ee\/tomatisobrad\/wp-json\/wp\/v2\/types\/page"}],"author":[{"embeddable":true,"href":"https:\/\/aianduskool.ee\/tomatisobrad\/wp-json\/wp\/v2\/users\/2"}],"replies":[{"embeddable":true,"href":"https:\/\/aianduskool.ee\/tomatisobrad\/wp-json\/wp\/v2\/comments?post=946"}],"version-history":[{"count":1,"href":"https:\/\/aianduskool.ee\/tomatisobrad\/wp-json\/wp\/v2\/pages\/946\/revisions"}],"predecessor-version":[{"id":947,"href":"https:\/\/aianduskool.ee\/tomatisobrad\/wp-json\/wp\/v2\/pages\/946\/revisions\/947"}],"up":[{"embeddable":true,"href":"https:\/\/aianduskool.ee\/tomatisobrad\/wp-json\/wp\/v2\/pages\/23"}],"wp:attachment":[{"href":"https:\/\/aianduskool.ee\/tomatisobrad\/wp-json\/wp\/v2\/media?parent=946"}],"curies":[{"name":"wp","href":"https:\/\/api.w.org\/{rel}","templated":true}]}}