{"id":953,"date":"2019-05-20T17:32:11","date_gmt":"2019-05-20T14:32:11","guid":{"rendered":"https:\/\/aianduskool.ee\/tomatisobrad\/?page_id=953"},"modified":"2019-05-20T17:32:11","modified_gmt":"2019-05-20T14:32:11","slug":"joonistamise-konkursi-tulemused","status":"publish","type":"page","link":"https:\/\/aianduskool.ee\/tomatisobrad\/konkursid\/joonistamise-konkursi-tulemused\/","title":{"rendered":"Joonistamise konkursi tulemused"},"content":{"rendered":"<p>Kolmanda loomingukonkursi t\u00f6\u00f6deks ootasime joonistusi ja koomikseid tomatitest, vihmaussidest, s\u00f5pradest ja s\u00f5prusest.\u00a0<\/p>\n<p>Auv\u00e4\u00e4rt \u017e\u00fcrii on oma t\u00f6\u00f6 kokku v\u00f5tnud j\u00e4rgmised:<\/p>\n<p><strong>Joonistus (kool)<\/strong><\/p>\n<p><strong>1. koht<\/strong> &#8211; \u00a0<a href=\"https:\/\/aianduskool-my.sharepoint.com\/:i:\/g\/personal\/katrin_uurman_aianduskool_ee\/EeTogR9cKZtNqzVAAoPc1VkB8yjIR8UZMq8FUa8PiqoTsw?e=ZgptOe\" target=\"_blank\" rel=\"noopener noreferrer\">&#8220;Tomatite tantsupidu&#8221;<\/a>, Andreas Kozlov, Tallinna S\u00fcdalinna Kool, 3.c klass<br \/>\n<strong>2. koht<\/strong> &#8211; <a href=\"https:\/\/aianduskool-my.sharepoint.com\/:i:\/g\/personal\/katrin_uurman_aianduskool_ee\/EQxBHHxHXlpJrueLaAj68EgBVl6-z096olmOYiSq4GyggQ?e=yZ3mKk\" target=\"_blank\" rel=\"noopener noreferrer\">&#8220;Tomatite ja kurkide disko&#8221;<\/a>, Lenna Vesiallik, Kohila G\u00fcmnaasium Hageri klasssid, 2.h klass\u00a0<br \/>\n<strong>3. koht<\/strong> &#8211; <a href=\"https:\/\/aianduskool-my.sharepoint.com\/:i:\/g\/personal\/katrin_uurman_aianduskool_ee\/EWaN43RpbFdLh5xxwj_JzKgBSjPmAlN729XHLEgmU9Qu-A?e=C4BRNS\" target=\"_blank\" rel=\"noopener noreferrer\">&#8220;Tomatiratsu&#8221;<\/a>, Sireli Paasik, Tallinna S\u00fcdalinna Kool, 3.c klass<br \/>\n<strong>eripreemia<\/strong> &#8211; <a href=\"https:\/\/aianduskool-my.sharepoint.com\/:w:\/g\/personal\/katrin_uurman_aianduskool_ee\/EccP88JdguZIuETDtZrUg_8BKZQvS90sfwU_1JiWaUrDVQ?e=rr3LJ7\" target=\"_blank\" rel=\"noopener noreferrer\">Rocca al Mare Kooli 2.a klass<\/a><br \/>\n<strong>eripreemia<\/strong> &#8211; <a href=\"https:\/\/aianduskool-my.sharepoint.com\/:i:\/g\/personal\/katrin_uurman_aianduskool_ee\/ERmQW51VABNDtO7YZ29cON4B8-fhSIxejBbJnPEaW253XA?e=qDeweY\" target=\"_blank\" rel=\"noopener noreferrer\">&#8220;S\u00f5brad seiklemas&#8221;<\/a>, Nora Vosman, Tallinna Rahum\u00e4e P\u00f5hikool, 3.b klass<br \/>\n<strong>eripreemia<\/strong> &#8211; <a href=\"https:\/\/aianduskool-my.sharepoint.com\/:i:\/g\/personal\/katrin_uurman_aianduskool_ee\/EamLDvu2yqBAuLab5MtD1UUBKCBLxC3bRfkOPQvY1lUAYA?e=8dpJAV\" target=\"_blank\" rel=\"noopener noreferrer\">&#8220;Neli s\u00f5pra&#8221;<\/a>, Mariann Piir, Keila Kool, 2.e klass<\/p>\n<p><strong>Joonistus (lasteaed)\u00a0<\/strong><\/p>\n<p><strong>1. koht<\/strong> &#8211; <a href=\"https:\/\/aianduskool-my.sharepoint.com\/:i:\/g\/personal\/katrin_uurman_aianduskool_ee\/EUzWT5dUOV1Hm4TSEw676AwBEnaU8HDGqK64s-Ddk40VDQ?e=X0eWuO\" target=\"_blank\" rel=\"noopener noreferrer\">&#8220;Tomatite eelkool&#8221;<\/a>, Helena Kiil, Kehtna LA Siller, Saialille r\u00fchm<br \/>\n<strong>2. koht<\/strong> &#8211; <a href=\"https:\/\/aianduskool-my.sharepoint.com\/:i:\/g\/personal\/katrin_uurman_aianduskool_ee\/EXNy_Ik24mtEp-hsJIzD1kcB0zEb0Mle2Ro9ii6EFgYomA?e=GI7wUH\" target=\"_blank\" rel=\"noopener noreferrer\">&#8220;Disko tomatipeenral&#8221;<\/a>, Tallinna Lepatriinu LA, Pilvetriinude r\u00fchma \u00fchist\u00f6\u00f6<br \/>\n<strong>3. koht<\/strong> &#8211; <a href=\"https:\/\/aianduskool-my.sharepoint.com\/:i:\/g\/personal\/katrin_uurman_aianduskool_ee\/EWLz3VOgKlRAsKVFvMc33qcBeHlP-kbohukUfj14_aHVQg?e=rkrv2K\" target=\"_blank\" rel=\"noopener noreferrer\">&#8220;S\u00f5brad&#8221;<\/a>, Kai Urb, K\u00f5msi Lasteaed-Algkool, Rohen\u00e4ppude r\u00fchm<br \/>\n<strong>eripreemia<\/strong> &#8211; <a href=\"https:\/\/aianduskool-my.sharepoint.com\/:f:\/g\/personal\/katrin_uurman_aianduskool_ee\/EhGejlvR8TlArVX3qdnSBh8Bcm1bIDRVqt1oXmfV5Gz1bg?e=BfOJwd\" target=\"_blank\" rel=\"noopener noreferrer\">V\u00e4\u00e4tsa LA Paik\u00e4pp<\/a>, P\u00e4evalille r\u00fchm<br \/>\n<strong>eripreemia<\/strong> &#8211; <a href=\"https:\/\/aianduskool-my.sharepoint.com\/:f:\/g\/personal\/katrin_uurman_aianduskool_ee\/Eh0-rOCtnS5IvjmchzU6ZAEBEg1XbEk1LWQTb0mmA7nuAw?e=cu8x82\" target=\"_blank\" rel=\"noopener noreferrer\">Tartu LA Triinu ja Taavi<\/a>, Muumi r\u00fchm<br \/>\n<strong>eripreemia<\/strong> &#8211; <a href=\"https:\/\/aianduskool-my.sharepoint.com\/:i:\/g\/personal\/katrin_uurman_aianduskool_ee\/ETdYhTuCL6lKim0kevbj1ZIB7gKTrO83FVUq7OFadewByw?e=e1R9EB\" target=\"_blank\" rel=\"noopener noreferrer\">&#8220;R\u00f5\u00f5msameelne &#8216;Venus'&#8221;<\/a>, Krete Kruusalu, P\u00e4rnu LA Mai, 2. r\u00fchm<br \/>\n<strong>eripreemia<\/strong> &#8211; <a href=\"https:\/\/aianduskool-my.sharepoint.com\/:i:\/g\/personal\/katrin_uurman_aianduskool_ee\/EWUfeXy-SBdLnuNofz-qBv0Bt2iF-exL5usJVTT_OWguqA?e=sCUbV6\" target=\"_blank\" rel=\"noopener noreferrer\">Nelle Lebedevi joonistus<\/a>, Koosa LA, Liblikate r\u00fchm\u00a0<\/p>\n<p><strong>Koomiks\u00a0<\/strong><\/p>\n<p><strong>1. koht<\/strong> &#8211; <a href=\"https:\/\/aianduskool-my.sharepoint.com\/:i:\/g\/personal\/katrin_uurman_aianduskool_ee\/EW-4anY1D3pMoc2Pys7EdWIBXoRxvilTNF7prB_FhqX10g?e=CvESrm\" target=\"_blank\" rel=\"noopener noreferrer\">&#8220;Punane kuu&#8221;<\/a>, Kaila Erika Viira, Kabala Lasteaed-P\u00f5hikool, 6. klass<br \/>\n<strong>2. koht<\/strong> &#8211; <a href=\"https:\/\/aianduskool-my.sharepoint.com\/:i:\/g\/personal\/katrin_uurman_aianduskool_ee\/EStTIX88vdRMj9g3Zcmn94YBRWMoO4g1SZcPWArgXnLA7w?e=qklWHP\" target=\"_blank\" rel=\"noopener noreferrer\">&#8220;S\u00f5prus teeb lahedaks&#8221;<\/a>, Margaret Inno, Tallinna Rahum\u00e4e P\u00f5hikool, 3.b klass<br \/>\n<strong>3. koht<\/strong> &#8211; <a href=\"https:\/\/aianduskool-my.sharepoint.com\/:i:\/g\/personal\/katrin_uurman_aianduskool_ee\/EbV9XDnerSxJq9yXhKitchsBx-IyJEFSxG_x2ap3nRtsHQ?e=d7mhpO\" target=\"_blank\" rel=\"noopener noreferrer\">&#8220;Marjade klubi&#8221;<\/a>, Anastassia \u017didkono\u017ekina, Sillam\u00e4e Eesti P\u00f5hikool, 7. klass<br \/>\n<strong>eripreemia<\/strong> &#8211; <a href=\"https:\/\/aianduskool-my.sharepoint.com\/:i:\/g\/personal\/katrin_uurman_aianduskool_ee\/EU2iJ0izO2xBrbJtACTjNjUBRvBwAIiVJExYW5A5X-lniA?e=CeRrAV\" target=\"_blank\" rel=\"noopener noreferrer\">&#8220;Muinasjutt tomatipuust&#8221;<\/a>, Keira Olivia Markvardt, Rocca al Mare Kool, 2.a klass<br \/>\n<strong>eripreemia<\/strong> &#8211; <a href=\"https:\/\/aianduskool-my.sharepoint.com\/:i:\/g\/personal\/katrin_uurman_aianduskool_ee\/Ee291sVsdaRLrNKiO7sls24B4dCAF7avfOVzKxYb6F314A?e=fw1ld1\" target=\"_blank\" rel=\"noopener noreferrer\">&#8220;S\u00f5prusest saab armastus&#8221;<\/a>, Artes Rebeli, \u00dclenurme G\u00fcmnaasium, 5. klass<br \/>\n<strong>eripreemia<\/strong> &#8211; <a href=\"https:\/\/aianduskool-my.sharepoint.com\/:i:\/g\/personal\/katrin_uurman_aianduskool_ee\/EUr4XcngcW1ErPxfQ3tDoiYBP1OXlGAIjsq4CoLozM0GGA?e=oGoCsE\" target=\"_blank\" rel=\"noopener noreferrer\">&#8220;Tomati reis&#8221;<\/a>, Georg Taniel Saar, Tallinna Rahum\u00e4e P\u00f5hikool, 3.b klass<\/p>\n<p>\n<\/p>\n<p style=\"text-align: center;\"><strong>Suur, suur ait\u00e4h osalejatele ja palju \u00f5nne v\u00f5itjatele! <br \/>\nOlete k\u00f5ik v\u00e4ga tublid ja n\u00e4gite nii palju vaeva! Meie oleme teie \u00fcle uhked! \ud83d\ude42\u00a0<\/strong><\/p>\n","protected":false},"excerpt":{"rendered":"<p>Kolmanda loomingukonkursi t\u00f6\u00f6deks ootasime joonistusi ja koomikseid tomatitest, vihmaussidest, s\u00f5pradest ja s\u00f5prusest.\u00a0 Auv\u00e4\u00e4rt \u017e\u00fcrii on oma t\u00f6\u00f6 kokku v\u00f5tnud j\u00e4rgmised: Joonistus (kool) 1. koht &#8211; \u00a0&#8220;Tomatite tantsupidu&#8221;, Andreas Kozlov, Tallinna S\u00fcdalinna Kool, 3.c klass 2. koht &#8211; &#8220;Tomatite ja kurkide disko&#8221;, Lenna Vesiallik, Kohila G\u00fcmnaasium Hageri klasssid, 2.h klass\u00a0 3. koht &#8211; &#8220;Tomatiratsu&#8221;, Sireli Paasik, Tallinna S\u00fcdalinna Kool, 3.c klass eripreemia &#8211; Rocca al Mare Kooli 2.a klass eripreemia &#8211; &#8220;S\u00f5brad seiklemas&#8221;, Nora Vosman, Tallinna Rahum\u00e4e P\u00f5hikool, 3.b klass eripreemia &#8211; &#8220;Neli s\u00f5pra&#8221;, Mariann Piir, Keila Kool, 2.e klass Joonistus (lasteaed)\u00a0 1. koht &#8211; &#8220;Tomatite eelkool&#8221;, Helena Kiil, Kehtna LA..<\/p>\n","protected":false},"author":2,"featured_media":0,"parent":19,"menu_order":0,"comment_status":"closed","ping_status":"closed","template":"","meta":{"footnotes":""},"class_list":["post-953","page","type-page","status-publish","hentry"],"_links":{"self":[{"href":"https:\/\/aianduskool.ee\/tomatisobrad\/wp-json\/wp\/v2\/pages\/953","targetHints":{"allow":["GET"]}}],"collection":[{"href":"https:\/\/aianduskool.ee\/tomatisobrad\/wp-json\/wp\/v2\/pages"}],"about":[{"href":"https:\/\/aianduskool.ee\/tomatisobrad\/wp-json\/wp\/v2\/types\/page"}],"author":[{"embeddable":true,"href":"https:\/\/aianduskool.ee\/tomatisobrad\/wp-json\/wp\/v2\/users\/2"}],"replies":[{"embeddable":true,"href":"https:\/\/aianduskool.ee\/tomatisobrad\/wp-json\/wp\/v2\/comments?post=953"}],"version-history":[{"count":1,"href":"https:\/\/aianduskool.ee\/tomatisobrad\/wp-json\/wp\/v2\/pages\/953\/revisions"}],"predecessor-version":[{"id":955,"href":"https:\/\/aianduskool.ee\/tomatisobrad\/wp-json\/wp\/v2\/pages\/953\/revisions\/955"}],"up":[{"embeddable":true,"href":"https:\/\/aianduskool.ee\/tomatisobrad\/wp-json\/wp\/v2\/pages\/19"}],"wp:attachment":[{"href":"https:\/\/aianduskool.ee\/tomatisobrad\/wp-json\/wp\/v2\/media?parent=953"}],"curies":[{"name":"wp","href":"https:\/\/api.w.org\/{rel}","templated":true}]}}