{"id":11,"date":"2017-09-09T21:21:22","date_gmt":"2017-09-09T18:21:22","guid":{"rendered":"http:\/\/aianduskool.ee\/vrakendus\/?page_id=11"},"modified":"2019-04-19T12:19:35","modified_gmt":"2019-04-19T09:19:35","slug":"oppematerjalid","status":"publish","type":"page","link":"https:\/\/aianduskool.ee\/vrakendus\/oppematerjalid\/","title":{"rendered":"\u00d5ppematerjalid"},"content":{"rendered":"<h4><strong>Teemad<\/strong><\/h4>\n<p>1.\u00a0Aktiiv\u00f5pet ja koost\u00f6\u00f6d soodustavad vahendid<br \/>\n* <a href=\"http:\/\/aianduskool.ee\/vrakendus\/veebitahvel\/\" target=\"_blank\" rel=\"noopener noreferrer\">veebitahvel<\/a><br \/>\n* <a href=\"http:\/\/aianduskool.ee\/vrakendus\/oppematerjalid\/qr-kood\/\" target=\"_blank\" rel=\"noopener noreferrer\">QR-kood<\/a><br \/>\n* <a href=\"http:\/\/aianduskool.ee\/vrakendus\/oppematerjalid\/toolehtede-loomise-vahendid\/\">t\u00f6\u00f6leht<\/a><br \/>\n* <a href=\"http:\/\/aianduskool.ee\/vrakendus\/oppematerjalid\/moistekaart-ja-ideekaart\/\" target=\"_blank\" rel=\"noopener noreferrer\">ideekaart, m\u00f5istekaart<\/a><br \/>\n* <a href=\"http:\/\/aianduskool.ee\/vrakendus\/oppematerjalid\/pusle\/\" target=\"_blank\" rel=\"noopener noreferrer\">pusle<\/a><br \/>\n* <a href=\"http:\/\/aianduskool.ee\/vrakendus\/oppematerjalid\/kusimustiku-loomise-vahendid\/\" target=\"_blank\" rel=\"noopener noreferrer\">test, k\u00fcsimustik (ka tagasiside loomise vahendid)<\/a><br \/>\n*\u00a0<a href=\"http:\/\/aianduskool.ee\/vrakendus\/oppematerjalid\/meeskondade-moodustamise-vahendid\/\" target=\"_blank\" rel=\"noopener noreferrer\">meeskonna loomine<\/a><br \/>\n* <a href=\"http:\/\/aianduskool.ee\/vrakendus\/oppematerjalid\/ajatelg\/\">ajatelg<\/a><br \/>\n* m\u00e4ng<br \/>\n2. Esitlusvahendid<br \/>\n* <a href=\"http:\/\/aianduskool.ee\/vrakendus\/oppematerjalid\/slaidiesitluse-loomise-vahendid\/\" target=\"_blank\" rel=\"noopener noreferrer\">slaidiesitlus<\/a><br \/>\n* <a href=\"http:\/\/aianduskool.ee\/vrakendus\/oppematerjalid\/postri-plakati-flaieri-ja-muu-infograafika-loomise-vahendid\/\" target=\"_blank\" rel=\"noopener noreferrer\">poster, plakat, flaier<\/a><br \/>\n* <a href=\"http:\/\/aianduskool.ee\/vrakendus\/oppematerjalid\/postri-plakati-flaieri-ja-muu-infograafika-loomise-vahendid\/\">fotokollaa\u017e<\/a><br \/>\n* <a href=\"http:\/\/aianduskool.ee\/vrakendus\/oppematerjalid\/kodulehe-loomise-vahendid\/\" target=\"_blank\" rel=\"noopener noreferrer\">veebileht, koduleht<\/a><br \/>\n3.\u00a0<a href=\"http:\/\/aianduskool.ee\/vrakendus\/oppematerjalid\/autorioigus-ja-creative-commons-litsentsid\/\" target=\"_blank\" rel=\"noopener noreferrer\">Autori\u00f5igus ja CC litsentsid<\/a><br \/>\n4. Loodushariduslikud veebikeskkonnad<\/p>\n","protected":false},"excerpt":{"rendered":"<p>Teemad 1.\u00a0Aktiiv\u00f5pet ja koost\u00f6\u00f6d soodustavad vahendid * veebitahvel * QR-kood * t\u00f6\u00f6leht * ideekaart, m\u00f5istekaart * pusle * test, k\u00fcsimustik (ka tagasiside loomise vahendid) *\u00a0meeskonna loomine * ajatelg * m\u00e4ng 2. Esitlusvahendid * slaidiesitlus * poster, plakat, flaier * fotokollaa\u017e * veebileht, koduleht 3.\u00a0Autori\u00f5igus ja CC litsentsid 4. Loodushariduslikud veebikeskkonnad<\/p>\n","protected":false},"author":2,"featured_media":0,"parent":0,"menu_order":0,"comment_status":"closed","ping_status":"closed","template":"","meta":{"footnotes":""},"class_list":["post-11","page","type-page","status-publish","hentry"],"_links":{"self":[{"href":"https:\/\/aianduskool.ee\/vrakendus\/wp-json\/wp\/v2\/pages\/11","targetHints":{"allow":["GET"]}}],"collection":[{"href":"https:\/\/aianduskool.ee\/vrakendus\/wp-json\/wp\/v2\/pages"}],"about":[{"href":"https:\/\/aianduskool.ee\/vrakendus\/wp-json\/wp\/v2\/types\/page"}],"author":[{"embeddable":true,"href":"https:\/\/aianduskool.ee\/vrakendus\/wp-json\/wp\/v2\/users\/2"}],"replies":[{"embeddable":true,"href":"https:\/\/aianduskool.ee\/vrakendus\/wp-json\/wp\/v2\/comments?post=11"}],"version-history":[{"count":5,"href":"https:\/\/aianduskool.ee\/vrakendus\/wp-json\/wp\/v2\/pages\/11\/revisions"}],"predecessor-version":[{"id":620,"href":"https:\/\/aianduskool.ee\/vrakendus\/wp-json\/wp\/v2\/pages\/11\/revisions\/620"}],"wp:attachment":[{"href":"https:\/\/aianduskool.ee\/vrakendus\/wp-json\/wp\/v2\/media?parent=11"}],"curies":[{"name":"wp","href":"https:\/\/api.w.org\/{rel}","templated":true}]}}