{"id":202,"date":"2018-01-21T13:17:47","date_gmt":"2018-01-21T11:17:47","guid":{"rendered":"http:\/\/aianduskool.ee\/vrakendus\/?page_id=202"},"modified":"2018-01-21T13:17:47","modified_gmt":"2018-01-21T11:17:47","slug":"toolehtede-loomise-vahendid","status":"publish","type":"page","link":"https:\/\/aianduskool.ee\/vrakendus\/oppematerjalid\/toolehtede-loomise-vahendid\/","title":{"rendered":"T\u00f6\u00f6lehtede loomise vahendid"},"content":{"rendered":"<p>T\u00f6\u00f6lehed on vahendid, mis aitavad infot s\u00fcstematiseerida, anal\u00fc\u00fcsida v\u00f5i ka n\u00e4iteks \u00f5ppida ja teadmisi kontrollida.<br \/>\nT\u00f6\u00f6lehtede loomiseks v\u00f5ib kasutada kontoritarkvara (MS Word, Excel vms). Veebis kasutamiseks on loodud mitmeid keskkondi, mis lihtsustavad\/ abistavad t\u00f6\u00f6lehtede loomist, andes ette p\u00f5hjad, genereerides rists\u00f5nad jms.<\/p>\n<p>J\u00e4rgneval veebitahvlil on \u00fcks valik t\u00f6\u00f6lehtede loomise vahenditest.<\/p>\n<div class=\"padlet-embed\" style=\"border: 1px solid rgba(0,0,0,0.1); border-radius: 2px; box-sizing: border-box; overflow: hidden; position: relative; width: 100%; background: #F4F4F4;\">\n<p style=\"padding: 0; margin: 0;\"><iframe loading=\"lazy\" style=\"width: 100%; height: 608px; display: block; padding: 0; margin: 0;\" src=\"https:\/\/padlet.com\/embed\/ha0w3bkxvxs2\" width=\"300\" height=\"150\" frameborder=\"0\"><\/iframe><\/p>\n<div style=\"padding: 8px; text-align: right; margin: 0;\"><a style=\"padding: 0; margin: 0; border: none; display: block; line-height: 1; height: 16px;\" href=\"https:\/\/padlet.com?ref=embed\" target=\"_blank\" rel=\"noopener\"><img loading=\"lazy\" decoding=\"async\" style=\"padding: 0; margin: 0; background: none; border: none; display: inline; box-shadow: none;\" src=\"https:\/\/resources.padletcdn.com\/assets\/made_with_padlet.png\" alt=\"Made with Padlet\" width=\"86\" height=\"16\" \/><\/a><\/div>\n<\/div>\n","protected":false},"excerpt":{"rendered":"<p>T\u00f6\u00f6lehed on vahendid, mis aitavad infot s\u00fcstematiseerida, anal\u00fc\u00fcsida v\u00f5i ka n\u00e4iteks \u00f5ppida ja teadmisi kontrollida. T\u00f6\u00f6lehtede loomiseks v\u00f5ib kasutada kontoritarkvara (MS Word, Excel vms). Veebis kasutamiseks on loodud mitmeid keskkondi, mis lihtsustavad\/ abistavad t\u00f6\u00f6lehtede loomist, andes ette p\u00f5hjad, genereerides rists\u00f5nad jms. J\u00e4rgneval veebitahvlil on \u00fcks valik t\u00f6\u00f6lehtede loomise vahenditest.<\/p>\n","protected":false},"author":2,"featured_media":0,"parent":11,"menu_order":0,"comment_status":"closed","ping_status":"closed","template":"","meta":{"footnotes":""},"class_list":["post-202","page","type-page","status-publish","hentry"],"_links":{"self":[{"href":"https:\/\/aianduskool.ee\/vrakendus\/wp-json\/wp\/v2\/pages\/202","targetHints":{"allow":["GET"]}}],"collection":[{"href":"https:\/\/aianduskool.ee\/vrakendus\/wp-json\/wp\/v2\/pages"}],"about":[{"href":"https:\/\/aianduskool.ee\/vrakendus\/wp-json\/wp\/v2\/types\/page"}],"author":[{"embeddable":true,"href":"https:\/\/aianduskool.ee\/vrakendus\/wp-json\/wp\/v2\/users\/2"}],"replies":[{"embeddable":true,"href":"https:\/\/aianduskool.ee\/vrakendus\/wp-json\/wp\/v2\/comments?post=202"}],"version-history":[{"count":2,"href":"https:\/\/aianduskool.ee\/vrakendus\/wp-json\/wp\/v2\/pages\/202\/revisions"}],"predecessor-version":[{"id":204,"href":"https:\/\/aianduskool.ee\/vrakendus\/wp-json\/wp\/v2\/pages\/202\/revisions\/204"}],"up":[{"embeddable":true,"href":"https:\/\/aianduskool.ee\/vrakendus\/wp-json\/wp\/v2\/pages\/11"}],"wp:attachment":[{"href":"https:\/\/aianduskool.ee\/vrakendus\/wp-json\/wp\/v2\/media?parent=202"}],"curies":[{"name":"wp","href":"https:\/\/api.w.org\/{rel}","templated":true}]}}