{"id":220,"date":"2018-02-04T14:59:47","date_gmt":"2018-02-04T12:59:47","guid":{"rendered":"http:\/\/aianduskool.ee\/vrakendus\/?page_id=220"},"modified":"2018-02-04T15:08:56","modified_gmt":"2018-02-04T13:08:56","slug":"pusle","status":"publish","type":"page","link":"https:\/\/aianduskool.ee\/vrakendus\/oppematerjalid\/pusle\/","title":{"rendered":"Pusle loomise vahend"},"content":{"rendered":"<p>Pusle\u00a0on tuntud ja kaasahaarav nn pildi kokkupanemise m\u00e4ng, kus kasutatakse erineva suuruse ja kujuga t\u00fckke. Keerukamad sisaldavad tuhandeid t\u00fckke, samuti v\u00f5imaldab pusle kokku panna m\u00f5ne 3D elemendi.<\/p>\n<p>Nutiseatmetes kasutamiseks pakutakse suurel hulgal rakendusi (\u00e4ppe), millede abil saab pilte kokku panna. Paraku on kokkupandavad pildid nendes rakendustes ette antud ning ise soovitud pilte juurde lisada ei saa.<\/p>\n<p>Puslede loomiseks enda valitud fotost rakendusi palju ei pakuta. \u00dcks h\u00e4sti lihtsalt kasutatav keskkond on <a href=\"https:\/\/www.jigsawplanet.com\" target=\"_blank\" rel=\"noopener\">Jigsaw Planet<\/a>. See keskkond v\u00f5imaldab ise piltm\u00f5istatusi luua, m\u00e4\u00e4rata t\u00fckkide arvu ja kuju. Loodud m\u00f5istatust saab jagada otse l\u00e4bi sotsiaalmeedia, e-posti, lingiga v\u00f5i ka embeedida. Puslede loomiseks ei pea kasutajakontot looma, mis on antud keskkonna \u00fcks suur pluss. Kasutajakonto olemasolul on v\u00f5imalik varem loodud puslede statistikat vaadata, samuti on kerge ligi p\u00e4\u00e4seda varem loodule. Kasutajakontota puslede loomisel sellist v\u00f5imalust ei ole.<\/p>\n<p>Videojuhend<br \/>\n<iframe loading=\"lazy\" src=\"https:\/\/www.youtube.com\/embed\/whayxvGN4yY?rel=0\" width=\"640\" height=\"360\" frameborder=\"0\" allowfullscreen=\"allowfullscreen\"><\/iframe><\/p>\n<p>&nbsp;<\/p>\n","protected":false},"excerpt":{"rendered":"<p>Pusle\u00a0on tuntud ja kaasahaarav nn pildi kokkupanemise m\u00e4ng, kus kasutatakse erineva suuruse ja kujuga t\u00fckke. Keerukamad sisaldavad tuhandeid t\u00fckke, samuti v\u00f5imaldab pusle kokku panna m\u00f5ne 3D elemendi. Nutiseatmetes kasutamiseks pakutakse suurel hulgal rakendusi (\u00e4ppe), millede abil saab pilte kokku panna. Paraku on kokkupandavad pildid nendes rakendustes ette antud ning ise soovitud pilte juurde lisada ei [&hellip;]<\/p>\n","protected":false},"author":2,"featured_media":0,"parent":11,"menu_order":0,"comment_status":"closed","ping_status":"closed","template":"","meta":{"footnotes":""},"class_list":["post-220","page","type-page","status-publish","hentry"],"_links":{"self":[{"href":"https:\/\/aianduskool.ee\/vrakendus\/wp-json\/wp\/v2\/pages\/220","targetHints":{"allow":["GET"]}}],"collection":[{"href":"https:\/\/aianduskool.ee\/vrakendus\/wp-json\/wp\/v2\/pages"}],"about":[{"href":"https:\/\/aianduskool.ee\/vrakendus\/wp-json\/wp\/v2\/types\/page"}],"author":[{"embeddable":true,"href":"https:\/\/aianduskool.ee\/vrakendus\/wp-json\/wp\/v2\/users\/2"}],"replies":[{"embeddable":true,"href":"https:\/\/aianduskool.ee\/vrakendus\/wp-json\/wp\/v2\/comments?post=220"}],"version-history":[{"count":5,"href":"https:\/\/aianduskool.ee\/vrakendus\/wp-json\/wp\/v2\/pages\/220\/revisions"}],"predecessor-version":[{"id":235,"href":"https:\/\/aianduskool.ee\/vrakendus\/wp-json\/wp\/v2\/pages\/220\/revisions\/235"}],"up":[{"embeddable":true,"href":"https:\/\/aianduskool.ee\/vrakendus\/wp-json\/wp\/v2\/pages\/11"}],"wp:attachment":[{"href":"https:\/\/aianduskool.ee\/vrakendus\/wp-json\/wp\/v2\/media?parent=220"}],"curies":[{"name":"wp","href":"https:\/\/api.w.org\/{rel}","templated":true}]}}