{"id":45,"date":"2017-09-09T22:05:40","date_gmt":"2017-09-09T19:05:40","guid":{"rendered":"http:\/\/aianduskool.ee\/vrakendus\/?page_id=45"},"modified":"2020-08-25T09:40:53","modified_gmt":"2020-08-25T06:40:53","slug":"inimesed","status":"publish","type":"page","link":"https:\/\/aianduskool.ee\/vrakendus\/inimesed\/","title":{"rendered":"Inimesed"},"content":{"rendered":"<h3>Kursuse \u00f5petaja: Katrin Uurman<\/h3>\n<p><strong>e-post: katrin.uurman@aianduskool.ee<\/strong><\/p>\n<h3>Veebirakendusi ja programme \u00f5pivad<\/h3>\n<p>KK18-52-M, KK19-52-K, KK19-52-M, KK20-52-K ja KK20-52-M kursuste \u00f5pilased.<\/p>\n","protected":false},"excerpt":{"rendered":"<p>Kursuse \u00f5petaja: Katrin Uurman e-post: katrin.uurman@aianduskool.ee Veebirakendusi ja programme \u00f5pivad KK18-52-M, KK19-52-K, KK19-52-M, KK20-52-K ja KK20-52-M kursuste \u00f5pilased.<\/p>\n","protected":false},"author":2,"featured_media":0,"parent":0,"menu_order":0,"comment_status":"closed","ping_status":"closed","template":"","meta":{"footnotes":""},"class_list":["post-45","page","type-page","status-publish","hentry"],"_links":{"self":[{"href":"https:\/\/aianduskool.ee\/vrakendus\/wp-json\/wp\/v2\/pages\/45","targetHints":{"allow":["GET"]}}],"collection":[{"href":"https:\/\/aianduskool.ee\/vrakendus\/wp-json\/wp\/v2\/pages"}],"about":[{"href":"https:\/\/aianduskool.ee\/vrakendus\/wp-json\/wp\/v2\/types\/page"}],"author":[{"embeddable":true,"href":"https:\/\/aianduskool.ee\/vrakendus\/wp-json\/wp\/v2\/users\/2"}],"replies":[{"embeddable":true,"href":"https:\/\/aianduskool.ee\/vrakendus\/wp-json\/wp\/v2\/comments?post=45"}],"version-history":[{"count":5,"href":"https:\/\/aianduskool.ee\/vrakendus\/wp-json\/wp\/v2\/pages\/45\/revisions"}],"predecessor-version":[{"id":634,"href":"https:\/\/aianduskool.ee\/vrakendus\/wp-json\/wp\/v2\/pages\/45\/revisions\/634"}],"wp:attachment":[{"href":"https:\/\/aianduskool.ee\/vrakendus\/wp-json\/wp\/v2\/media?parent=45"}],"curies":[{"name":"wp","href":"https:\/\/api.w.org\/{rel}","templated":true}]}}