{"id":499,"date":"2018-12-02T09:30:08","date_gmt":"2018-12-02T07:30:08","guid":{"rendered":"http:\/\/aianduskool.ee\/vrakendus\/?page_id=499"},"modified":"2019-01-02T10:49:16","modified_gmt":"2019-01-02T08:49:16","slug":"postri-plakati-flaieri-ja-muu-infograafika-loomise-vahendid","status":"publish","type":"page","link":"https:\/\/aianduskool.ee\/vrakendus\/oppematerjalid\/postri-plakati-flaieri-ja-muu-infograafika-loomise-vahendid\/","title":{"rendered":"Postri, plakati, flaieri ja muu infograafika ning fotokollaa\u017eide loomise vahendid"},"content":{"rendered":"<p>T\u00e4nap\u00e4eval on v\u00e4ga levinud info jagamine infograafika abil, mis on visuaalne, on kujundatud k\u00e4sitletavast teemast l\u00e4htuvalt ning sisaldab konkreetset infot. Info on edasi antud l\u00fchidalt.<\/p>\n<p>Infograafika koostamiseks on loodud terve hulk veebikeskkondi. Tihti sisaldavad nad ette kujundatud p\u00f5hju, mille endale sobivaks kohandamine on v\u00e4ga lihtne. Etteantud valikute hulk on v\u00e4ga suur &#8211; alustades teemast (loodus, haridus, ajajoon, kevadp\u00fchad, j\u00f5ulud jne) l\u00f5petades infograafika t\u00fc\u00fcbiga (poster, presentatsioon, tervituskaardid, sotsiaalmeedia kontode p\u00e4ised jne). Tihti v\u00f5imaldab sama vahend luua erit\u00fc\u00fcpi graafikat. M\u00f5ned keskkonnad v\u00f5imaldavad lisaks veel ka fotot\u00f6\u00f6tlust, sh fotokollaa\u017ee teha (n\u00e4iteks Befunky, Pizap, Fotor).\u00a0Loomulikult on v\u00f5imalik alustada ka t\u00e4iesti t\u00fchjalt lehelt ning kogu kujundus algusest l\u00f5puni ise teha.<\/p>\n<p>Keskkonnad fotokollaa\u017eide tegemiseks pakuvad mitmeid kujundusp\u00f5hju (fotode arv, kuju, paigutus kollaa\u017eil). Mitmed keskkonnad v\u00f5imaldavad teha fotot\u00f6\u00f6tlust, luua kollaa\u017ee ja infograafikat kasutajakontot loomata. Sellised keskkonnad on n\u00e4iteks <a href=\"https:\/\/www.befunky.com\">Befunky<\/a> ja <a href=\"https:\/\/www.pizap.com\">Pizap<\/a>.<\/p>\n<p>J\u00e4rgneval interaktiivsel postril on v\u00e4lja toodud 10 erinevat vahendit infograafika koostamiseks. Klikates numbril, avaneb dialoogiaken, kust leiate otselingi nimetatud keskkonnale. Olgu siinkohal ka \u00e4ra mainitud, et see poster on tehtud keskkonnas Genially.<\/p>\n<div style=\"width: 100%;\">\n<div style=\"position: relative; padding-bottom: 59.38%; padding-top: 0; height: 0;\"><iframe loading=\"lazy\" style=\"position: absolute; top: 0; left: 0; width: 100%; height: 100%;\" src=\"https:\/\/view.genial.ly\/593830808f76c020f08303c1\" width=\"1600px\" height=\"950px\" frameborder=\"0\" scrolling=\"yes\" allowfullscreen=\"allowfullscreen\"><\/iframe><\/div>\n<\/div>\n<p>Juhendid:<br \/>\nCanva <a href=\"https:\/\/www.youtube.com\/watch?v=aulICjPU5k8&amp;frags=pl%2Cwn\" target=\"_blank\" rel=\"noopener\">videojuhend<\/a><br \/>\nGenially <a href=\"https:\/\/aianduskool-my.sharepoint.com\/:b:\/g\/personal\/katrin_uurman_aianduskool_ee\/EfgogXNZZwVCuvQNG0Bp5DoBF7IKE9zXs0dl6R-gfe7xLw?e=Pwo8i6\" target=\"_blank\" rel=\"noopener\">juhend<\/a><br \/>\nPostermywall <a href=\"https:\/\/www.youtube.com\/watch?v=NsNLltTrMDY&amp;frags=pl%2Cwn\" target=\"_blank\" rel=\"noopener\">videojuhend<\/a><br \/>\nBefunky <a href=\"https:\/\/www.youtube.com\/watch?v=5TGe_rNW290&amp;frags=pl%2Cwn\" target=\"_blank\" rel=\"noopener\">videojuhend<\/a><br \/>\nSmore <a href=\"https:\/\/www.slideshare.net\/triinupaasik\/smore-tutvustusjuhend\" target=\"_blank\" rel=\"noopener\">juhend<\/a><br \/>\nPiktochart <a href=\"https:\/\/create.piktochart.com\/output\/13528552-piktochart-juhend\" target=\"_blank\" rel=\"noopener\">juhend<\/a><br \/>\nVisme <a href=\"https:\/\/www.youtube.com\/channel\/UC2isRzoZisjBS6PaGWTDV0Q\" target=\"_blank\" rel=\"noopener\">videojuhendid<\/a><br \/>\nEaselly <a href=\"https:\/\/www.youtube.com\/channel\/UC8yC7RlJsYxE0UX32y1X1-w\" target=\"_blank\" rel=\"noopener\">videojuhendid<\/a><\/p>\n","protected":false},"excerpt":{"rendered":"<p>T\u00e4nap\u00e4eval on v\u00e4ga levinud info jagamine infograafika abil, mis on visuaalne, on kujundatud k\u00e4sitletavast teemast l\u00e4htuvalt ning sisaldab konkreetset infot. Info on edasi antud l\u00fchidalt. Infograafika koostamiseks on loodud terve hulk veebikeskkondi. Tihti sisaldavad nad ette kujundatud p\u00f5hju, mille endale sobivaks kohandamine on v\u00e4ga lihtne. Etteantud valikute hulk on v\u00e4ga suur &#8211; alustades teemast (loodus, [&hellip;]<\/p>\n","protected":false},"author":2,"featured_media":0,"parent":11,"menu_order":0,"comment_status":"closed","ping_status":"closed","template":"","meta":{"footnotes":""},"class_list":["post-499","page","type-page","status-publish","hentry"],"_links":{"self":[{"href":"https:\/\/aianduskool.ee\/vrakendus\/wp-json\/wp\/v2\/pages\/499","targetHints":{"allow":["GET"]}}],"collection":[{"href":"https:\/\/aianduskool.ee\/vrakendus\/wp-json\/wp\/v2\/pages"}],"about":[{"href":"https:\/\/aianduskool.ee\/vrakendus\/wp-json\/wp\/v2\/types\/page"}],"author":[{"embeddable":true,"href":"https:\/\/aianduskool.ee\/vrakendus\/wp-json\/wp\/v2\/users\/2"}],"replies":[{"embeddable":true,"href":"https:\/\/aianduskool.ee\/vrakendus\/wp-json\/wp\/v2\/comments?post=499"}],"version-history":[{"count":4,"href":"https:\/\/aianduskool.ee\/vrakendus\/wp-json\/wp\/v2\/pages\/499\/revisions"}],"predecessor-version":[{"id":552,"href":"https:\/\/aianduskool.ee\/vrakendus\/wp-json\/wp\/v2\/pages\/499\/revisions\/552"}],"up":[{"embeddable":true,"href":"https:\/\/aianduskool.ee\/vrakendus\/wp-json\/wp\/v2\/pages\/11"}],"wp:attachment":[{"href":"https:\/\/aianduskool.ee\/vrakendus\/wp-json\/wp\/v2\/media?parent=499"}],"curies":[{"name":"wp","href":"https:\/\/api.w.org\/{rel}","templated":true}]}}