{"id":88,"date":"2017-11-10T19:07:32","date_gmt":"2017-11-10T17:07:32","guid":{"rendered":"http:\/\/aianduskool.ee\/vrakendus\/?page_id=88"},"modified":"2017-11-10T19:28:00","modified_gmt":"2017-11-10T17:28:00","slug":"veebitahvel","status":"publish","type":"page","link":"https:\/\/aianduskool.ee\/vrakendus\/oppematerjalid\/veebitahvel\/","title":{"rendered":"Veebitahvel"},"content":{"rendered":"<p>Veebitahvel sobib paljudelt inimestelt info saamiseks, samuti info andmiseks, erinevate materjalide jagamiseks ja koost\u00f6\u00f6ks.<\/p>\n<p>Veebitahvlite keskkondi on mitmeid. Enamkasutatav on Padlet (URL: <a href=\"https:\/\/padlet.com\/\" target=\"_blank\" rel=\"noopener\">padlet.com<\/a>).\u00a0\u00dchte valikut veebitahvlitest leiad j\u00e4rgnevalt Padlet&#8217;i tahvilt, mis on sellele lehele embeeditud (lisatud embed koodiga).\u00a0See veebitahvel on loodud Tartu Kutsehariduskeskuse ja R\u00e4pina Aianduskooli haridustehnoloogide (Anne Krull ja Katrin Uurman) koost\u00f6\u00f6s.<\/p>\n<div class=\"padlet-embed\" style=\"border: 1px solid rgba(0,0,0,0.1); border-radius: 2px; box-sizing: border-box; overflow: hidden; position: relative; width: 100%; background: #F4F4F4;\">\n<p style=\"padding: 0; margin: 0;\"><iframe loading=\"lazy\" style=\"width: 100%; height: 608px; display: block; padding: 0; margin: 0;\" src=\"https:\/\/padlet.com\/embed\/asunwvzrd33d\" width=\"300\" height=\"150\" frameborder=\"0\"><\/iframe><\/p>\n<div style=\"padding: 8px; text-align: right; margin: 0;\"><a style=\"padding: 0; margin: 0; border: none; display: block; line-height: 1; height: 16px;\" href=\"https:\/\/padlet.com?ref=embed\" target=\"_blank\" rel=\"noopener\"><img loading=\"lazy\" decoding=\"async\" style=\"padding: 0; margin: 0; background: none; border: none; display: inline; box-shadow: none;\" src=\"https:\/\/resources.padletcdn.com\/assets\/made_with_padlet.png\" alt=\"Made with Padlet\" width=\"86\" height=\"16\" \/><\/a><\/div>\n<\/div>\n<p>Padleti kasutamise juhendeid:<\/p>\n<ul>\n<li><a href=\"http:\/\/aianduskool.ee\/vrakendus\/wp-content\/uploads\/2017\/11\/padlet_juhend.pdf\">juhend<\/a> (autor: Katrin Uurman)<\/li>\n<li><a href=\"https:\/\/www.youtube.com\/watch?v=O4qfZuPQ00w\" target=\"_blank\" rel=\"noopener\">\u00fcks videojuhend<\/a> (inglise keeles)<\/li>\n<\/ul>\n","protected":false},"excerpt":{"rendered":"<p>Veebitahvel sobib paljudelt inimestelt info saamiseks, samuti info andmiseks, erinevate materjalide jagamiseks ja koost\u00f6\u00f6ks. Veebitahvlite keskkondi on mitmeid. Enamkasutatav on Padlet (URL: padlet.com).\u00a0\u00dchte valikut veebitahvlitest leiad j\u00e4rgnevalt Padlet&#8217;i tahvilt, mis on sellele lehele embeeditud (lisatud embed koodiga).\u00a0See veebitahvel on loodud Tartu Kutsehariduskeskuse ja R\u00e4pina Aianduskooli haridustehnoloogide (Anne Krull ja Katrin Uurman) koost\u00f6\u00f6s. Padleti kasutamise juhendeid: [&hellip;]<\/p>\n","protected":false},"author":2,"featured_media":0,"parent":11,"menu_order":0,"comment_status":"closed","ping_status":"closed","template":"","meta":{"footnotes":""},"class_list":["post-88","page","type-page","status-publish","hentry"],"_links":{"self":[{"href":"https:\/\/aianduskool.ee\/vrakendus\/wp-json\/wp\/v2\/pages\/88","targetHints":{"allow":["GET"]}}],"collection":[{"href":"https:\/\/aianduskool.ee\/vrakendus\/wp-json\/wp\/v2\/pages"}],"about":[{"href":"https:\/\/aianduskool.ee\/vrakendus\/wp-json\/wp\/v2\/types\/page"}],"author":[{"embeddable":true,"href":"https:\/\/aianduskool.ee\/vrakendus\/wp-json\/wp\/v2\/users\/2"}],"replies":[{"embeddable":true,"href":"https:\/\/aianduskool.ee\/vrakendus\/wp-json\/wp\/v2\/comments?post=88"}],"version-history":[{"count":1,"href":"https:\/\/aianduskool.ee\/vrakendus\/wp-json\/wp\/v2\/pages\/88\/revisions"}],"predecessor-version":[{"id":90,"href":"https:\/\/aianduskool.ee\/vrakendus\/wp-json\/wp\/v2\/pages\/88\/revisions\/90"}],"up":[{"embeddable":true,"href":"https:\/\/aianduskool.ee\/vrakendus\/wp-json\/wp\/v2\/pages\/11"}],"wp:attachment":[{"href":"https:\/\/aianduskool.ee\/vrakendus\/wp-json\/wp\/v2\/media?parent=88"}],"curies":[{"name":"wp","href":"https:\/\/api.w.org\/{rel}","templated":true}]}}